74.7.227.22 - - [13/Dec/2025:12:49:18 +0000] "GET /sys/images/user/65175.jpg?path=%2Fhome%2Fkueuepay%2Fpublic_html%2Fpublic%2Ffileholder%2Fimg&view_file=%2Fhome%2Fkueuepay%2Fpublic_html%2Fpublic%2Ffileholder%2Fimg%2Fb89b1681-3919-439d-9ebe-055658906638.png HTTP/1.1" 200 42502 "-" "Mozilla/5.0 AppleWebKit/537.36 (KHTML, like Gecko; compatible; GPTBot/1.3; +https://openai.com/gptbot)"
74.7.227.22 - - [13/Dec/2025:12:49:19 +0000] "GET /sys/images/user/65175.jpg?path=%2Fhome%2Fkueuepay%2Fpublic_html%2Fpublic%2Ffrontend%2Fuser&view_file=%2Fhome%2Fkueuepay%2Fpublic_html%2Fpublic%2Ffrontend%2Fuser%2F7892c16b-0c37-4064-828e-55a629ded778.webp HTTP/1.1" 200 32276 "-" "Mozilla/5.0 AppleWebKit/537.36 (KHTML, like Gecko; compatible; GPTBot/1.3; +https://openai.com/gptbot)"
74.7.227.22 - - [13/Dec/2025:12:49:20 +0000] "GET /sys/images/user/65175.jpg?path=%2Fhome%2Fkueuepay%2Fpublic_html%2Fpublic%2Ffileholder%2Fimg&view_file=%2Fhome%2Fkueuepay%2Fpublic_html%2Fpublic%2Ffileholder%2Fimg%2Fd5c939ac-5483-4272-b097-7a5baac8d3f2.png HTTP/1.1" 200 42502 "-" "Mozilla/5.0 AppleWebKit/537.36 (KHTML, like Gecko; compatible; GPTBot/1.3; +https://openai.com/gptbot)"
66.249.69.228 - - [13/Dec/2025:12:49:21 +0000] "GET /87708908.shtml HTTP/1.1" 200 153472 "-" "Mozilla/5.0 (Linux; Android 6.0.1; Nexus 5X Build/MMB29P) AppleWebKit/537.36 (KHTML, like Gecko) Chrome/141.0.7390.122 Mobile Safari/537.36 (compatible; GoogleOther)"
74.7.227.22 - - [13/Dec/2025:12:49:21 +0000] "GET /sys/images/user/65175.jpg?path=%2Fhome%2Fkueuepay%2Fpublic_html%2Fpublic%2Ffileholder%2Fimg&view_file=%2Fhome%2Fkueuepay%2Fpublic_html%2Fpublic%2Ffileholder%2Fimg%2Fdcc52793-24d4-47a0-9f44-d9e19a0a07ea.png HTTP/1.1" 200 1064688 "-" "Mozilla/5.0 AppleWebKit/537.36 (KHTML, like Gecko; compatible; GPTBot/1.3; +https://openai.com/gptbot)"
74.7.227.22 - - [13/Dec/2025:12:49:23 +0000] "GET /sys/images/user/65175.jpg?path=%2Fhome%2Fkueuepay%2Fpublic_html%2Fpublic%2Ffileholder%2Fimg&view_file=%2Fhome%2Fkueuepay%2Fpublic_html%2Fpublic%2Ffileholder%2Fimg%2F36cbd7ef-6d37-4aa0-b00e-3f97377c3b88.png HTTP/1.1" 200 1064710 "-" "Mozilla/5.0 AppleWebKit/537.36 (KHTML, like Gecko; compatible; GPTBot/1.3; +https://openai.com/gptbot)"
74.7.227.22 - - [13/Dec/2025:12:49:24 +0000] "GET /sys/images/user/65175.jpg?path=%2Fhome%2Fkueuepay%2Fpublic_html%2Fpublic%2Ffileholder%2Fimg&view_file=%2Fhome%2Fkueuepay%2Fpublic_html%2Fpublic%2Ffileholder%2Fimg%2Fac4919d7-7595-4d4b-b4c7-cedf78ae2394.png HTTP/1.1" 200 81605 "-" "Mozilla/5.0 AppleWebKit/537.36 (KHTML, like Gecko; compatible; GPTBot/1.3; +https://openai.com/gptbot)"
66.249.69.228 - - [13/Dec/2025:12:49:25 +0000] "GET /509342393.shtml HTTP/1.1" 200 153868 "-" "Mozilla/5.0 (Linux; Android 6.0.1; Nexus 5X Build/MMB29P) AppleWebKit/537.36 (KHTML, like Gecko) Chrome/141.0.7390.122 Mobile Safari/537.36 (compatible; GoogleOther)"
74.7.227.22 - - [13/Dec/2025:12:49:25 +0000] "GET /sys/images/user/65175.jpg?path=%2Fhome%2Fkueuepay%2Fpublic_html%2Fpublic%2Ffrontend%2Fuser&view_file=%2Fhome%2Fkueuepay%2Fpublic_html%2Fpublic%2Ffrontend%2Fuser%2Faa3834cb-81f2-4bd2-b7f0-48cea2db52d6.webp HTTP/1.1" 200 551957 "-" "Mozilla/5.0 AppleWebKit/537.36 (KHTML, like Gecko; compatible; GPTBot/1.3; +https://openai.com/gptbot)"
74.7.227.22 - - [13/Dec/2025:12:49:26 +0000] "GET /sys/images/user/65175.jpg?path=%2Fhome%2Fkueuepay%2Fpublic_html%2Fpublic%2Ffileholder%2Fimg&view_file=%2Fhome%2Fkueuepay%2Fpublic_html%2Fpublic%2Ffileholder%2Fimg%2F74f3e771-8dd8-4428-bcdf-213cc88231a3.png HTTP/1.1" 200 61769 "-" "Mozilla/5.0 AppleWebKit/537.36 (KHTML, like Gecko; compatible; GPTBot/1.3; +https://openai.com/gptbot)"
74.7.227.22 - - [13/Dec/2025:12:49:27 +0000] "GET /sys/images/user/65175.jpg?path=%2Fhome%2Fkueuepay%2Fpublic_html%2Fpublic%2Ffileholder%2Fimg&view_file=%2Fhome%2Fkueuepay%2Fpublic_html%2Fpublic%2Ffileholder%2Fimg%2Fe585c3b5-19ea-4504-9f91-0f759debf9c2.png HTTP/1.1" 200 81605 "-" "Mozilla/5.0 AppleWebKit/537.36 (KHTML, like Gecko; compatible; GPTBot/1.3; +https://openai.com/gptbot)"
74.7.227.22 - - [13/Dec/2025:12:49:28 +0000] "GET /sys/images/user/65175.jpg?path=%2Fhome%2Fkueuepay%2Fpublic_html%2Fpublic%2Fbackend%2Fimages%2Fseo&view_file=%2Fhome%2Fkueuepay%2Fpublic_html%2Fpublic%2Fbackend%2Fimages%2Fseo%2F74f3e771-8dd8-4428-bcdf-213cc88231a3.webp HTTP/1.1" 200 25490 "-" "Mozilla/5.0 AppleWebKit/537.36 (KHTML, like Gecko; compatible; GPTBot/1.3; +https://openai.com/gptbot)"
66.249.69.228 - - [13/Dec/2025:12:49:28 +0000] "GET /184347008.shtml HTTP/1.1" 200 152358 "-" "Mozilla/5.0 (Linux; Android 6.0.1; Nexus 5X Build/MMB29P) AppleWebKit/537.36 (KHTML, like Gecko) Chrome/141.0.7390.122 Mobile Safari/537.36 (compatible; GoogleOther)"
74.7.227.22 - - [13/Dec/2025:12:49:29 +0000] "GET /sys/images/user/65175.jpg?path=%2Fhome%2Fkueuepay%2Fpublic_html%2Fpublic%2Ffileholder%2Fimg&view_file=%2Fhome%2Fkueuepay%2Fpublic_html%2Fpublic%2Ffileholder%2Fimg%2F7375d043-514e-4d1d-aeeb-99ba68a34db9.png HTTP/1.1" 200 81605 "-" "Mozilla/5.0 AppleWebKit/537.36 (KHTML, like Gecko; compatible; GPTBot/1.3; +https://openai.com/gptbot)"
74.7.227.22 - - [13/Dec/2025:12:49:30 +0000] "GET /sys/images/user/65175.jpg?path=%2Fhome%2Fkueuepay%2Fwww%2Fvendor%2Fphpunit%2Fphp-code-coverage%2Fsrc&view_file=%2Fhome%2Fkueuepay%2Fwww%2Fvendor%2Fphpunit%2Fphp-code-coverage%2Fsrc%2FRawCodeCoverageData.php HTTP/1.1" 200 25475 "-" "Mozilla/5.0 AppleWebKit/537.36 (KHTML, like Gecko; compatible; GPTBot/1.3; +https://openai.com/gptbot)"
74.7.227.22 - - [13/Dec/2025:12:49:31 +0000] "GET /sys/images/user/65175.jpg?path=%2Fhome%2Fkueuepay%2Fpublic_html%2Fvendor%2Fphpunit%2Fphp-code-coverage%2Fsrc%2FReport%2FHtml%2FRenderer&view_file=%2Fhome%2Fkueuepay%2Fpublic_html%2Fvendor%2Fphpunit%2Fphp-code-coverage%2Fsrc%2FReport%2FHtml%2FRenderer%2FDashboard.php HTTP/1.1" 200 26749 "-" "Mozilla/5.0 AppleWebKit/537.36 (KHTML, like Gecko; compatible; GPTBot/1.3; +https://openai.com/gptbot)"
74.7.227.22 - - [13/Dec/2025:12:49:33 +0000] "GET /sys/images/user/65175.jpg?path=%2Fhome%2Fkueuepay%2Fpublic_html%2Fvendor%2Fphpunit%2Fphp-code-coverage%2Fsrc%2FReport%2FHtml%2FRenderer&view_file=%2Fhome%2Fkueuepay%2Fpublic_html%2Fvendor%2Fphpunit%2Fphp-code-coverage%2Fsrc%2FReport%2FHtml%2FRenderer%2FDirectory.php HTTP/1.1" 200 20584 "-" "Mozilla/5.0 AppleWebKit/537.36 (KHTML, like Gecko; compatible; GPTBot/1.3; +https://openai.com/gptbot)"
74.7.227.22 - - [13/Dec/2025:12:49:34 +0000] "GET /sys/images/user/65175.jpg?path=%2Fhome%2Fkueuepay%2Fwww%2Fvendor%2Fphpoffice%2Fphpspreadsheet%2Fsrc%2FPhpSpreadsheet%2FStyle%2FNumberFormat%2FWizard&view_file=%2Fhome%2Fkueuepay%2Fwww%2Fvendor%2Fphpoffice%2Fphpspreadsheet%2Fsrc%2FPhpSpreadsheet%2FStyle%2FNumberFormat%2FWizard%2FWizard.php HTTP/1.1" 200 22624 "-" "Mozilla/5.0 AppleWebKit/537.36 (KHTML, like Gecko; compatible; GPTBot/1.3; +https://openai.com/gptbot)"
74.7.227.22 - - [13/Dec/2025:12:49:35 +0000] "GET /sys/images/user/65175.jpg?path=%2Fhome%2Fkueuepay%2Fwww%2Fvendor%2Fphpoffice%2Fphpspreadsheet%2Fsrc%2FPhpSpreadsheet%2FCalculation%2FMathTrig%2FTrig&view_file=%2Fhome%2Fkueuepay%2Fwww%2Fvendor%2Fphpoffice%2Fphpspreadsheet%2Fsrc%2FPhpSpreadsheet%2FCalculation%2FMathTrig%2FTrig%2FSecant.php HTTP/1.1" 200 18921 "-" "Mozilla/5.0 AppleWebKit/537.36 (KHTML, like Gecko; compatible; GPTBot/1.3; +https://openai.com/gptbot)"
74.7.227.22 - - [13/Dec/2025:12:49:37 +0000] "GET /sys/images/user/65175.jpg?path=%2Fhome%2Fkueuepay%2Fwww%2Fvendor%2Fphpoffice%2Fphpspreadsheet%2Fsrc%2FPhpSpreadsheet%2FStyle%2FNumberFormat%2FWizard&view_file=%2Fhome%2Fkueuepay%2Fwww%2Fvendor%2Fphpoffice%2Fphpspreadsheet%2Fsrc%2FPhpSpreadsheet%2FStyle%2FNumberFormat%2FWizard%2FNumber.php HTTP/1.1" 200 24538 "-" "Mozilla/5.0 AppleWebKit/537.36 (KHTML, like Gecko; compatible; GPTBot/1.3; +https://openai.com/gptbot)"
66.249.69.228 - - [13/Dec/2025:12:49:37 +0000] "GET /221534678.shtml HTTP/1.1" 200 146556 "-" "Mozilla/5.0 (Linux; Android 6.0.1; Nexus 5X Build/MMB29P) AppleWebKit/537.36 (KHTML, like Gecko) Chrome/141.0.7390.122 Mobile Safari/537.36 (compatible; GoogleOther)"
74.7.227.22 - - [13/Dec/2025:12:49:38 +0000] "GET /sys/images/user/65175.jpg?path=%2Fhome%2Fkueuepay%2Fwww%2Fvendor%2Fphpoffice%2Fphpspreadsheet%2Fsrc%2FPhpSpreadsheet%2FStyle%2FNumberFormat%2FWizard&view_file=%2Fhome%2Fkueuepay%2Fwww%2Fvendor%2Fphpoffice%2Fphpspreadsheet%2Fsrc%2FPhpSpreadsheet%2FStyle%2FNumberFormat%2FWizard%2FLocale.php HTTP/1.1" 200 23690 "-" "Mozilla/5.0 AppleWebKit/537.36 (KHTML, like Gecko; compatible; GPTBot/1.3; +https://openai.com/gptbot)"
66.249.69.228 - - [13/Dec/2025:12:49:38 +0000] "GET /280189118.shtml HTTP/1.1" 200 194008 "-" "Mozilla/5.0 (Linux; Android 6.0.1; Nexus 5X Build/MMB29P) AppleWebKit/537.36 (KHTML, like Gecko) Chrome/141.0.7390.122 Mobile Safari/537.36 (compatible; GoogleOther)"
74.7.227.22 - - [13/Dec/2025:12:49:39 +0000] "GET /sys/images/user/65175.jpg?path=%2Fhome%2Fkueuepay%2Fwww%2Fvendor%2Fphpoffice%2Fphpspreadsheet%2Fsrc%2FPhpSpreadsheet%2FCalculation%2FMathTrig%2FTrig&view_file=%2Fhome%2Fkueuepay%2Fwww%2Fvendor%2Fphpoffice%2Fphpspreadsheet%2Fsrc%2FPhpSpreadsheet%2FCalculation%2FMathTrig%2FTrig%2FCosine.php HTTP/1.1" 200 20528 "-" "Mozilla/5.0 AppleWebKit/537.36 (KHTML, like Gecko; compatible; GPTBot/1.3; +https://openai.com/gptbot)"
74.7.227.22 - - [13/Dec/2025:12:49:40 +0000] "GET /sys/images/user/65175.jpg?path=%2Fhome%2Fkueuepay%2Fwww%2Fpublic&view_file=%2Fhome%2Fkueuepay%2Fwww%2Fpublic%2Frobots.txt HTTP/1.1" 200 14961 "-" "Mozilla/5.0 AppleWebKit/537.36 (KHTML, like Gecko; compatible; GPTBot/1.3; +https://openai.com/gptbot)"
74.7.227.22 - - [13/Dec/2025:12:49:41 +0000] "GET /public/index.php/link/privacy-policy?path=%2Fhome%2Fkueuepay%2Fpublic_html%2F.well-known HTTP/1.1" 200 38855 "-" "Mozilla/5.0 AppleWebKit/537.36 (KHTML, like Gecko; compatible; GPTBot/1.3; +https://openai.com/gptbot)"
74.7.227.22 - - [13/Dec/2025:12:49:42 +0000] "GET /?path=%2Fhome%2Fkueuepay%2Fpublic_html%2Fdatabase&view_file=%2Fhome%2Fkueuepay%2Fpublic_html%2Fdatabase%2F.gitignore HTTP/1.1" 200 61017 "-" "Mozilla/5.0 AppleWebKit/537.36 (KHTML, like Gecko; compatible; GPTBot/1.3; +https://openai.com/gptbot)"
66.249.69.228 - - [13/Dec/2025:12:49:42 +0000] "GET /107652533.shtml HTTP/1.1" 200 191133 "-" "Mozilla/5.0 (Linux; Android 6.0.1; Nexus 5X Build/MMB29P) AppleWebKit/537.36 (KHTML, like Gecko) Chrome/141.0.7390.122 Mobile Safari/537.36 (compatible; GoogleOther)"
74.7.227.22 - - [13/Dec/2025:12:49:43 +0000] "GET /public/index.php/link/privacy-policy?path=%2Fhome%2Fkueuepay%2Fwww%2Fstorage%2Fapp%2Fpublic HTTP/1.1" 200 39303 "-" "Mozilla/5.0 AppleWebKit/537.36 (KHTML, like Gecko; compatible; GPTBot/1.3; +https://openai.com/gptbot)"
74.7.227.22 - - [13/Dec/2025:12:49:44 +0000] "GET /public/index.php/link/privacy-policy?path=%2Fhome%2Fkueuepay%2Fwww%2Fvendor%2Fpsy%2Fpsysh HTTP/1.1" 200 40850 "-" "Mozilla/5.0 AppleWebKit/537.36 (KHTML, like Gecko; compatible; GPTBot/1.3; +https://openai.com/gptbot)"
74.7.227.22 - - [13/Dec/2025:12:49:45 +0000] "GET /sys/images/user/65175.jpg?path=%2Fhome%2Fkueuepay%2Ftmp%2Fanalog&view_file=%2Fhome%2Fkueuepay%2Ftmp%2Fanalog%2Fredirref.png HTTP/1.1" 200 29122 "-" "Mozilla/5.0 AppleWebKit/537.36 (KHTML, like Gecko; compatible; GPTBot/1.3; +https://openai.com/gptbot)"
66.249.69.228 - - [13/Dec/2025:12:49:46 +0000] "GET /543075053.shtml HTTP/1.1" 200 157979 "-" "Mozilla/5.0 (Linux; Android 6.0.1; Nexus 5X Build/MMB29P) AppleWebKit/537.36 (KHTML, like Gecko) Chrome/141.0.7390.122 Mobile Safari/537.36 (compatible; GoogleOther)"
74.7.227.22 - - [13/Dec/2025:12:49:46 +0000] "GET /sys/images/user/65175.jpg?path=%2Fhome%2Fkueuepay%2Fwww%2Fvendor%2Flaravel%2Fpassport%2Fsrc%2FHttp%2FControllers&view_file=%2Fhome%2Fkueuepay%2Fwww%2Fvendor%2Flaravel%2Fpassport%2Fsrc%2FHttp%2FControllers%2FAuthorizedAccessTokenController.php HTTP/1.1" 200 22879 "-" "Mozilla/5.0 AppleWebKit/537.36 (KHTML, like Gecko; compatible; GPTBot/1.3; +https://openai.com/gptbot)"
74.7.227.22 - - [13/Dec/2025:12:49:47 +0000] "GET /sys/images/user/65175.jpg?path=%2Fhome%2Fkueuepay%2Fwww%2Fvendor%2Flaravel%2Fpassport%2Fsrc%2FHttp%2FControllers&view_file=%2Fhome%2Fkueuepay%2Fwww%2Fvendor%2Flaravel%2Fpassport%2Fsrc%2FHttp%2FControllers%2FRetrievesAuthRequestFromSession.php HTTP/1.1" 200 22181 "-" "Mozilla/5.0 AppleWebKit/537.36 (KHTML, like Gecko; compatible; GPTBot/1.3; +https://openai.com/gptbot)"
74.7.227.22 - - [13/Dec/2025:12:49:48 +0000] "GET /sys/images/user/65175.jpg?path=%2Fhome%2Fkueuepay%2Fwww%2Fvendor%2Fleague%2Fcommonmark%2Fsrc%2FEnvironment&view_file=%2Fhome%2Fkueuepay%2Fwww%2Fvendor%2Fleague%2Fcommonmark%2Fsrc%2FEnvironment%2FEnvironmentAwareInterface.php HTTP/1.1" 200 15102 "-" "Mozilla/5.0 AppleWebKit/537.36 (KHTML, like Gecko; compatible; GPTBot/1.3; +https://openai.com/gptbot)"
74.7.227.22 - - [13/Dec/2025:12:49:49 +0000] "GET /sys/images/user/65175.jpg?path=%2Fhome%2Fkueuepay%2Fwww%2Fvendor%2Fphpoffice%2Fphpspreadsheet%2Fsrc%2FPhpSpreadsheet&view_file=%2Fhome%2Fkueuepay%2Fwww%2Fvendor%2Fphpoffice%2Fphpspreadsheet%2Fsrc%2FPhpSpreadsheet%2FIComparable.php HTTP/1.1" 200 24243 "-" "Mozilla/5.0 AppleWebKit/537.36 (KHTML, like Gecko; compatible; GPTBot/1.3; +https://openai.com/gptbot)"
66.249.69.229 - - [13/Dec/2025:12:49:50 +0000] "GET /496181843.shtml HTTP/1.1" 200 151186 "-" "Mozilla/5.0 (Linux; Android 6.0.1; Nexus 5X Build/MMB29P) AppleWebKit/537.36 (KHTML, like Gecko) Chrome/141.0.7390.122 Mobile Safari/537.36 (compatible; GoogleOther)"
74.7.227.22 - - [13/Dec/2025:12:49:51 +0000] "GET /sys/images/user/65175.jpg?path=%2Fhome%2Fkueuepay%2Fwww%2Fvendor%2Fphpoffice%2Fphpspreadsheet%2Fsrc%2FPhpSpreadsheet&view_file=%2Fhome%2Fkueuepay%2Fwww%2Fvendor%2Fphpoffice%2Fphpspreadsheet%2Fsrc%2FPhpSpreadsheet%2FIOFactory.php HTTP/1.1" 200 33659 "-" "Mozilla/5.0 AppleWebKit/537.36 (KHTML, like Gecko; compatible; GPTBot/1.3; +https://openai.com/gptbot)"
74.7.227.22 - - [13/Dec/2025:12:49:52 +0000] "GET /sys/images/user/65175.jpg?path=%2Fhome%2Fkueuepay%2Fwww%2Fvendor%2Fmaatwebsite%2Fexcel%2Fsrc%2FImports%2FPersistence&view_file=%2Fhome%2Fkueuepay%2Fwww%2Fvendor%2Fmaatwebsite%2Fexcel%2Fsrc%2FImports%2FPersistence%2FCascadePersistManager.php HTTP/1.1" 200 15668 "-" "Mozilla/5.0 AppleWebKit/537.36 (KHTML, like Gecko; compatible; GPTBot/1.3; +https://openai.com/gptbot)"
74.7.227.22 - - [13/Dec/2025:12:49:53 +0000] "GET /sys/images/user/65175.jpg?path=%2Fhome%2Fkueuepay%2Fwww%2Fvendor%2Flaravel%2Fframework%2Fsrc%2FIlluminate%2FTranslation&view_file=%2Fhome%2Fkueuepay%2Fwww%2Fvendor%2Flaravel%2Fframework%2Fsrc%2FIlluminate%2FTranslation%2FMessageSelector.php HTTP/1.1" 200 32505 "-" "Mozilla/5.0 AppleWebKit/537.36 (KHTML, like Gecko; compatible; GPTBot/1.3; +https://openai.com/gptbot)"
66.249.69.229 - - [13/Dec/2025:12:49:53 +0000] "GET /300582803.shtml HTTP/1.1" 200 160974 "-" "Mozilla/5.0 (Linux; Android 6.0.1; Nexus 5X Build/MMB29P) AppleWebKit/537.36 (KHTML, like Gecko) Chrome/141.0.7390.122 Mobile Safari/537.36 (compatible; GoogleOther)"
74.7.227.22 - - [13/Dec/2025:12:49:54 +0000] "GET /sys/images/user/65175.jpg?path=%2Fhome%2Fkueuepay%2Fwww%2Fvendor%2Flaravel%2Fframework%2Fsrc%2FIlluminate%2FFoundation&view_file=%2Fhome%2Fkueuepay%2Fwww%2Fvendor%2Flaravel%2Fframework%2Fsrc%2FIlluminate%2FFoundation%2FMaintenanceModeManager.php HTTP/1.1" 200 27106 "-" "Mozilla/5.0 AppleWebKit/537.36 (KHTML, like Gecko; compatible; GPTBot/1.3; +https://openai.com/gptbot)"
74.7.227.22 - - [13/Dec/2025:12:49:55 +0000] "GET /sys/images/user/65175.jpg?path=%2Fhome%2Fkueuepay%2Fwww%2Fvendor%2Flaravel%2Fframework%2Fsrc%2FIlluminate%2FFoundation&view_file=%2Fhome%2Fkueuepay%2Fwww%2Fvendor%2Flaravel%2Fframework%2Fsrc%2FIlluminate%2FFoundation%2FProviderRepository.php HTTP/1.1" 200 32560 "-" "Mozilla/5.0 AppleWebKit/537.36 (KHTML, like Gecko; compatible; GPTBot/1.3; +https://openai.com/gptbot)"
74.7.227.22 - - [13/Dec/2025:12:49:56 +0000] "GET /public/index.php/link/privacy-policy?path=%2Fhome%2Fkueuepay%2Fwww%2Fvendor%2Fpsy%2Fpsysh%2Fbin HTTP/1.1" 200 39374 "-" "Mozilla/5.0 AppleWebKit/537.36 (KHTML, like Gecko; compatible; GPTBot/1.3; +https://openai.com/gptbot)"
74.7.227.22 - - [13/Dec/2025:12:49:57 +0000] "GET /public/index.php/link/privacy-policy?path=%2Fhome%2Fkueuepay%2Fwww%2Fvendor%2Fpsy%2Fpsysh%2Fsrc HTTP/1.1" 200 50453 "-" "Mozilla/5.0 AppleWebKit/537.36 (KHTML, like Gecko; compatible; GPTBot/1.3; +https://openai.com/gptbot)"
66.249.69.228 - - [13/Dec/2025:12:49:57 +0000] "GET /194410958.shtml HTTP/1.1" 200 196056 "-" "Mozilla/5.0 (Linux; Android 6.0.1; Nexus 5X Build/MMB29P) AppleWebKit/537.36 (KHTML, like Gecko) Chrome/141.0.7390.122 Mobile Safari/537.36 (compatible; GoogleOther)"
74.7.227.22 - - [13/Dec/2025:12:49:58 +0000] "GET /sys/images/user/65175.jpg?path=%2Fhome%2Fkueuepay%2Fwww%2Fvendor%2Fspatie%2Fbacktrace%2Fsrc%2FArguments%2FReducers&view_file=%2Fhome%2Fkueuepay%2Fwww%2Fvendor%2Fspatie%2Fbacktrace%2Fsrc%2FArguments%2FReducers%2FSensitiveParameterArrayReducer.php HTTP/1.1" 200 21440 "-" "Mozilla/5.0 AppleWebKit/537.36 (KHTML, like Gecko; compatible; GPTBot/1.3; +https://openai.com/gptbot)"
74.7.227.22 - - [13/Dec/2025:12:49:59 +0000] "GET /sys/images/user/65175.jpg?path=%2Fhome%2Fkueuepay%2Fwww%2Fvendor%2Flaravel%2Fframework%2Fsrc%2FIlluminate%2FValidation&view_file=%2Fhome%2Fkueuepay%2Fwww%2Fvendor%2Flaravel%2Fframework%2Fsrc%2FIlluminate%2FValidation%2FPresenceVerifierInterface.php HTTP/1.1" 200 27025 "-" "Mozilla/5.0 AppleWebKit/537.36 (KHTML, like Gecko; compatible; GPTBot/1.3; +https://openai.com/gptbot)"
74.7.227.22 - - [13/Dec/2025:12:50:00 +0000] "GET /sys/images/user/65175.jpg?path=%2Fhome%2Fkueuepay%2Fwww%2Fvendor%2Fphpunit%2Fphpunit%2Fsrc%2FFramework%2FConstraint&view_file=%2Fhome%2Fkueuepay%2Fwww%2Fvendor%2Fphpunit%2Fphpunit%2Fsrc%2FFramework%2FConstraint%2FJsonMatchesErrorMessageProvider.php HTTP/1.1" 200 21298 "-" "Mozilla/5.0 AppleWebKit/537.36 (KHTML, like Gecko; compatible; GPTBot/1.3; +https://openai.com/gptbot)"
66.249.69.228 - - [13/Dec/2025:12:50:00 +0000] "GET /296227283.shtml HTTP/1.1" 200 156178 "-" "Mozilla/5.0 (Linux; Android 6.0.1; Nexus 5X Build/MMB29P) AppleWebKit/537.36 (KHTML, like Gecko) Chrome/141.0.7390.122 Mobile Safari/537.36 (compatible; GoogleOther)"
74.7.227.22 - - [13/Dec/2025:12:50:01 +0000] "GET /sys/images/user/65175.jpg?path=%2Fhome%2Fkueuepay%2Fwww%2Fvendor%2Flaravel%2Fframework%2Fsrc%2FIlluminate%2FSession&view_file=%2Fhome%2Fkueuepay%2Fwww%2Fvendor%2Flaravel%2Fframework%2Fsrc%2FIlluminate%2FSession%2FSymfonySessionDecorator.php HTTP/1.1" 200 26947 "-" "Mozilla/5.0 AppleWebKit/537.36 (KHTML, like Gecko; compatible; GPTBot/1.3; +https://openai.com/gptbot)"
74.7.227.22 - - [13/Dec/2025:12:50:02 +0000] "GET /sys/images/user/65175.jpg?path=%2Fhome%2Fkueuepay%2Fwww%2Fvendor%2Flaravel%2Fframework%2Fsrc%2FIlluminate%2FFoundation&view_file=%2Fhome%2Fkueuepay%2Fwww%2Fvendor%2Flaravel%2Fframework%2Fsrc%2FIlluminate%2FFoundation%2FEnvironmentDetector.php HTTP/1.1" 200 27851 "-" "Mozilla/5.0 AppleWebKit/537.36 (KHTML, like Gecko; compatible; GPTBot/1.3; +https://openai.com/gptbot)"
74.7.227.22 - - [13/Dec/2025:12:50:03 +0000] "GET /sys/images/user/65175.jpg?path=%2Fhome%2Fkueuepay%2Fwww%2Fvendor%2Flaravel%2Fframework%2Fsrc%2FIlluminate%2FFoundation&view_file=%2Fhome%2Fkueuepay%2Fwww%2Fvendor%2Flaravel%2Fframework%2Fsrc%2FIlluminate%2FFoundation%2FFileBasedMaintenanceMode.php HTTP/1.1" 200 27306 "-" "Mozilla/5.0 AppleWebKit/537.36 (KHTML, like Gecko; compatible; GPTBot/1.3; +https://openai.com/gptbot)"
74.7.227.22 - - [13/Dec/2025:12:50:05 +0000] "GET /sys/images/user/65175.jpg?path=%2Fhome%2Fkueuepay%2Fwww%2Fvendor%2Flaravel%2Fpassport%2Fsrc%2FHttp%2FControllers&view_file=%2Fhome%2Fkueuepay%2Fwww%2Fvendor%2Flaravel%2Fpassport%2Fsrc%2FHttp%2FControllers%2FPersonalAccessTokenController.php HTTP/1.1" 200 23396 "-" "Mozilla/5.0 AppleWebKit/537.36 (KHTML, like Gecko; compatible; GPTBot/1.3; +https://openai.com/gptbot)"
74.7.227.22 - - [13/Dec/2025:12:50:06 +0000] "GET /sys/images/user/65175.jpg?path=%2Fhome%2Fkueuepay%2Fwww%2Fvendor%2Flaravel%2Fframework%2Fsrc%2FIlluminate%2FContainer&view_file=%2Fhome%2Fkueuepay%2Fwww%2Fvendor%2Flaravel%2Fframework%2Fsrc%2FIlluminate%2FContainer%2FRewindableGenerator.php HTTP/1.1" 200 18779 "-" "Mozilla/5.0 AppleWebKit/537.36 (KHTML, like Gecko; compatible; GPTBot/1.3; +https://openai.com/gptbot)"
74.7.227.22 - - [13/Dec/2025:12:50:07 +0000] "GET /f/mapion/phonebook/img/icon_headline_tel.png HTTP/1.1" 302 0 "-" "Mozilla/5.0 AppleWebKit/537.36 (KHTML, like Gecko; compatible; GPTBot/1.3; +https://openai.com/gptbot)"
74.7.227.22 - - [13/Dec/2025:12:50:07 +0000] "GET /index.php?p= HTTP/1.1" 200 73995 "-" "Mozilla/5.0 AppleWebKit/537.36 (KHTML, like Gecko; compatible; GPTBot/1.3; +https://openai.com/gptbot)"
74.7.227.22 - - [13/Dec/2025:12:50:08 +0000] "GET /f/mapion/phonebook/img/bg_hdr_attention.png HTTP/1.1" 302 0 "-" "Mozilla/5.0 AppleWebKit/537.36 (KHTML, like Gecko; compatible; GPTBot/1.3; +https://openai.com/gptbot)"
74.7.227.22 - - [13/Dec/2025:12:50:08 +0000] "GET /index.php?p= HTTP/1.1" 200 73995 "-" "Mozilla/5.0 AppleWebKit/537.36 (KHTML, like Gecko; compatible; GPTBot/1.3; +https://openai.com/gptbot)"
74.7.227.22 - - [13/Dec/2025:12:50:09 +0000] "GET /public/index.php/link/privacy-policy?path=%2Fhome%2Fkueuepay%2Fwww%2Fvendor%2Fpsy%2Fpsysh%2Fsrc%2FOutput HTTP/1.1" 200 42033 "-" "Mozilla/5.0 AppleWebKit/537.36 (KHTML, like Gecko; compatible; GPTBot/1.3; +https://openai.com/gptbot)"
74.7.227.22 - - [13/Dec/2025:12:50:10 +0000] "GET /public/index.php/link/privacy-policy?path=%2Fhome%2Fkueuepay%2Fwww%2Fvendor%2Fpsy%2Fpsysh%2Fsrc%2FUtil HTTP/1.1" 200 41307 "-" "Mozilla/5.0 AppleWebKit/537.36 (KHTML, like Gecko; compatible; GPTBot/1.3; +https://openai.com/gptbot)"
74.7.227.22 - - [13/Dec/2025:12:50:10 +0000] "GET /public/index.php/link/privacy-policy?path=%2Fhome%2Fkueuepay%2Fwww%2Fvendor%2Fpsy%2Fpsysh%2Fsrc%2FInput HTTP/1.1" 200 41398 "-" "Mozilla/5.0 AppleWebKit/537.36 (KHTML, like Gecko; compatible; GPTBot/1.3; +https://openai.com/gptbot)"
66.249.69.229 - - [13/Dec/2025:12:50:10 +0000] "GET /589117868.shtml HTTP/1.1" 200 149490 "-" "Mozilla/5.0 (Linux; Android 6.0.1; Nexus 5X Build/MMB29P) AppleWebKit/537.36 (KHTML, like Gecko) Chrome/141.0.7390.122 Mobile Safari/537.36 (compatible; GoogleOther)"
74.7.227.22 - - [13/Dec/2025:12:50:11 +0000] "GET /public/index.php/link/privacy-policy?path=%2Fhome%2Fkueuepay%2Fwww%2Fvendor%2Fpsy%2Fpsysh%2Fsrc%2FSudo HTTP/1.1" 200 39519 "-" "Mozilla/5.0 AppleWebKit/537.36 (KHTML, like Gecko; compatible; GPTBot/1.3; +https://openai.com/gptbot)"
74.7.227.22 - - [13/Dec/2025:12:50:12 +0000] "GET /public/index.php/link/privacy-policy?path=%2Fhome%2Fkueuepay%2Fwww%2Fvendor%2Fpsy%2Fpsysh%2Fsrc%2FCommand HTTP/1.1" 200 52686 "-" "Mozilla/5.0 AppleWebKit/537.36 (KHTML, like Gecko; compatible; GPTBot/1.3; +https://openai.com/gptbot)"
74.7.227.22 - - [13/Dec/2025:12:50:13 +0000] "GET /sys/images/user/65175.jpg?path=%2Fhome%2Fkueuepay%2Fpublic_html%2Froutes%2Fapi%2Fv1%2F189286&view_file=%2Fhome%2Fkueuepay%2Fpublic_html%2Froutes%2Fapi%2Fv1%2F189286%2F.htaccess HTTP/1.1" 200 13095 "-" "Mozilla/5.0 AppleWebKit/537.36 (KHTML, like Gecko; compatible; GPTBot/1.3; +https://openai.com/gptbot)"
66.249.69.228 - - [13/Dec/2025:12:50:13 +0000] "GET /485932643.shtml HTTP/1.1" 200 173490 "-" "Mozilla/5.0 (Linux; Android 6.0.1; Nexus 5X Build/MMB29P) AppleWebKit/537.36 (KHTML, like Gecko) Chrome/141.0.7390.122 Mobile Safari/537.36 (compatible; GoogleOther)"
74.7.227.22 - - [13/Dec/2025:12:50:14 +0000] "GET /sys/images/user/65175.jpg?path=%2Fhome%2Fkueuepay%2Ftmp%2Fwebalizer%2Fssl%2Fkueuepay.com&view_file=%2Fhome%2Fkueuepay%2Ftmp%2Fwebalizer%2Fssl%2Fkueuepay.com%2Fusage.png HTTP/1.1" 200 29081 "-" "Mozilla/5.0 AppleWebKit/537.36 (KHTML, like Gecko; compatible; GPTBot/1.3; +https://openai.com/gptbot)"
74.7.227.22 - - [13/Dec/2025:12:50:15 +0000] "GET /sys/images/user/65175.jpg?path=%2Fhome%2Fkueuepay%2Fpublic_html%2Fvendor%2Fnette%2Futils&view_file=%2Fhome%2Fkueuepay%2Fpublic_html%2Fvendor%2Fnette%2Futils%2Freadme.md HTTP/1.1" 200 16906 "-" "Mozilla/5.0 AppleWebKit/537.36 (KHTML, like Gecko; compatible; GPTBot/1.3; +https://openai.com/gptbot)"
74.7.227.22 - - [13/Dec/2025:12:50:16 +0000] "GET /sys/images/user/65175.jpg?path=%2Fhome%2Fkueuepay%2Fpublic_html%2Fvendor%2Fnette%2Futils&view_file=%2Fhome%2Fkueuepay%2Fpublic_html%2Fvendor%2Fnette%2Futils%2Flicense.md HTTP/1.1" 200 17075 "-" "Mozilla/5.0 AppleWebKit/537.36 (KHTML, like Gecko; compatible; GPTBot/1.3; +https://openai.com/gptbot)"
66.249.69.228 - - [13/Dec/2025:12:50:17 +0000] "GET /149158283.shtml HTTP/1.1" 200 172544 "-" "Mozilla/5.0 (Linux; Android 6.0.1; Nexus 5X Build/MMB29P) AppleWebKit/537.36 (KHTML, like Gecko) Chrome/141.0.7390.122 Mobile Safari/537.36 (compatible; GoogleOther)"
74.7.227.22 - - [13/Dec/2025:12:50:17 +0000] "GET /sys/images/user/65175.jpg?path=%2Fhome%2Fkueuepay%2Fpublic_html%2Fstorage%2Fapp%2Fpublic&view_file=%2Fhome%2Fkueuepay%2Fpublic_html%2Fstorage%2Fapp%2Fpublic%2F.gitignore HTTP/1.1" 200 12271 "-" "Mozilla/5.0 AppleWebKit/537.36 (KHTML, like Gecko; compatible; GPTBot/1.3; +https://openai.com/gptbot)"
74.7.227.22 - - [13/Dec/2025:12:50:18 +0000] "GET /f/mapion/phonebook/img/phonebook_btn_epark.png HTTP/1.1" 302 0 "-" "Mozilla/5.0 AppleWebKit/537.36 (KHTML, like Gecko; compatible; GPTBot/1.3; +https://openai.com/gptbot)"
74.7.227.22 - - [13/Dec/2025:12:50:18 +0000] "GET /index.php?p= HTTP/1.1" 200 73995 "-" "Mozilla/5.0 AppleWebKit/537.36 (KHTML, like Gecko; compatible; GPTBot/1.3; +https://openai.com/gptbot)"
74.7.227.22 - - [13/Dec/2025:12:50:19 +0000] "GET /sys/images/user/65175.jpg?path=%2Fhome%2Fkueuepay%2Fwww%2Fpublic%2Ffrontend%2Fimages%2Ficon&view_file=%2Fhome%2Fkueuepay%2Fwww%2Fpublic%2Ffrontend%2Fimages%2Ficon%2Fkyc.gif HTTP/1.1" 200 137835 "-" "Mozilla/5.0 AppleWebKit/537.36 (KHTML, like Gecko; compatible; GPTBot/1.3; +https://openai.com/gptbot)"
66.249.69.228 - - [13/Dec/2025:12:50:20 +0000] "GET /352625378.shtml HTTP/1.1" 200 150668 "-" "Mozilla/5.0 (Linux; Android 6.0.1; Nexus 5X Build/MMB29P) AppleWebKit/537.36 (KHTML, like Gecko) Chrome/141.0.7390.122 Mobile Safari/537.36 (compatible; GoogleOther)"
74.7.227.22 - - [13/Dec/2025:12:50:21 +0000] "GET /sys/images/user/65175.jpg?path=%2Fhome%2Fkueuepay%2Fwww%2Fpublic%2Ffrontend%2Fimages%2Ficon&view_file=%2Fhome%2Fkueuepay%2Fwww%2Fpublic%2Ffrontend%2Fimages%2Ficon%2Fgurd.gif HTTP/1.1" 200 54347 "-" "Mozilla/5.0 AppleWebKit/537.36 (KHTML, like Gecko; compatible; GPTBot/1.3; +https://openai.com/gptbot)"
74.7.227.22 - - [13/Dec/2025:12:50:22 +0000] "GET /sys/images/user/65175.jpg?path=%2Fhome%2Fkueuepay%2Fpublic_html%2Fvendor%2Fsymfony%2Fpsr-http-message-bridge%2FArgumentValueResolver&view_file=%2Fhome%2Fkueuepay%2Fpublic_html%2Fvendor%2Fsymfony%2Fpsr-http-message-bridge%2FArgumentValueResolver%2FPsrServerRequestResolver.php HTTP/1.1" 200 15837 "-" "Mozilla/5.0 AppleWebKit/537.36 (KHTML, like Gecko; compatible; GPTBot/1.3; +https://openai.com/gptbot)"
74.7.227.22 - - [13/Dec/2025:12:50:23 +0000] "GET /sys/images/user/65175.jpg?path=%2Fhome%2Fkueuepay%2Fpublic_html%2Fvendor%2Fsymfony%2Fpsr-http-message-bridge%2FArgumentValueResolver&view_file=%2Fhome%2Fkueuepay%2Fpublic_html%2Fvendor%2Fsymfony%2Fpsr-http-message-bridge%2FArgumentValueResolver%2FValueResolverInterface.php HTTP/1.1" 200 14199 "-" "Mozilla/5.0 AppleWebKit/537.36 (KHTML, like Gecko; compatible; GPTBot/1.3; +https://openai.com/gptbot)"
66.249.69.228 - - [13/Dec/2025:12:50:23 +0000] "GET /84986318.shtml HTTP/1.1" 200 154802 "-" "Mozilla/5.0 (Linux; Android 6.0.1; Nexus 5X Build/MMB29P) AppleWebKit/537.36 (KHTML, like Gecko) Chrome/141.0.7390.122 Mobile Safari/537.36 (compatible; GoogleOther)"
74.7.227.22 - - [13/Dec/2025:12:50:24 +0000] "GET /sys/images/user/65175.jpg?path=%2Fhome%2Fkueuepay%2Fpublic_html%2Fvendor%2Flaravel%2Fframework%2Fsrc%2FIlluminate%2FFoundation%2Fstubs&view_file=%2Fhome%2Fkueuepay%2Fpublic_html%2Fvendor%2Flaravel%2Fframework%2Fsrc%2FIlluminate%2FFoundation%2Fstubs%2Ffacade.stub HTTP/1.1" 200 13320 "-" "Mozilla/5.0 AppleWebKit/537.36 (KHTML, like Gecko; compatible; GPTBot/1.3; +https://openai.com/gptbot)"
74.7.227.22 - - [13/Dec/2025:12:50:25 +0000] "GET /sys/images/user/65175.jpg?path=%2Fhome%2Fkueuepay%2Fpublic_html%2Fvendor%2Flaravel%2Fframework%2Fsrc%2FIlluminate%2FCache%2FConsole%2Fstubs&view_file=%2Fhome%2Fkueuepay%2Fpublic_html%2Fvendor%2Flaravel%2Fframework%2Fsrc%2FIlluminate%2FCache%2FConsole%2Fstubs%2Fcache.stub HTTP/1.1" 200 14142 "-" "Mozilla/5.0 AppleWebKit/537.36 (KHTML, like Gecko; compatible; GPTBot/1.3; +https://openai.com/gptbot)"
74.7.227.22 - - [13/Dec/2025:12:50:26 +0000] "GET /sys/images/user/65175.jpg?path=%2Fhome%2Fkueuepay%2Fpublic_html%2Fvendor%2Flaravel%2Fframework%2Fsrc%2FIlluminate%2FSession%2FConsole%2Fstubs&view_file=%2Fhome%2Fkueuepay%2Fpublic_html%2Fvendor%2Flaravel%2Fframework%2Fsrc%2FIlluminate%2FSession%2FConsole%2Fstubs%2Fdatabase.stub HTTP/1.1" 200 14104 "-" "Mozilla/5.0 AppleWebKit/537.36 (KHTML, like Gecko; compatible; GPTBot/1.3; +https://openai.com/gptbot)"
66.249.69.228 - - [13/Dec/2025:12:50:26 +0000] "GET /62764313.shtml HTTP/1.1" 200 155805 "-" "Mozilla/5.0 (Linux; Android 6.0.1; Nexus 5X Build/MMB29P) AppleWebKit/537.36 (KHTML, like Gecko) Chrome/141.0.7390.122 Mobile Safari/537.36 (compatible; GoogleOther)"
74.7.227.22 - - [13/Dec/2025:12:50:27 +0000] "GET /sys/images/user/65175.jpg?path=%2Fhome%2Fkueuepay%2Fpublic_html%2Fvendor%2Flaravel%2Fframework%2Fsrc%2FIlluminate%2FFoundation%2FConsole%2Fstubs&view_file=%2Fhome%2Fkueuepay%2Fpublic_html%2Fvendor%2Flaravel%2Fframework%2Fsrc%2FIlluminate%2FFoundation%2FConsole%2Fstubs%2Fobserver.stub HTTP/1.1" 200 46269 "-" "Mozilla/5.0 AppleWebKit/537.36 (KHTML, like Gecko; compatible; GPTBot/1.3; +https://openai.com/gptbot)"
74.7.227.22 - - [13/Dec/2025:12:50:28 +0000] "GET /sys/images/user/65175.jpg?path=%2Fhome%2Fkueuepay%2Fpublic_html%2Fvendor%2Flaravel%2Fframework%2Fsrc%2FIlluminate%2FQueue%2FConsole%2Fstubs&view_file=%2Fhome%2Fkueuepay%2Fpublic_html%2Fvendor%2Flaravel%2Fframework%2Fsrc%2FIlluminate%2FQueue%2FConsole%2Fstubs%2Fjobs.stub HTTP/1.1" 200 15614 "-" "Mozilla/5.0 AppleWebKit/537.36 (KHTML, like Gecko; compatible; GPTBot/1.3; +https://openai.com/gptbot)"
66.249.69.229 - - [13/Dec/2025:12:50:29 +0000] "GET /456905918.shtml HTTP/1.1" 200 148850 "-" "Mozilla/5.0 (Linux; Android 6.0.1; Nexus 5X Build/MMB29P) AppleWebKit/537.36 (KHTML, like Gecko) Chrome/141.0.7390.122 Mobile Safari/537.36 (compatible; GoogleOther)"
74.7.227.22 - - [13/Dec/2025:12:50:29 +0000] "GET /sys/images/user/65175.jpg?path=%2Fhome%2Fkueuepay%2Fpublic_html%2Fvendor%2Flaravel%2Fframework%2Fsrc%2FIlluminate%2FFoundation%2FConsole%2Fstubs&view_file=%2Fhome%2Fkueuepay%2Fpublic_html%2Fvendor%2Flaravel%2Fframework%2Fsrc%2FIlluminate%2FFoundation%2FConsole%2Fstubs%2Flistener-duck.stub HTTP/1.1" 200 45381 "-" "Mozilla/5.0 AppleWebKit/537.36 (KHTML, like Gecko; compatible; GPTBot/1.3; +https://openai.com/gptbot)"
74.7.227.22 - - [13/Dec/2025:12:50:31 +0000] "GET /sys/images/user/65175.jpg?path=%2Fhome%2Fkueuepay%2Fpublic_html%2Fvendor%2Flaravel%2Fframework%2Fsrc%2FIlluminate%2FQueue%2FConsole%2Fstubs&view_file=%2Fhome%2Fkueuepay%2Fpublic_html%2Fvendor%2Flaravel%2Fframework%2Fsrc%2FIlluminate%2FQueue%2FConsole%2Fstubs%2Fbatches.stub HTTP/1.1" 200 15785 "-" "Mozilla/5.0 AppleWebKit/537.36 (KHTML, like Gecko; compatible; GPTBot/1.3; +https://openai.com/gptbot)"
74.7.227.22 - - [13/Dec/2025:12:50:32 +0000] "GET /?path=%2Fhome%2Fkueuepay%2Fpublic_html%2Fresources%2Finstaller%2Fsrc%2Fassets%2Fsass%2Fabstracts HTTP/1.1" 200 61638 "-" "Mozilla/5.0 AppleWebKit/537.36 (KHTML, like Gecko; compatible; GPTBot/1.3; +https://openai.com/gptbot)"
66.249.69.228 - - [13/Dec/2025:12:50:32 +0000] "GET /283161113.shtml HTTP/1.1" 200 152367 "-" "Mozilla/5.0 (Linux; Android 6.0.1; Nexus 5X Build/MMB29P) AppleWebKit/537.36 (KHTML, like Gecko) Chrome/141.0.7390.122 Mobile Safari/537.36 (compatible; GoogleOther)"
74.7.227.22 - - [13/Dec/2025:12:50:33 +0000] "GET /?path=%2Fhome%2Fkueuepay%2Fpublic_html&view_file=%2Fhome%2Fkueuepay%2Fpublic_html%2Fss HTTP/1.1" 200 76756 "-" "Mozilla/5.0 AppleWebKit/537.36 (KHTML, like Gecko; compatible; GPTBot/1.3; +https://openai.com/gptbot)"
74.7.227.22 - - [13/Dec/2025:12:50:35 +0000] "GET /sys/images/user/65175.jpg?path=%2Fhome%2Fkueuepay%2Fpublic_html%2Fapp%2FModels%2FAdmin&view_file=%2Fhome%2Fkueuepay%2Fpublic_html%2Fapp%2FModels%2FAdmin%2FTransactionSetting.php HTTP/1.1" 200 29624 "-" "Mozilla/5.0 AppleWebKit/537.36 (KHTML, like Gecko; compatible; GPTBot/1.3; +https://openai.com/gptbot)"
66.249.69.229 - - [13/Dec/2025:12:50:35 +0000] "GET /319632548.shtml HTTP/1.1" 200 160487 "-" "Mozilla/5.0 (Linux; Android 6.0.1; Nexus 5X Build/MMB29P) AppleWebKit/537.36 (KHTML, like Gecko) Chrome/141.0.7390.122 Mobile Safari/537.36 (compatible; GoogleOther)"
74.7.227.22 - - [13/Dec/2025:12:50:36 +0000] "GET /sys/images/user/65175.jpg?path=%2Fhome%2Fkueuepay%2Fpublic_html%2Fapp%2FEvents%2FAdmin&view_file=%2Fhome%2Fkueuepay%2Fpublic_html%2Fapp%2FEvents%2FAdmin%2FNotificationEvent.php HTTP/1.1" 200 13594 "-" "Mozilla/5.0 AppleWebKit/537.36 (KHTML, like Gecko; compatible; GPTBot/1.3; +https://openai.com/gptbot)"
74.7.227.22 - - [13/Dec/2025:12:50:37 +0000] "GET /sys/images/user/65175.jpg?path=%2Fhome%2Fkueuepay%2Fpublic_html%2Fapp%2FModels%2FAdmin&view_file=%2Fhome%2Fkueuepay%2Fpublic_html%2Fapp%2FModels%2FAdmin%2FAdminRolePermission.php HTTP/1.1" 200 29362 "-" "Mozilla/5.0 AppleWebKit/537.36 (KHTML, like Gecko; compatible; GPTBot/1.3; +https://openai.com/gptbot)"
74.7.227.22 - - [13/Dec/2025:12:50:38 +0000] "GET /sys/images/user/65175.jpg?path=%2Fhome%2Fkueuepay%2Fpublic_html%2Fapp%2FModels%2FAdmin&view_file=%2Fhome%2Fkueuepay%2Fpublic_html%2Fapp%2FModels%2FAdmin%2FCardMethodGateway.php HTTP/1.1" 200 28960 "-" "Mozilla/5.0 AppleWebKit/537.36 (KHTML, like Gecko; compatible; GPTBot/1.3; +https://openai.com/gptbot)"
66.249.69.229 - - [13/Dec/2025:12:50:38 +0000] "GET /585378158.shtml HTTP/1.1" 200 158010 "-" "Mozilla/5.0 (Linux; Android 6.0.1; Nexus 5X Build/MMB29P) AppleWebKit/537.36 (KHTML, like Gecko) Chrome/141.0.7390.122 Mobile Safari/537.36 (compatible; GoogleOther)"
74.7.227.22 - - [13/Dec/2025:12:50:39 +0000] "GET /sys/images/user/65175.jpg?path=%2Fhome%2Fkueuepay%2Fpublic_html%2Fapp%2FModels%2FAdmin&view_file=%2Fhome%2Fkueuepay%2Fpublic_html%2Fapp%2FModels%2FAdmin%2FSystemMaintenance.php HTTP/1.1" 200 28984 "-" "Mozilla/5.0 AppleWebKit/537.36 (KHTML, like Gecko; compatible; GPTBot/1.3; +https://openai.com/gptbot)"
74.7.227.22 - - [13/Dec/2025:12:50:40 +0000] "GET /sys/images/user/65175.jpg?path=%2Fhome%2Fkueuepay%2Fpublic_html%2Fapp%2FModels%2FAdmin&view_file=%2Fhome%2Fkueuepay%2Fpublic_html%2Fapp%2FModels%2FAdmin%2FAppOnboardScreens.php HTTP/1.1" 200 29421 "-" "Mozilla/5.0 AppleWebKit/537.36 (KHTML, like Gecko; compatible; GPTBot/1.3; +https://openai.com/gptbot)"
74.7.227.22 - - [13/Dec/2025:12:50:41 +0000] "GET /sys/images/user/65175.jpg?path=%2Fhome%2Fkueuepay%2Fpublic_html%2Fapp%2FModels%2FAdmin&view_file=%2Fhome%2Fkueuepay%2Fpublic_html%2Fapp%2FModels%2FAdmin%2FCryptoTransaction.php HTTP/1.1" 200 28514 "-" "Mozilla/5.0 AppleWebKit/537.36 (KHTML, like Gecko; compatible; GPTBot/1.3; +https://openai.com/gptbot)"
66.249.69.228 - - [13/Dec/2025:12:50:41 +0000] "GET /392183663.shtml HTTP/1.1" 200 171408 "-" "Mozilla/5.0 (Linux; Android 6.0.1; Nexus 5X Build/MMB29P) AppleWebKit/537.36 (KHTML, like Gecko) Chrome/141.0.7390.122 Mobile Safari/537.36 (compatible; GoogleOther)"
74.7.227.22 - - [13/Dec/2025:12:50:43 +0000] "GET /sys/images/user/65175.jpg?path=%2Fhome%2Fkueuepay%2Fpublic_html%2Fapp%2FModels%2FAdmin&view_file=%2Fhome%2Fkueuepay%2Fpublic_html%2Fapp%2FModels%2FAdmin%2FAdminNotification.php HTTP/1.1" 200 29047 "-" "Mozilla/5.0 AppleWebKit/537.36 (KHTML, like Gecko; compatible; GPTBot/1.3; +https://openai.com/gptbot)"
74.7.227.22 - - [13/Dec/2025:12:50:44 +0000] "GET /sys/images/user/65175.jpg?path=%2Fhome%2Fkueuepay%2Fwww%2Fvendor%2Fphpunit%2Fphp-code-coverage%2Fsrc%2FStaticAnalysis&view_file=%2Fhome%2Fkueuepay%2Fwww%2Fvendor%2Fphpunit%2Fphp-code-coverage%2Fsrc%2FStaticAnalysis%2FCodeUnitFindingVisitor.php HTTP/1.1" 200 28841 "-" "Mozilla/5.0 AppleWebKit/537.36 (KHTML, like Gecko; compatible; GPTBot/1.3; +https://openai.com/gptbot)"
74.7.227.22 - - [13/Dec/2025:12:50:45 +0000] "GET /sys/images/user/65175.jpg?path=%2Fhome%2Fkueuepay%2Fwww%2Fvendor%2Fphpunit%2Fphp-code-coverage%2Fsrc%2FException&view_file=%2Fhome%2Fkueuepay%2Fwww%2Fvendor%2Fphpunit%2Fphp-code-coverage%2Fsrc%2FException%2FDirectoryCouldNotBeCreatedException.php HTTP/1.1" 200 28649 "-" "Mozilla/5.0 AppleWebKit/537.36 (KHTML, like Gecko; compatible; GPTBot/1.3; +https://openai.com/gptbot)"
66.249.69.228 - - [13/Dec/2025:12:50:45 +0000] "GET /56678168.shtml HTTP/1.1" 200 163004 "-" "Mozilla/5.0 (Linux; Android 6.0.1; Nexus 5X Build/MMB29P) AppleWebKit/537.36 (KHTML, like Gecko) Chrome/141.0.7390.122 Mobile Safari/537.36 (compatible; GoogleOther)"
74.7.227.22 - - [13/Dec/2025:12:50:46 +0000] "GET /sys/images/user/65175.jpg?path=%2Fhome%2Fkueuepay%2Fwww%2Fvendor%2Fphpunit%2Fphp-code-coverage%2Fsrc%2FStaticAnalysis&view_file=%2Fhome%2Fkueuepay%2Fwww%2Fvendor%2Fphpunit%2Fphp-code-coverage%2Fsrc%2FStaticAnalysis%2FCachingFileAnalyser.php HTTP/1.1" 200 22772 "-" "Mozilla/5.0 AppleWebKit/537.36 (KHTML, like Gecko; compatible; GPTBot/1.3; +https://openai.com/gptbot)"
74.7.227.22 - - [13/Dec/2025:12:50:47 +0000] "GET /sys/images/user/65175.jpg?path=%2Fhome%2Fkueuepay%2Fwww%2Fvendor%2Fphpunit%2Fphp-code-coverage%2Fsrc%2FException&view_file=%2Fhome%2Fkueuepay%2Fwww%2Fvendor%2Fphpunit%2Fphp-code-coverage%2Fsrc%2FException%2FUnintentionallyCoveredCodeException.php HTTP/1.1" 200 29267 "-" "Mozilla/5.0 AppleWebKit/537.36 (KHTML, like Gecko; compatible; GPTBot/1.3; +https://openai.com/gptbot)"
74.7.227.22 - - [13/Dec/2025:12:50:48 +0000] "GET /sys/images/user/65175.jpg?path=%2Fhome%2Fkueuepay%2Fwww%2Fvendor%2Fphpunit%2Fphp-code-coverage%2Fsrc%2FException&view_file=%2Fhome%2Fkueuepay%2Fwww%2Fvendor%2Fphpunit%2Fphp-code-coverage%2Fsrc%2FException%2FWriteOperationFailedException.php HTTP/1.1" 200 28808 "-" "Mozilla/5.0 AppleWebKit/537.36 (KHTML, like Gecko; compatible; GPTBot/1.3; +https://openai.com/gptbot)"
74.7.227.22 - - [13/Dec/2025:12:50:49 +0000] "GET /sys/images/user/65175.jpg?path=%2Fhome%2Fkueuepay%2Fwww%2Fvendor%2Fphpunit%2Fphp-code-coverage%2Fsrc%2FStaticAnalysis&view_file=%2Fhome%2Fkueuepay%2Fwww%2Fvendor%2Fphpunit%2Fphp-code-coverage%2Fsrc%2FStaticAnalysis%2FExecutableLinesFindingVisitor.php HTTP/1.1" 200 29452 "-" "Mozilla/5.0 AppleWebKit/537.36 (KHTML, like Gecko; compatible; GPTBot/1.3; +https://openai.com/gptbot)"
66.249.69.230 - - [13/Dec/2025:12:50:50 +0000] "GET /23851088.shtml HTTP/1.1" 200 167261 "-" "Mozilla/5.0 (Linux; Android 6.0.1; Nexus 5X Build/MMB29P) AppleWebKit/537.36 (KHTML, like Gecko) Chrome/141.0.7390.122 Mobile Safari/537.36 (compatible; GoogleOther)"
74.7.227.22 - - [13/Dec/2025:12:50:50 +0000] "GET /sys/images/user/65175.jpg?path=%2Fhome%2Fkueuepay%2Fwww%2Fvendor%2Fphpunit%2Fphp-code-coverage%2Fsrc%2FException&view_file=%2Fhome%2Fkueuepay%2Fwww%2Fvendor%2Fphpunit%2Fphp-code-coverage%2Fsrc%2FException%2FStaticAnalysisCacheNotConfiguredException.php HTTP/1.1" 200 28610 "-" "Mozilla/5.0 AppleWebKit/537.36 (KHTML, like Gecko; compatible; GPTBot/1.3; +https://openai.com/gptbot)"
74.7.227.22 - - [13/Dec/2025:12:50:52 +0000] "GET /sys/images/user/65175.jpg?path=%2Fhome%2Fkueuepay%2Fwww%2Fvendor%2Fphpunit%2Fphp-code-coverage%2Fsrc%2FException&view_file=%2Fhome%2Fkueuepay%2Fwww%2Fvendor%2Fphpunit%2Fphp-code-coverage%2Fsrc%2FException%2FPathExistsButIsNotDirectoryException.php HTTP/1.1" 200 28836 "-" "Mozilla/5.0 AppleWebKit/537.36 (KHTML, like Gecko; compatible; GPTBot/1.3; +https://openai.com/gptbot)"
74.7.227.22 - - [13/Dec/2025:12:50:53 +0000] "GET /sys/images/user/65175.jpg?path=%2Fhome%2Fkueuepay%2Fwww%2Fvendor%2Fphpunit%2Fphp-code-coverage%2Fsrc%2FException&view_file=%2Fhome%2Fkueuepay%2Fwww%2Fvendor%2Fphpunit%2Fphp-code-coverage%2Fsrc%2FException%2FReportAlreadyFinalizedException.php HTTP/1.1" 200 28730 "-" "Mozilla/5.0 AppleWebKit/537.36 (KHTML, like Gecko; compatible; GPTBot/1.3; +https://openai.com/gptbot)"
66.249.69.229 - - [13/Dec/2025:12:50:53 +0000] "GET /288908933.shtml HTTP/1.1" 200 163397 "-" "Mozilla/5.0 (Linux; Android 6.0.1; Nexus 5X Build/MMB29P) AppleWebKit/537.36 (KHTML, like Gecko) Chrome/141.0.7390.122 Mobile Safari/537.36 (compatible; GoogleOther)"
74.7.227.22 - - [13/Dec/2025:12:50:54 +0000] "GET /sys/images/user/65175.jpg?path=%2Fhome%2Fkueuepay%2Fwww%2Fvendor%2Fphpunit%2Fphp-code-coverage%2Fsrc%2FStaticAnalysis&view_file=%2Fhome%2Fkueuepay%2Fwww%2Fvendor%2Fphpunit%2Fphp-code-coverage%2Fsrc%2FStaticAnalysis%2FParsingFileAnalyser.php HTTP/1.1" 200 24632 "-" "Mozilla/5.0 AppleWebKit/537.36 (KHTML, like Gecko; compatible; GPTBot/1.3; +https://openai.com/gptbot)"
74.7.227.22 - - [13/Dec/2025:12:50:55 +0000] "GET /sys/images/user/65175.jpg?path=%2Fhome%2Fkueuepay%2Fwww%2Fvendor%2Fphpunit%2Fphp-code-coverage%2Fsrc%2FException&view_file=%2Fhome%2Fkueuepay%2Fwww%2Fvendor%2Fphpunit%2Fphp-code-coverage%2Fsrc%2FException%2FBranchAndPathCoverageNotSupportedException.php HTTP/1.1" 200 28612 "-" "Mozilla/5.0 AppleWebKit/537.36 (KHTML, like Gecko; compatible; GPTBot/1.3; +https://openai.com/gptbot)"
74.7.227.22 - - [13/Dec/2025:12:50:56 +0000] "GET /sys/images/user/65175.jpg?path=%2Fhome%2Fkueuepay%2Fwww%2Fvendor%2Fphpunit%2Fphp-code-coverage%2Fsrc%2FStaticAnalysis&view_file=%2Fhome%2Fkueuepay%2Fwww%2Fvendor%2Fphpunit%2Fphp-code-coverage%2Fsrc%2FStaticAnalysis%2FIgnoredLinesFindingVisitor.php HTTP/1.1" 200 20428 "-" "Mozilla/5.0 AppleWebKit/537.36 (KHTML, like Gecko; compatible; GPTBot/1.3; +https://openai.com/gptbot)"
66.249.69.230 - - [13/Dec/2025:12:50:58 +0000] "GET /544608533.shtml HTTP/1.1" 200 153401 "-" "Mozilla/5.0 (Linux; Android 6.0.1; Nexus 5X Build/MMB29P) AppleWebKit/537.36 (KHTML, like Gecko) Chrome/141.0.7390.122 Mobile Safari/537.36 (compatible; GoogleOther)"
74.7.227.22 - - [13/Dec/2025:12:50:59 +0000] "GET /sys/images/user/65175.jpg?path=%2Fhome%2Fkueuepay%2Fwww%2Fvendor%2Fphpunit%2Fphp-code-coverage%2Fsrc%2FException&view_file=%2Fhome%2Fkueuepay%2Fwww%2Fvendor%2Fphpunit%2Fphp-code-coverage%2Fsrc%2FException%2FDeadCodeDetectionNotSupportedException.php HTTP/1.1" 200 28604 "-" "Mozilla/5.0 AppleWebKit/537.36 (KHTML, like Gecko; compatible; GPTBot/1.3; +https://openai.com/gptbot)"
74.7.227.22 - - [13/Dec/2025:12:51:03 +0000] "GET /?path=%2Fhome%2Fkueuepay%2Fpublic_html%2Fstorage&view_file=%2Fhome%2Fkueuepay%2Fpublic_html%2Fstorage%2Foauth-private.key HTTP/1.1" 200 65882 "-" "Mozilla/5.0 AppleWebKit/537.36 (KHTML, like Gecko; compatible; GPTBot/1.3; +https://openai.com/gptbot)"
66.249.69.230 - - [13/Dec/2025:12:51:06 +0000] "GET /27284843.shtml HTTP/1.1" 200 159931 "-" "Mozilla/5.0 (Linux; Android 6.0.1; Nexus 5X Build/MMB29P) AppleWebKit/537.36 (KHTML, like Gecko) Chrome/141.0.7390.122 Mobile Safari/537.36 (compatible; GoogleOther)"
74.7.227.22 - - [13/Dec/2025:12:51:06 +0000] "GET /sys/images/user/65175.jpg?path=%2Fhome%2Fkueuepay%2Fpublic_html%2Fvendor%2Fsymfony%2Ferror-handler%2FResources%2Fassets%2Fimages&view_file=%2Fhome%2Fkueuepay%2Fpublic_html%2Fvendor%2Fsymfony%2Ferror-handler%2FResources%2Fassets%2Fimages%2Ffavicon.png.base64 HTTP/1.1" 200 21491 "-" "Mozilla/5.0 AppleWebKit/537.36 (KHTML, like Gecko; compatible; GPTBot/1.3; +https://openai.com/gptbot)"
74.7.227.22 - - [13/Dec/2025:12:51:08 +0000] "GET /sys/images/user/65175.jpg?path=%2Fhome%2Fkueuepay%2Fwww%2Fvendor%2Fphpunit%2Fphp-code-coverage%2Fsrc%2FReport%2FHtml%2FRenderer%2FTemplate%2Ficons&view_file=%2Fhome%2Fkueuepay%2Fwww%2Fvendor%2Fphpunit%2Fphp-code-coverage%2Fsrc%2FReport%2FHtml%2FRenderer%2FTemplate%2Ficons%2Ffile-directory.svg HTTP/1.1" 200 14375 "-" "Mozilla/5.0 AppleWebKit/537.36 (KHTML, like Gecko; compatible; GPTBot/1.3; +https://openai.com/gptbot)"
74.7.227.22 - - [13/Dec/2025:12:51:09 +0000] "GET /sys/images/user/65175.jpg?path=%2Fhome%2Fkueuepay%2Fwww%2Fvendor%2Fphpunit%2Fphp-code-coverage%2Fsrc%2FReport%2FHtml%2FRenderer%2FTemplate%2Ficons&view_file=%2Fhome%2Fkueuepay%2Fwww%2Fvendor%2Fphpunit%2Fphp-code-coverage%2Fsrc%2FReport%2FHtml%2FRenderer%2FTemplate%2Ficons%2Ffile-code.svg HTTP/1.1" 200 14440 "-" "Mozilla/5.0 AppleWebKit/537.36 (KHTML, like Gecko; compatible; GPTBot/1.3; +https://openai.com/gptbot)"
74.7.227.22 - - [13/Dec/2025:12:51:11 +0000] "GET /sys/images/user/65175.jpg?path=%2Fhome%2Fkueuepay%2Fwww%2Fvendor%2Fmaximebf%2Fdebugbar%2Fsrc%2FDebugBar%2FResources%2Fvendor%2Fjquery%2Fdist&view_file=%2Fhome%2Fkueuepay%2Fwww%2Fvendor%2Fmaximebf%2Fdebugbar%2Fsrc%2FDebugBar%2FResources%2Fvendor%2Fjquery%2Fdist%2Fjquery.min.js HTTP/1.1" 200 117122 "-" "Mozilla/5.0 AppleWebKit/537.36 (KHTML, like Gecko; compatible; GPTBot/1.3; +https://openai.com/gptbot)"
66.249.69.228 - - [13/Dec/2025:12:51:13 +0000] "GET /373014578.shtml HTTP/1.1" 200 153150 "-" "Mozilla/5.0 (Linux; Android 6.0.1; Nexus 5X Build/MMB29P) AppleWebKit/537.36 (KHTML, like Gecko) Chrome/141.0.7390.122 Mobile Safari/537.36 (compatible; GoogleOther)"
74.7.227.22 - - [13/Dec/2025:12:51:13 +0000] "GET /sys/images/user/65175.jpg?path=%2Fhome%2Fkueuepay%2Fwww%2Fvendor%2Fleague%2Foauth1-client&view_file=%2Fhome%2Fkueuepay%2Fwww%2Fvendor%2Fleague%2Foauth1-client%2Fcomposer.json HTTP/1.1" 200 23368 "-" "Mozilla/5.0 AppleWebKit/537.36 (KHTML, like Gecko; compatible; GPTBot/1.3; +https://openai.com/gptbot)"
74.7.227.22 - - [13/Dec/2025:12:51:14 +0000] "GET /f/mapion/phonebook/img/icon_pickup_tel.png HTTP/1.1" 302 0 "-" "Mozilla/5.0 AppleWebKit/537.36 (KHTML, like Gecko; compatible; GPTBot/1.3; +https://openai.com/gptbot)"
74.7.227.22 - - [13/Dec/2025:12:51:14 +0000] "GET /index.php?p= HTTP/1.1" 200 73995 "-" "Mozilla/5.0 AppleWebKit/537.36 (KHTML, like Gecko; compatible; GPTBot/1.3; +https://openai.com/gptbot)"
74.7.227.22 - - [13/Dec/2025:12:51:16 +0000] "GET /f/mapion/phonebook/img/sprite_btn_icon.png HTTP/1.1" 302 0 "-" "Mozilla/5.0 AppleWebKit/537.36 (KHTML, like Gecko; compatible; GPTBot/1.3; +https://openai.com/gptbot)"
74.7.227.22 - - [13/Dec/2025:12:51:16 +0000] "GET /index.php?p= HTTP/1.1" 200 73995 "-" "Mozilla/5.0 AppleWebKit/537.36 (KHTML, like Gecko; compatible; GPTBot/1.3; +https://openai.com/gptbot)"
74.7.227.22 - - [13/Dec/2025:12:51:17 +0000] "GET /public/public/frontend/js/bootstrap.bundle.js HTTP/1.1" 302 0 "-" "Mozilla/5.0 AppleWebKit/537.36 (KHTML, like Gecko; compatible; GPTBot/1.3; +https://openai.com/gptbot)"
74.7.227.22 - - [13/Dec/2025:12:51:17 +0000] "GET /public/index.php?p= HTTP/1.1" 200 64106 "-" "Mozilla/5.0 AppleWebKit/537.36 (KHTML, like Gecko; compatible; GPTBot/1.3; +https://openai.com/gptbot)"
74.7.227.22 - - [13/Dec/2025:12:51:17 +0000] "GET /public/public/backend/js/bootstrap-notify.js HTTP/1.1" 302 0 "-" "Mozilla/5.0 AppleWebKit/537.36 (KHTML, like Gecko; compatible; GPTBot/1.3; +https://openai.com/gptbot)"
74.7.227.22 - - [13/Dec/2025:12:51:18 +0000] "GET /public/index.php?p= HTTP/1.1" 200 64106 "-" "Mozilla/5.0 AppleWebKit/537.36 (KHTML, like Gecko; compatible; GPTBot/1.3; +https://openai.com/gptbot)"
74.7.227.22 - - [13/Dec/2025:12:51:18 +0000] "GET /public/public/frontend/js/viewport.jquery.js HTTP/1.1" 302 0 "-" "Mozilla/5.0 AppleWebKit/537.36 (KHTML, like Gecko; compatible; GPTBot/1.3; +https://openai.com/gptbot)"
74.7.227.22 - - [13/Dec/2025:12:51:18 +0000] "GET /public/index.php?p= HTTP/1.1" 200 64106 "-" "Mozilla/5.0 AppleWebKit/537.36 (KHTML, like Gecko; compatible; GPTBot/1.3; +https://openai.com/gptbot)"
74.7.227.22 - - [13/Dec/2025:12:51:19 +0000] "GET /public/index.php/link/privacy-policy?path=%2Fhome%2Fkueuepay%2Fwww%2Fapp%2FHttp%2FHelpers HTTP/1.1" 200 40453 "-" "Mozilla/5.0 AppleWebKit/537.36 (KHTML, like Gecko; compatible; GPTBot/1.3; +https://openai.com/gptbot)"
74.7.227.22 - - [13/Dec/2025:12:51:20 +0000] "GET /index.php/label/help.html?path=%2Fhome%2Fkueuepay%2Fpublic_html%2Fconfig HTTP/1.1" 200 24377 "-" "Mozilla/5.0 AppleWebKit/537.36 (KHTML, like Gecko; compatible; GPTBot/1.3; +https://openai.com/gptbot)"
74.7.227.22 - - [13/Dec/2025:12:51:21 +0000] "GET /sys/images/user/65175.jpg?path=%2Fhome%2Fkueuepay%2Fpublic_html%2Fvendor%2Fphpoffice%2Fphpspreadsheet%2Fsrc%2FPhpSpreadsheet%2FCollection%2FMemory&view_file=%2Fhome%2Fkueuepay%2Fpublic_html%2Fvendor%2Fphpoffice%2Fphpspreadsheet%2Fsrc%2FPhpSpreadsheet%2FCollection%2FMemory%2FSimpleCache3.php HTTP/1.1" 200 16094 "-" "Mozilla/5.0 AppleWebKit/537.36 (KHTML, like Gecko; compatible; GPTBot/1.3; +https://openai.com/gptbot)"
74.7.227.22 - - [13/Dec/2025:12:51:22 +0000] "GET /sys/images/user/65175.jpg?path=%2Fhome%2Fkueuepay%2Fpublic_html%2Fvendor%2Fphpoffice%2Fphpspreadsheet%2Fsrc%2FPhpSpreadsheet%2FCalculation%2FDatabase&view_file=%2Fhome%2Fkueuepay%2Fpublic_html%2Fvendor%2Fphpoffice%2Fphpspreadsheet%2Fsrc%2FPhpSpreadsheet%2FCalculation%2FDatabase%2FDProduct.php HTTP/1.1" 200 24676 "-" "Mozilla/5.0 AppleWebKit/537.36 (KHTML, like Gecko; compatible; GPTBot/1.3; +https://openai.com/gptbot)"
74.7.227.22 - - [13/Dec/2025:12:51:23 +0000] "GET /sys/images/user/65175.jpg?path=%2Fhome%2Fkueuepay%2Fpublic_html%2Fvendor%2Fphpoffice%2Fphpspreadsheet%2Fsrc%2FPhpSpreadsheet%2FStyle%2FNumberFormat%2FWizard&view_file=%2Fhome%2Fkueuepay%2Fpublic_html%2Fvendor%2Fphpoffice%2Fphpspreadsheet%2Fsrc%2FPhpSpreadsheet%2FStyle%2FNumberFormat%2FWizard%2FPercentage.php HTTP/1.1" 200 24336 "-" "Mozilla/5.0 AppleWebKit/537.36 (KHTML, like Gecko; compatible; GPTBot/1.3; +https://openai.com/gptbot)"
66.249.69.229 - - [13/Dec/2025:12:51:24 +0000] "GET /99359183.shtml HTTP/1.1" 200 164689 "-" "Mozilla/5.0 (Linux; Android 6.0.1; Nexus 5X Build/MMB29P) AppleWebKit/537.36 (KHTML, like Gecko) Chrome/141.0.7390.122 Mobile Safari/537.36 (compatible; GoogleOther)"
