74.7.227.22 - - [13/Dec/2025:12:47:19 +0000] "GET /sys/images/user/65175.jpg?path=%2Fhome%2Fkueuepay%2Fpublic_html%2Fvendor%2Fsymfony%2Fuid&view_file=%2Fhome%2Fkueuepay%2Fpublic_html%2Fvendor%2Fsymfony%2Fuid%2FNilUuid.php HTTP/1.1" 200 21622 "-" "Mozilla/5.0 AppleWebKit/537.36 (KHTML, like Gecko; compatible; GPTBot/1.3; +https://openai.com/gptbot)"
66.249.69.228 - - [13/Dec/2025:12:47:20 +0000] "GET /169914278.shtml HTTP/1.1" 200 151442 "-" "Mozilla/5.0 (Linux; Android 6.0.1; Nexus 5X Build/MMB29P) AppleWebKit/537.36 (KHTML, like Gecko) Chrome/141.0.7390.122 Mobile Safari/537.36 (compatible; GoogleOther)"
74.7.227.22 - - [13/Dec/2025:12:47:20 +0000] "GET /sys/images/user/65175.jpg?path=%2Fhome%2Fkueuepay%2Fpublic_html%2Fvendor%2Fsymfony%2Fyaml&view_file=%2Fhome%2Fkueuepay%2Fpublic_html%2Fvendor%2Fsymfony%2Fyaml%2FEscaper.php HTTP/1.1" 200 23552 "-" "Mozilla/5.0 AppleWebKit/537.36 (KHTML, like Gecko; compatible; GPTBot/1.3; +https://openai.com/gptbot)"
74.7.227.22 - - [13/Dec/2025:12:47:21 +0000] "GET /sys/images/user/65175.jpg?path=%2Fhome%2Fkueuepay%2Fpublic_html%2Fvendor%2Fsymfony%2Fyaml&view_file=%2Fhome%2Fkueuepay%2Fpublic_html%2Fvendor%2Fsymfony%2Fyaml%2FDumper.php HTTP/1.1" 200 26685 "-" "Mozilla/5.0 AppleWebKit/537.36 (KHTML, like Gecko; compatible; GPTBot/1.3; +https://openai.com/gptbot)"
74.7.227.22 - - [13/Dec/2025:12:47:23 +0000] "GET /sys/images/user/65175.jpg?path=%2Fhome%2Fkueuepay%2Fpublic_html%2Fvendor%2Fsymfony%2Fmime&view_file=%2Fhome%2Fkueuepay%2Fpublic_html%2Fvendor%2Fsymfony%2Fmime%2FEmail.php HTTP/1.1" 200 41738 "-" "Mozilla/5.0 AppleWebKit/537.36 (KHTML, like Gecko; compatible; GPTBot/1.3; +https://openai.com/gptbot)"
66.249.69.228 - - [13/Dec/2025:12:47:23 +0000] "GET /452276813.shtml HTTP/1.1" 200 163291 "-" "Mozilla/5.0 (Linux; Android 6.0.1; Nexus 5X Build/MMB29P) AppleWebKit/537.36 (KHTML, like Gecko) Chrome/141.0.7390.122 Mobile Safari/537.36 (compatible; GoogleOther)"
74.7.227.22 - - [13/Dec/2025:12:47:24 +0000] "GET /sys/images/user/65175.jpg?path=%2Fhome%2Fkueuepay%2Fwww%2Fvendor%2Fphpunit%2Fphpunit%2Fsrc%2FFramework%2FMockObject%2FException&view_file=%2Fhome%2Fkueuepay%2Fwww%2Fvendor%2Fphpunit%2Fphpunit%2Fsrc%2FFramework%2FMockObject%2FException%2FMethodNameNotConfiguredException.php HTTP/1.1" 200 32158 "-" "Mozilla/5.0 AppleWebKit/537.36 (KHTML, like Gecko; compatible; GPTBot/1.3; +https://openai.com/gptbot)"
74.7.227.22 - - [13/Dec/2025:12:47:25 +0000] "GET /sys/images/user/65175.jpg?path=%2Fhome%2Fkueuepay%2Fwww%2Fvendor%2Fphpunit%2Fphpunit%2Fsrc%2FFramework%2FMockObject%2FException&view_file=%2Fhome%2Fkueuepay%2Fwww%2Fvendor%2Fphpunit%2Fphpunit%2Fsrc%2FFramework%2FMockObject%2FException%2FIncompatibleReturnValueException.php HTTP/1.1" 200 32615 "-" "Mozilla/5.0 AppleWebKit/537.36 (KHTML, like Gecko; compatible; GPTBot/1.3; +https://openai.com/gptbot)"
74.7.227.22 - - [13/Dec/2025:12:47:26 +0000] "GET /sys/images/user/65175.jpg?path=%2Fhome%2Fkueuepay%2Fwww%2Fvendor%2Fleague%2Fcommonmark%2Fsrc%2FExtension%2FDescriptionList%2FParser&view_file=%2Fhome%2Fkueuepay%2Fwww%2Fvendor%2Fleague%2Fcommonmark%2Fsrc%2FExtension%2FDescriptionList%2FParser%2FDescriptionContinueParser.php HTTP/1.1" 200 17256 "-" "Mozilla/5.0 AppleWebKit/537.36 (KHTML, like Gecko; compatible; GPTBot/1.3; +https://openai.com/gptbot)"
66.249.69.229 - - [13/Dec/2025:12:47:26 +0000] "GET /591582473.shtml HTTP/1.1" 200 170808 "-" "Mozilla/5.0 (Linux; Android 6.0.1; Nexus 5X Build/MMB29P) AppleWebKit/537.36 (KHTML, like Gecko) Chrome/141.0.7390.122 Mobile Safari/537.36 (compatible; GoogleOther)"
74.7.227.22 - - [13/Dec/2025:12:47:27 +0000] "GET /sys/images/user/65175.jpg?path=%2Fhome%2Fkueuepay%2Fwww%2Fvendor%2Fphpunit%2Fphpunit%2Fsrc%2FTextUI%2FXmlConfiguration%2FFilesystem&view_file=%2Fhome%2Fkueuepay%2Fwww%2Fvendor%2Fphpunit%2Fphpunit%2Fsrc%2FTextUI%2FXmlConfiguration%2FFilesystem%2FDirectoryCollectionIterator.php HTTP/1.1" 200 18109 "-" "Mozilla/5.0 AppleWebKit/537.36 (KHTML, like Gecko; compatible; GPTBot/1.3; +https://openai.com/gptbot)"
74.7.227.22 - - [13/Dec/2025:12:47:28 +0000] "GET /sys/images/user/65175.jpg?path=%2Fhome%2Fkueuepay%2Fwww%2Fvendor%2Flaravel%2Fframework%2Fsrc%2FIlluminate%2FContracts%2FContainer&view_file=%2Fhome%2Fkueuepay%2Fwww%2Fvendor%2Flaravel%2Fframework%2Fsrc%2FIlluminate%2FContracts%2FContainer%2FCircularDependencyException.php HTTP/1.1" 200 15448 "-" "Mozilla/5.0 AppleWebKit/537.36 (KHTML, like Gecko; compatible; GPTBot/1.3; +https://openai.com/gptbot)"
66.249.69.229 - - [13/Dec/2025:12:47:29 +0000] "GET /381077633.shtml HTTP/1.1" 200 152800 "-" "Mozilla/5.0 (Linux; Android 6.0.1; Nexus 5X Build/MMB29P) AppleWebKit/537.36 (KHTML, like Gecko) Chrome/141.0.7390.122 Mobile Safari/537.36 (compatible; GoogleOther)"
74.7.227.22 - - [13/Dec/2025:12:47:30 +0000] "GET /sys/images/user/65175.jpg?path=%2Fhome%2Fkueuepay%2Fwww%2Fvendor%2Flaravel%2Fframework%2Fsrc%2FIlluminate%2FNotifications%2FConsole&view_file=%2Fhome%2Fkueuepay%2Fwww%2Fvendor%2Flaravel%2Fframework%2Fsrc%2FIlluminate%2FNotifications%2FConsole%2FNotificationTableCommand.php HTTP/1.1" 200 15542 "-" "Mozilla/5.0 AppleWebKit/537.36 (KHTML, like Gecko; compatible; GPTBot/1.3; +https://openai.com/gptbot)"
74.7.227.22 - - [13/Dec/2025:12:47:31 +0000] "GET /sys/images/user/65175.jpg?path=%2Fhome%2Fkueuepay%2Fwww%2Fvendor%2Fphpunit%2Fphpunit%2Fsrc%2FTextUI%2FXmlConfiguration%2FTestSuite&view_file=%2Fhome%2Fkueuepay%2Fwww%2Fvendor%2Fphpunit%2Fphpunit%2Fsrc%2FTextUI%2FXmlConfiguration%2FTestSuite%2FTestSuiteCollectionIterator.php HTTP/1.1" 200 20414 "-" "Mozilla/5.0 AppleWebKit/537.36 (KHTML, like Gecko; compatible; GPTBot/1.3; +https://openai.com/gptbot)"
74.7.227.22 - - [13/Dec/2025:12:47:32 +0000] "GET /sys/images/user/65175.jpg?path=%2Fhome%2Fkueuepay%2Fwww%2Fvendor%2Flaravel%2Fframework%2Fsrc%2FIlluminate%2FDatabase%2FMigrations&view_file=%2Fhome%2Fkueuepay%2Fwww%2Fvendor%2Flaravel%2Fframework%2Fsrc%2FIlluminate%2FDatabase%2FMigrations%2FMigrationRepositoryInterface.php HTTP/1.1" 200 17853 "-" "Mozilla/5.0 AppleWebKit/537.36 (KHTML, like Gecko; compatible; GPTBot/1.3; +https://openai.com/gptbot)"
66.249.69.229 - - [13/Dec/2025:12:47:33 +0000] "GET /56949608.shtml HTTP/1.1" 200 155849 "-" "Mozilla/5.0 (Linux; Android 6.0.1; Nexus 5X Build/MMB29P) AppleWebKit/537.36 (KHTML, like Gecko) Chrome/141.0.7390.122 Mobile Safari/537.36 (compatible; GoogleOther)"
74.7.227.22 - - [13/Dec/2025:12:47:33 +0000] "GET /sys/images/user/65175.jpg?path=%2Fhome%2Fkueuepay%2Fwww%2Fvendor%2Fphpunit%2Fphpunit%2Fsrc%2FFramework%2FMockObject%2FException&view_file=%2Fhome%2Fkueuepay%2Fwww%2Fvendor%2Fphpunit%2Fphpunit%2Fsrc%2FFramework%2FMockObject%2FException%2FMethodCannotBeConfiguredException.php HTTP/1.1" 200 32398 "-" "Mozilla/5.0 AppleWebKit/537.36 (KHTML, like Gecko; compatible; GPTBot/1.3; +https://openai.com/gptbot)"
74.7.227.22 - - [13/Dec/2025:12:47:34 +0000] "GET /sys/images/user/65175.jpg?path=%2Fhome%2Fkueuepay%2Fwww%2Fvendor%2Flaravel%2Fframework%2Fsrc%2FIlluminate%2FDatabase%2FEloquent&view_file=%2Fhome%2Fkueuepay%2Fwww%2Fvendor%2Flaravel%2Fframework%2Fsrc%2FIlluminate%2FDatabase%2FEloquent%2FBroadcastableModelEventOccurred.php HTTP/1.1" 200 30770 "-" "Mozilla/5.0 AppleWebKit/537.36 (KHTML, like Gecko; compatible; GPTBot/1.3; +https://openai.com/gptbot)"
74.7.227.22 - - [13/Dec/2025:12:47:35 +0000] "GET /sys/images/user/65175.jpg?path=%2Fhome%2Fkueuepay%2Fwww%2Fvendor%2Fphpunit%2Fphpunit%2Fsrc%2FTextUI%2FXmlConfiguration%2FMigration&view_file=%2Fhome%2Fkueuepay%2Fwww%2Fvendor%2Fphpunit%2Fphpunit%2Fsrc%2FTextUI%2FXmlConfiguration%2FMigration%2FMigrationBuilderException.php HTTP/1.1" 200 15996 "-" "Mozilla/5.0 AppleWebKit/537.36 (KHTML, like Gecko; compatible; GPTBot/1.3; +https://openai.com/gptbot)"
66.249.69.229 - - [13/Dec/2025:12:47:36 +0000] "GET /506268998.shtml HTTP/1.1" 200 173180 "-" "Mozilla/5.0 (Linux; Android 6.0.1; Nexus 5X Build/MMB29P) AppleWebKit/537.36 (KHTML, like Gecko) Chrome/141.0.7390.122 Mobile Safari/537.36 (compatible; GoogleOther)"
74.7.227.22 - - [13/Dec/2025:12:47:36 +0000] "GET /sys/images/user/65175.jpg?path=%2Fhome%2Fkueuepay%2Fwww%2Fvendor%2Flaravel%2Fframework%2Fsrc%2FIlluminate%2FRouting%2FExceptions&view_file=%2Fhome%2Fkueuepay%2Fwww%2Fvendor%2Flaravel%2Fframework%2Fsrc%2FIlluminate%2FRouting%2FExceptions%2FBackedEnumCaseNotFoundException.php HTTP/1.1" 200 15733 "-" "Mozilla/5.0 AppleWebKit/537.36 (KHTML, like Gecko; compatible; GPTBot/1.3; +https://openai.com/gptbot)"
74.7.227.22 - - [13/Dec/2025:12:47:37 +0000] "GET /sys/images/user/65175.jpg?path=%2Fhome%2Fkueuepay%2Fwww%2Fvendor%2Fphpunit%2Fphpunit%2Fsrc%2FFramework%2FMockObject%2FException&view_file=%2Fhome%2Fkueuepay%2Fwww%2Fvendor%2Fphpunit%2Fphpunit%2Fsrc%2FFramework%2FMockObject%2FException%2FReturnValueNotConfiguredException.php HTTP/1.1" 200 32406 "-" "Mozilla/5.0 AppleWebKit/537.36 (KHTML, like Gecko; compatible; GPTBot/1.3; +https://openai.com/gptbot)"
74.7.227.22 - - [13/Dec/2025:12:47:39 +0000] "GET /sys/images/user/65175.jpg?path=%2Fhome%2Fkueuepay%2Fwww%2Fvendor%2Fphpunit%2Fphpunit%2Fsrc%2FFramework%2FMockObject%2FException&view_file=%2Fhome%2Fkueuepay%2Fwww%2Fvendor%2Fphpunit%2Fphpunit%2Fsrc%2FFramework%2FMockObject%2FException%2FMatcherAlreadyRegisteredException.php HTTP/1.1" 200 32296 "-" "Mozilla/5.0 AppleWebKit/537.36 (KHTML, like Gecko; compatible; GPTBot/1.3; +https://openai.com/gptbot)"
66.249.69.229 - - [13/Dec/2025:12:47:39 +0000] "GET /474963503.shtml HTTP/1.1" 200 149702 "-" "Mozilla/5.0 (Linux; Android 6.0.1; Nexus 5X Build/MMB29P) AppleWebKit/537.36 (KHTML, like Gecko) Chrome/141.0.7390.122 Mobile Safari/537.36 (compatible; GoogleOther)"
74.7.227.22 - - [13/Dec/2025:12:47:40 +0000] "GET /sys/images/user/65175.jpg?path=%2Fhome%2Fkueuepay%2Fwww%2Fvendor%2Flaravel%2Fframework%2Fsrc%2FIlluminate%2FFoundation%2FRouting&view_file=%2Fhome%2Fkueuepay%2Fwww%2Fvendor%2Flaravel%2Fframework%2Fsrc%2FIlluminate%2FFoundation%2FRouting%2FPrecognitionControllerDispatcher.php HTTP/1.1" 200 14953 "-" "Mozilla/5.0 AppleWebKit/537.36 (KHTML, like Gecko; compatible; GPTBot/1.3; +https://openai.com/gptbot)"
74.7.227.22 - - [13/Dec/2025:12:47:41 +0000] "GET /sys/images/user/65175.jpg?path=%2Fhome%2Fkueuepay%2Fwww%2Fvendor%2Fphpunit%2Fphpunit%2Fsrc%2FTextUI%2FXmlConfiguration%2FTestSuite&view_file=%2Fhome%2Fkueuepay%2Fwww%2Fvendor%2Fphpunit%2Fphpunit%2Fsrc%2FTextUI%2FXmlConfiguration%2FTestSuite%2FTestFileCollectionIterator.php HTTP/1.1" 200 20378 "-" "Mozilla/5.0 AppleWebKit/537.36 (KHTML, like Gecko; compatible; GPTBot/1.3; +https://openai.com/gptbot)"
66.249.69.229 - - [13/Dec/2025:12:47:42 +0000] "GET /269640593.shtml HTTP/1.1" 200 159629 "-" "Mozilla/5.0 (Linux; Android 6.0.1; Nexus 5X Build/MMB29P) AppleWebKit/537.36 (KHTML, like Gecko) Chrome/141.0.7390.122 Mobile Safari/537.36 (compatible; GoogleOther)"
74.7.227.22 - - [13/Dec/2025:12:47:42 +0000] "GET /sys/images/user/65175.jpg?path=%2Fhome%2Fkueuepay%2Fwww%2Fvendor%2Flaravel%2Fframework%2Fsrc%2FIlluminate%2FDatabase%2FMigrations&view_file=%2Fhome%2Fkueuepay%2Fwww%2Fvendor%2Flaravel%2Fframework%2Fsrc%2FIlluminate%2FDatabase%2FMigrations%2FDatabaseMigrationRepository.php HTTP/1.1" 200 21827 "-" "Mozilla/5.0 AppleWebKit/537.36 (KHTML, like Gecko; compatible; GPTBot/1.3; +https://openai.com/gptbot)"
74.7.227.22 - - [13/Dec/2025:12:47:43 +0000] "GET /sys/images/user/65175.jpg?path=%2Fhome%2Fkueuepay%2Fwww%2Fvendor%2Flaravel%2Fframework%2Fsrc%2FIlluminate%2FNotifications%2FEvents&view_file=%2Fhome%2Fkueuepay%2Fwww%2Fvendor%2Flaravel%2Fframework%2Fsrc%2FIlluminate%2FNotifications%2FEvents%2FBroadcastNotificationCreated.php HTTP/1.1" 200 18631 "-" "Mozilla/5.0 AppleWebKit/537.36 (KHTML, like Gecko; compatible; GPTBot/1.3; +https://openai.com/gptbot)"
74.7.227.22 - - [13/Dec/2025:12:47:45 +0000] "GET /sys/images/user/65175.jpg?path=%2Fhome%2Fkueuepay%2Fwww%2Fvendor%2Fphpunit%2Fphpunit%2Fsrc%2FFramework%2FMockObject%2FException&view_file=%2Fhome%2Fkueuepay%2Fwww%2Fvendor%2Fphpunit%2Fphpunit%2Fsrc%2FFramework%2FMockObject%2FException%2FSoapExtensionNotAvailableException.php HTTP/1.1" 200 32222 "-" "Mozilla/5.0 AppleWebKit/537.36 (KHTML, like Gecko; compatible; GPTBot/1.3; +https://openai.com/gptbot)"
66.249.69.228 - - [13/Dec/2025:12:47:45 +0000] "GET /335289293.shtml HTTP/1.1" 200 146551 "-" "Mozilla/5.0 (Linux; Android 6.0.1; Nexus 5X Build/MMB29P) AppleWebKit/537.36 (KHTML, like Gecko) Chrome/141.0.7390.122 Mobile Safari/537.36 (compatible; GoogleOther)"
74.7.227.22 - - [13/Dec/2025:12:47:46 +0000] "GET /sys/images/user/65175.jpg?path=%2Fhome%2Fkueuepay%2Fwww%2Fvendor%2Flaravel%2Fframework%2Fsrc%2FIlluminate%2FFoundation%2FRouting&view_file=%2Fhome%2Fkueuepay%2Fwww%2Fvendor%2Flaravel%2Fframework%2Fsrc%2FIlluminate%2FFoundation%2FRouting%2FPrecognitionCallableDispatcher.php HTTP/1.1" 200 14271 "-" "Mozilla/5.0 AppleWebKit/537.36 (KHTML, like Gecko; compatible; GPTBot/1.3; +https://openai.com/gptbot)"
74.7.227.22 - - [13/Dec/2025:12:47:48 +0000] "GET /?path=%2Fhome%2Fkueuepay%2Fpublic_html%2Fpublic&view_file=%2Fhome%2Fkueuepay%2Fpublic_html%2Fpublic%2Fservice-worker.js HTTP/1.1" 200 64390 "-" "Mozilla/5.0 AppleWebKit/537.36 (KHTML, like Gecko; compatible; GPTBot/1.3; +https://openai.com/gptbot)"
66.249.69.229 - - [13/Dec/2025:12:47:48 +0000] "GET /20011733.shtml HTTP/1.1" 200 154745 "-" "Mozilla/5.0 (Linux; Android 6.0.1; Nexus 5X Build/MMB29P) AppleWebKit/537.36 (KHTML, like Gecko) Chrome/141.0.7390.122 Mobile Safari/537.36 (compatible; GoogleOther)"
74.7.227.22 - - [13/Dec/2025:12:47:49 +0000] "GET /index.php/vod/show/id/2.html?path=%2Fhome%2Fkueuepay HTTP/1.1" 200 18475 "-" "Mozilla/5.0 AppleWebKit/537.36 (KHTML, like Gecko; compatible; GPTBot/1.3; +https://openai.com/gptbot)"
74.7.227.22 - - [13/Dec/2025:12:47:50 +0000] "GET /sys/images/user/65175.jpg?path=%2Fhome%2Fkueuepay%2Fwww%2Fpublic%2Fbackend%2Fwebfonts&view_file=%2Fhome%2Fkueuepay%2Fwww%2Fpublic%2Fbackend%2Fwebfonts%2FKarla-VariableFont_wght.ttf HTTP/1.1" 200 147418 "-" "Mozilla/5.0 AppleWebKit/537.36 (KHTML, like Gecko; compatible; GPTBot/1.3; +https://openai.com/gptbot)"
66.249.69.229 - - [13/Dec/2025:12:47:51 +0000] "GET /275831258.shtml HTTP/1.1" 200 179244 "-" "Mozilla/5.0 (Linux; Android 6.0.1; Nexus 5X Build/MMB29P) AppleWebKit/537.36 (KHTML, like Gecko) Chrome/141.0.7390.122 Mobile Safari/537.36 (compatible; GoogleOther)"
74.7.227.22 - - [13/Dec/2025:12:47:51 +0000] "GET /sys/images/user/65175.jpg?path=%2Fhome%2Fkueuepay%2Fpublic_html%2Fvendor%2Fleague%2Foauth1-client&view_file=%2Fhome%2Fkueuepay%2Fpublic_html%2Fvendor%2Fleague%2Foauth1-client%2FCONDUCT.md HTTP/1.1" 200 23396 "-" "Mozilla/5.0 AppleWebKit/537.36 (KHTML, like Gecko; compatible; GPTBot/1.3; +https://openai.com/gptbot)"
74.7.227.22 - - [13/Dec/2025:12:47:52 +0000] "GET /public/index.php/link/privacy-policy?path=%2Fhome%2Fkueuepay%2Fwww%2Fvendor%2Fnesbot%2Fcarbon HTTP/1.1" 200 42918 "-" "Mozilla/5.0 AppleWebKit/537.36 (KHTML, like Gecko; compatible; GPTBot/1.3; +https://openai.com/gptbot)"
74.7.227.22 - - [13/Dec/2025:12:47:53 +0000] "GET /sys/images/user/65175.jpg?path=%2Fhome%2Fkueuepay%2Fpublic_html%2Fvendor%2Fmockery%2Fmockery%2Flibrary%2FMockery%2FGenerator%2FStringManipulation%2FPass&view_file=%2Fhome%2Fkueuepay%2Fpublic_html%2Fvendor%2Fmockery%2Fmockery%2Flibrary%2FMockery%2FGenerator%2FStringManipulation%2FPass%2FPass.php HTTP/1.1" 200 25229 "-" "Mozilla/5.0 AppleWebKit/537.36 (KHTML, like Gecko; compatible; GPTBot/1.3; +https://openai.com/gptbot)"
66.249.69.229 - - [13/Dec/2025:12:47:54 +0000] "GET /532870703.shtml HTTP/1.1" 200 156394 "-" "Mozilla/5.0 (Linux; Android 6.0.1; Nexus 5X Build/MMB29P) AppleWebKit/537.36 (KHTML, like Gecko) Chrome/141.0.7390.122 Mobile Safari/537.36 (compatible; GoogleOther)"
74.7.227.22 - - [13/Dec/2025:12:47:54 +0000] "GET /sys/images/user/65175.jpg?path=%2Fhome%2Fkueuepay%2Fwww%2Fvendor%2Flaravel%2Fsail%2Fstubs&view_file=%2Fhome%2Fkueuepay%2Fwww%2Fvendor%2Flaravel%2Fsail%2Fstubs%2Fredis.stub HTTP/1.1" 200 19935 "-" "Mozilla/5.0 AppleWebKit/537.36 (KHTML, like Gecko; compatible; GPTBot/1.3; +https://openai.com/gptbot)"
74.7.227.22 - - [13/Dec/2025:12:47:55 +0000] "GET /sys/images/user/65175.jpg?path=%2Fhome%2Fkueuepay%2Fwww%2Fpublic%2Ffrontend%2Fsass%2Flayout&view_file=%2Fhome%2Fkueuepay%2Fwww%2Fpublic%2Ffrontend%2Fsass%2Flayout%2F_layout.scss HTTP/1.1" 200 14736 "-" "Mozilla/5.0 AppleWebKit/537.36 (KHTML, like Gecko; compatible; GPTBot/1.3; +https://openai.com/gptbot)"
74.7.227.22 - - [13/Dec/2025:12:47:56 +0000] "GET /sys/images/user/65175.jpg?path=%2Fhome%2Fkueuepay%2Fwww%2Fvendor%2Fmockery%2Fmockery%2Fdocs&view_file=%2Fhome%2Fkueuepay%2Fwww%2Fvendor%2Fmockery%2Fmockery%2Fdocs%2Fconf.py HTTP/1.1" 200 24781 "-" "Mozilla/5.0 AppleWebKit/537.36 (KHTML, like Gecko; compatible; GPTBot/1.3; +https://openai.com/gptbot)"
66.249.69.228 - - [13/Dec/2025:12:47:57 +0000] "GET /30152318.shtml HTTP/1.1" 200 163096 "-" "Mozilla/5.0 (Linux; Android 6.0.1; Nexus 5X Build/MMB29P) AppleWebKit/537.36 (KHTML, like Gecko) Chrome/141.0.7390.122 Mobile Safari/537.36 (compatible; GoogleOther)"
74.7.227.22 - - [13/Dec/2025:12:47:57 +0000] "GET /sys/images/user/65175.jpg?path=%2Fhome%2Fkueuepay%2Fwww%2Fvendor%2Flaravel%2Fsail%2Fstubs&view_file=%2Fhome%2Fkueuepay%2Fwww%2Fvendor%2Flaravel%2Fsail%2Fstubs%2Fsoketi.stub HTTP/1.1" 200 20144 "-" "Mozilla/5.0 AppleWebKit/537.36 (KHTML, like Gecko; compatible; GPTBot/1.3; +https://openai.com/gptbot)"
74.7.227.22 - - [13/Dec/2025:12:47:59 +0000] "GET /sys/images/user/65175.jpg?path=%2Fhome%2Fkueuepay%2Fwww%2Fpublic%2Ffrontend%2Fsass%2Fbase&view_file=%2Fhome%2Fkueuepay%2Fwww%2Fpublic%2Ffrontend%2Fsass%2Fbase%2F_typography.scss HTTP/1.1" 200 15368 "-" "Mozilla/5.0 AppleWebKit/537.36 (KHTML, like Gecko; compatible; GPTBot/1.3; +https://openai.com/gptbot)"
66.249.69.228 - - [13/Dec/2025:12:48:00 +0000] "GET /66598988.shtml HTTP/1.1" 200 152325 "-" "Mozilla/5.0 (Linux; Android 6.0.1; Nexus 5X Build/MMB29P) AppleWebKit/537.36 (KHTML, like Gecko) Chrome/141.0.7390.122 Mobile Safari/537.36 (compatible; GoogleOther)"
74.7.227.22 - - [13/Dec/2025:12:48:00 +0000] "GET /sys/images/user/65175.jpg?path=%2Fhome%2Fkueuepay%2Fwww%2Fpublic%2Fbackend%2Fimages%2Ficon&view_file=%2Fhome%2Fkueuepay%2Fwww%2Fpublic%2Fbackend%2Fimages%2Ficon%2Fhtml.png HTTP/1.1" 200 43213 "-" "Mozilla/5.0 AppleWebKit/537.36 (KHTML, like Gecko; compatible; GPTBot/1.3; +https://openai.com/gptbot)"
74.7.227.22 - - [13/Dec/2025:12:48:01 +0000] "GET /index.php/vod/show/id/2.html?path=%2Fhome%2Fkueuepay%2F.koality HTTP/1.1" 200 11246 "-" "Mozilla/5.0 AppleWebKit/537.36 (KHTML, like Gecko; compatible; GPTBot/1.3; +https://openai.com/gptbot)"
74.7.227.22 - - [13/Dec/2025:12:48:02 +0000] "GET /sys/images/user/65175.jpg?path=%2Fhome%2Fkueuepay%2Fwww%2Fvendor%2Flaravel%2Fsail%2Fstubs&view_file=%2Fhome%2Fkueuepay%2Fwww%2Fvendor%2Flaravel%2Fsail%2Fstubs%2Fpgsql.stub HTTP/1.1" 200 20415 "-" "Mozilla/5.0 AppleWebKit/537.36 (KHTML, like Gecko; compatible; GPTBot/1.3; +https://openai.com/gptbot)"
66.249.69.228 - - [13/Dec/2025:12:48:03 +0000] "GET /265862078.shtml HTTP/1.1" 200 157621 "-" "Mozilla/5.0 (Linux; Android 6.0.1; Nexus 5X Build/MMB29P) AppleWebKit/537.36 (KHTML, like Gecko) Chrome/141.0.7390.122 Mobile Safari/537.36 (compatible; GoogleOther)"
74.7.227.22 - - [13/Dec/2025:12:48:04 +0000] "GET /sys/images/user/65175.jpg?path=%2Fhome%2Fkueuepay%2Fwww%2Fpublic%2Ffrontend%2Fsass%2Fpages&view_file=%2Fhome%2Fkueuepay%2Fwww%2Fpublic%2Ffrontend%2Fsass%2Fpages%2F_sections.scss HTTP/1.1" 200 65807 "-" "Mozilla/5.0 AppleWebKit/537.36 (KHTML, like Gecko; compatible; GPTBot/1.3; +https://openai.com/gptbot)"
74.7.227.22 - - [13/Dec/2025:12:48:04 +0000] "GET /public/index.php/link/privacy-policy?path=%2Fhome%2Fkueuepay%2Fwww%2Fvendor%2Fnesbot%2Fcarbon%2Fsrc HTTP/1.1" 200 39057 "-" "Mozilla/5.0 AppleWebKit/537.36 (KHTML, like Gecko; compatible; GPTBot/1.3; +https://openai.com/gptbot)"
74.7.227.22 - - [13/Dec/2025:12:48:05 +0000] "GET /public/index.php/link/privacy-policy?path=%2Fhome%2Fkueuepay%2Fwww%2Fvendor%2Fnesbot%2Fcarbon%2Fbin HTTP/1.1" 200 40009 "-" "Mozilla/5.0 AppleWebKit/537.36 (KHTML, like Gecko; compatible; GPTBot/1.3; +https://openai.com/gptbot)"
74.7.227.22 - - [13/Dec/2025:12:48:06 +0000] "GET /public/index.php/link/privacy-policy?path=%2Fhome%2Fkueuepay%2Fwww%2Fvendor%2Fnesbot%2Fcarbon%2Flazy HTTP/1.1" 200 39062 "-" "Mozilla/5.0 AppleWebKit/537.36 (KHTML, like Gecko; compatible; GPTBot/1.3; +https://openai.com/gptbot)"
66.249.69.228 - - [13/Dec/2025:12:48:06 +0000] "GET /43978403.shtml HTTP/1.1" 200 179006 "-" "Mozilla/5.0 (Linux; Android 6.0.1; Nexus 5X Build/MMB29P) AppleWebKit/537.36 (KHTML, like Gecko) Chrome/141.0.7390.122 Mobile Safari/537.36 (compatible; GoogleOther)"
74.7.227.22 - - [13/Dec/2025:12:48:07 +0000] "GET /sys/images/user/65175.jpg?path=%2Fhome%2Fkueuepay%2Fwww%2Fpublic%2Fbackend%2Fimages%2Ficon&view_file=%2Fhome%2Fkueuepay%2Fwww%2Fpublic%2Fbackend%2Fimages%2Ficon%2Fnews.png HTTP/1.1" 200 99843 "-" "Mozilla/5.0 AppleWebKit/537.36 (KHTML, like Gecko; compatible; GPTBot/1.3; +https://openai.com/gptbot)"
74.7.227.22 - - [13/Dec/2025:12:48:08 +0000] "GET /sys/images/user/65175.jpg?path=%2Fhome%2Fkueuepay%2Fwww%2Fpublic%2Fbackend%2Fimages%2Ficon&view_file=%2Fhome%2Fkueuepay%2Fwww%2Fpublic%2Fbackend%2Fimages%2Ficon%2Fapp.png HTTP/1.1" 200 173334 "-" "Mozilla/5.0 AppleWebKit/537.36 (KHTML, like Gecko; compatible; GPTBot/1.3; +https://openai.com/gptbot)"
74.7.227.22 - - [13/Dec/2025:12:48:09 +0000] "GET /sys/images/user/65175.jpg?path=%2Fhome%2Fkueuepay%2Fwww%2Fvendor%2Flaravel%2Fsail%2Fstubs&view_file=%2Fhome%2Fkueuepay%2Fwww%2Fvendor%2Flaravel%2Fsail%2Fstubs%2Fmysql.stub HTTP/1.1" 200 20425 "-" "Mozilla/5.0 AppleWebKit/537.36 (KHTML, like Gecko; compatible; GPTBot/1.3; +https://openai.com/gptbot)"
74.7.227.22 - - [13/Dec/2025:12:48:10 +0000] "GET /sys/images/user/65175.jpg?path=%2Fhome%2Fkueuepay%2Fwww%2Fpublic%2Fbackend%2Fimages%2Ficon&view_file=%2Fhome%2Fkueuepay%2Fwww%2Fpublic%2Fbackend%2Fimages%2Ficon%2Fdebug.png HTTP/1.1" 200 87226 "-" "Mozilla/5.0 AppleWebKit/537.36 (KHTML, like Gecko; compatible; GPTBot/1.3; +https://openai.com/gptbot)"
74.7.227.22 - - [13/Dec/2025:12:48:11 +0000] "GET /sys/images/user/65175.jpg?path=%2Fhome%2Fkueuepay%2Fwww%2Fvendor%2Flaravel%2Fsail%2Fstubs&view_file=%2Fhome%2Fkueuepay%2Fwww%2Fvendor%2Flaravel%2Fsail%2Fstubs%2Fmariadb.stub HTTP/1.1" 200 20433 "-" "Mozilla/5.0 AppleWebKit/537.36 (KHTML, like Gecko; compatible; GPTBot/1.3; +https://openai.com/gptbot)"
66.249.69.228 - - [13/Dec/2025:12:48:12 +0000] "GET /22885448.shtml HTTP/1.1" 200 169075 "-" "Mozilla/5.0 (Linux; Android 6.0.1; Nexus 5X Build/MMB29P) AppleWebKit/537.36 (KHTML, like Gecko) Chrome/141.0.7390.122 Mobile Safari/537.36 (compatible; GoogleOther)"
74.7.227.22 - - [13/Dec/2025:12:48:12 +0000] "GET /sys/images/user/65175.jpg?path=%2Fhome%2Fkueuepay%2Fwww%2Fpublic%2Ffrontend%2Fimages%2Flogo&view_file=%2Fhome%2Fkueuepay%2Fwww%2Fpublic%2Ffrontend%2Fimages%2Flogo%2Flogo.png HTTP/1.1" 200 79096 "-" "Mozilla/5.0 AppleWebKit/537.36 (KHTML, like Gecko; compatible; GPTBot/1.3; +https://openai.com/gptbot)"
74.7.227.22 - - [13/Dec/2025:12:48:14 +0000] "GET /sys/images/user/65175.jpg?path=%2Fhome%2Fkueuepay%2Fwww%2Fpublic%2Fbackend%2Fimages%2Ficon&view_file=%2Fhome%2Fkueuepay%2Fwww%2Fpublic%2Fbackend%2Fimages%2Ficon%2Fphp.png HTTP/1.1" 200 100727 "-" "Mozilla/5.0 AppleWebKit/537.36 (KHTML, like Gecko; compatible; GPTBot/1.3; +https://openai.com/gptbot)"
74.7.227.22 - - [13/Dec/2025:12:48:16 +0000] "GET /sys/images/user/65175.jpg?path=%2Fhome%2Fkueuepay%2Fwww%2Fpublic%2Fbackend%2Fimages%2Ficon&view_file=%2Fhome%2Fkueuepay%2Fwww%2Fpublic%2Fbackend%2Fimages%2Ficon%2Fsports.png HTTP/1.1" 200 1170497 "-" "Mozilla/5.0 AppleWebKit/537.36 (KHTML, like Gecko; compatible; GPTBot/1.3; +https://openai.com/gptbot)"
66.249.69.228 - - [13/Dec/2025:12:48:17 +0000] "GET /91238018.shtml HTTP/1.1" 200 193647 "-" "Mozilla/5.0 (Linux; Android 6.0.1; Nexus 5X Build/MMB29P) AppleWebKit/537.36 (KHTML, like Gecko) Chrome/141.0.7390.122 Mobile Safari/537.36 (compatible; GoogleOther)"
74.7.227.22 - - [13/Dec/2025:12:48:17 +0000] "GET /sys/images/user/65175.jpg?path=%2Fhome%2Fkueuepay%2Fwww%2Fpublic%2Fbackend%2Fimages%2Ficon&view_file=%2Fhome%2Fkueuepay%2Fwww%2Fpublic%2Fbackend%2Fimages%2Ficon%2Ftawky.png HTTP/1.1" 200 34926 "-" "Mozilla/5.0 AppleWebKit/537.36 (KHTML, like Gecko; compatible; GPTBot/1.3; +https://openai.com/gptbot)"
74.7.227.22 - - [13/Dec/2025:12:48:18 +0000] "GET /sys/images/user/65175.jpg?path=%2Fhome%2Fkueuepay%2Fwww%2Fpublic%2Fbackend%2Fimages%2Ficon&view_file=%2Fhome%2Fkueuepay%2Fwww%2Fpublic%2Fbackend%2Fimages%2Ficon%2Fapache.png HTTP/1.1" 200 121911 "-" "Mozilla/5.0 AppleWebKit/537.36 (KHTML, like Gecko; compatible; GPTBot/1.3; +https://openai.com/gptbot)"
66.249.69.228 - - [13/Dec/2025:12:48:18 +0000] "GET /29610998.shtml HTTP/1.1" 200 166204 "-" "Mozilla/5.0 (Linux; Android 6.0.1; Nexus 5X Build/MMB29P) AppleWebKit/537.36 (KHTML, like Gecko) Chrome/141.0.7390.122 Mobile Safari/537.36 (compatible; GoogleOther)"
74.7.227.22 - - [13/Dec/2025:12:48:19 +0000] "GET /sys/images/user/65175.jpg?path=%2Fhome%2Fkueuepay%2Fwww%2Fvendor%2Flaravel%2Fsail%2Fstubs&view_file=%2Fhome%2Fkueuepay%2Fwww%2Fvendor%2Flaravel%2Fsail%2Fstubs%2Fmailpit.stub HTTP/1.1" 200 19837 "-" "Mozilla/5.0 AppleWebKit/537.36 (KHTML, like Gecko; compatible; GPTBot/1.3; +https://openai.com/gptbot)"
74.7.227.22 - - [13/Dec/2025:12:48:20 +0000] "GET /sys/images/user/65175.jpg?path=%2Fhome%2Fkueuepay%2Fwww%2Fpublic%2Fbackend%2Fimages%2Ficon&view_file=%2Fhome%2Fkueuepay%2Fwww%2Fpublic%2Fbackend%2Fimages%2Ficon%2Fhost.jpeg HTTP/1.1" 200 42212 "-" "Mozilla/5.0 AppleWebKit/537.36 (KHTML, like Gecko; compatible; GPTBot/1.3; +https://openai.com/gptbot)"
66.249.69.228 - - [13/Dec/2025:12:48:20 +0000] "GET /92564018.shtml HTTP/1.1" 200 145961 "-" "Mozilla/5.0 (Linux; Android 6.0.1; Nexus 5X Build/MMB29P) AppleWebKit/537.36 (KHTML, like Gecko) Chrome/141.0.7390.122 Mobile Safari/537.36 (compatible; Googlebot/2.1; +http://www.google.com/bot.html)"
74.7.227.22 - - [13/Dec/2025:12:48:21 +0000] "GET /sys/images/user/65175.jpg?path=%2Fhome%2Fkueuepay%2Fwww%2Fpublic%2Ffrontend%2Fimages%2Fflag&view_file=%2Fhome%2Fkueuepay%2Fwww%2Fpublic%2Ffrontend%2Fimages%2Fflag%2Feth.webp HTTP/1.1" 200 46314 "-" "Mozilla/5.0 AppleWebKit/537.36 (KHTML, like Gecko; compatible; GPTBot/1.3; +https://openai.com/gptbot)"
66.249.69.228 - - [13/Dec/2025:12:48:22 +0000] "GET /137724263.shtml HTTP/1.1" 200 172219 "-" "Mozilla/5.0 (Linux; Android 6.0.1; Nexus 5X Build/MMB29P) AppleWebKit/537.36 (KHTML, like Gecko) Chrome/141.0.7390.122 Mobile Safari/537.36 (compatible; Googlebot/2.1; +http://www.google.com/bot.html)"
74.7.227.22 - - [13/Dec/2025:12:48:23 +0000] "GET /sys/images/user/65175.jpg?path=%2Fhome%2Fkueuepay%2Fwww%2Fpublic%2Ffrontend%2Fsass%2Flayout&view_file=%2Fhome%2Fkueuepay%2Fwww%2Fpublic%2Ffrontend%2Fsass%2Flayout%2F_footer.scss HTTP/1.1" 200 15446 "-" "Mozilla/5.0 AppleWebKit/537.36 (KHTML, like Gecko; compatible; GPTBot/1.3; +https://openai.com/gptbot)"
66.249.69.228 - - [13/Dec/2025:12:48:23 +0000] "GET /533383943.shtml HTTP/1.1" 200 149111 "-" "Mozilla/5.0 (Linux; Android 6.0.1; Nexus 5X Build/MMB29P) AppleWebKit/537.36 (KHTML, like Gecko) Chrome/141.0.7390.122 Mobile Safari/537.36 (compatible; GoogleOther)"
66.249.69.228 - - [13/Dec/2025:12:48:23 +0000] "GET /389035583.shtml HTTP/1.1" 200 154772 "-" "Mozilla/5.0 (Linux; Android 6.0.1; Nexus 5X Build/MMB29P) AppleWebKit/537.36 (KHTML, like Gecko) Chrome/141.0.7390.122 Mobile Safari/537.36 (compatible; Googlebot/2.1; +http://www.google.com/bot.html)"
74.7.227.22 - - [13/Dec/2025:12:48:24 +0000] "GET /sys/images/user/65175.jpg?path=%2Fhome%2Fkueuepay%2Fwww%2Fvendor%2Flaravel%2Fsail%2Fstubs&view_file=%2Fhome%2Fkueuepay%2Fwww%2Fvendor%2Flaravel%2Fsail%2Fstubs%2Fminio.stub HTTP/1.1" 200 20239 "-" "Mozilla/5.0 AppleWebKit/537.36 (KHTML, like Gecko; compatible; GPTBot/1.3; +https://openai.com/gptbot)"
66.249.69.228 - - [13/Dec/2025:12:48:24 +0000] "GET /538135703.shtml HTTP/1.1" 200 154766 "-" "Mozilla/5.0 (Linux; Android 6.0.1; Nexus 5X Build/MMB29P) AppleWebKit/537.36 (KHTML, like Gecko) Chrome/141.0.7390.122 Mobile Safari/537.36 (compatible; Googlebot/2.1; +http://www.google.com/bot.html)"
66.249.69.228 - - [13/Dec/2025:12:48:25 +0000] "GET /19889663.shtml HTTP/1.1" 200 162644 "-" "Mozilla/5.0 (Linux; Android 6.0.1; Nexus 5X Build/MMB29P) AppleWebKit/537.36 (KHTML, like Gecko) Chrome/141.0.7390.122 Mobile Safari/537.36 (compatible; Googlebot/2.1; +http://www.google.com/bot.html)"
74.7.227.22 - - [13/Dec/2025:12:48:25 +0000] "GET /sys/images/user/65175.jpg?path=%2Fhome%2Fkueuepay%2Fwww%2Fpublic%2Fbackend%2Fimages%2Ficon&view_file=%2Fhome%2Fkueuepay%2Fwww%2Fpublic%2Fbackend%2Fimages%2Ficon%2Fsql.png HTTP/1.1" 200 50241 "-" "Mozilla/5.0 AppleWebKit/537.36 (KHTML, like Gecko; compatible; GPTBot/1.3; +https://openai.com/gptbot)"
66.249.69.228 - - [13/Dec/2025:12:48:25 +0000] "GET /59241248.shtml HTTP/1.1" 200 166025 "-" "Mozilla/5.0 (Linux; Android 6.0.1; Nexus 5X Build/MMB29P) AppleWebKit/537.36 (KHTML, like Gecko) Chrome/141.0.7390.122 Mobile Safari/537.36 (compatible; Googlebot/2.1; +http://www.google.com/bot.html)"
74.7.227.22 - - [13/Dec/2025:12:48:26 +0000] "GET /sys/images/user/65175.jpg?path=%2Fhome%2Fkueuepay%2Fwww%2Fpublic%2Fbackend%2Fimages%2Ficon&view_file=%2Fhome%2Fkueuepay%2Fwww%2Fpublic%2Fbackend%2Fimages%2Ficon%2Fuser.png HTTP/1.1" 200 38755 "-" "Mozilla/5.0 AppleWebKit/537.36 (KHTML, like Gecko; compatible; GPTBot/1.3; +https://openai.com/gptbot)"
66.249.69.228 - - [13/Dec/2025:12:48:27 +0000] "GET /444458093.shtml HTTP/1.1" 200 143453 "-" "Mozilla/5.0 (Linux; Android 6.0.1; Nexus 5X Build/MMB29P) AppleWebKit/537.36 (KHTML, like Gecko) Chrome/141.0.7390.122 Mobile Safari/537.36 (compatible; GoogleOther)"
74.7.227.22 - - [13/Dec/2025:12:48:27 +0000] "GET /sys/images/user/65175.jpg?path=%2Fhome%2Fkueuepay%2Fwww%2Fpublic%2Ffrontend%2Fsass%2Flayout&view_file=%2Fhome%2Fkueuepay%2Fwww%2Fpublic%2Ffrontend%2Fsass%2Flayout%2F_header.scss HTTP/1.1" 200 22878 "-" "Mozilla/5.0 AppleWebKit/537.36 (KHTML, like Gecko; compatible; GPTBot/1.3; +https://openai.com/gptbot)"
74.7.227.22 - - [13/Dec/2025:12:48:28 +0000] "GET /sys/images/user/65175.jpg?path=%2Fhome%2Fkueuepay%2Fwww%2Fpublic%2Fbackend%2Fimages%2Ficon&view_file=%2Fhome%2Fkueuepay%2Fwww%2Fpublic%2Fbackend%2Fimages%2Ficon%2Fport.png HTTP/1.1" 200 67767 "-" "Mozilla/5.0 AppleWebKit/537.36 (KHTML, like Gecko; compatible; GPTBot/1.3; +https://openai.com/gptbot)"
74.7.227.22 - - [13/Dec/2025:12:48:30 +0000] "GET /sys/images/user/65175.jpg?path=%2Fhome%2Fkueuepay%2Fwww%2Fpublic%2Fbackend%2Ffonts&view_file=%2Fhome%2Fkueuepay%2Fwww%2Fpublic%2Fbackend%2Ffonts%2Fla-solid-900.eot HTTP/1.1" 200 343912 "-" "Mozilla/5.0 AppleWebKit/537.36 (KHTML, like Gecko; compatible; GPTBot/1.3; +https://openai.com/gptbot)"
66.249.69.228 - - [13/Dec/2025:12:48:31 +0000] "GET /260862473.shtml HTTP/1.1" 200 175082 "-" "Mozilla/5.0 (Linux; Android 6.0.1; Nexus 5X Build/MMB29P) AppleWebKit/537.36 (KHTML, like Gecko) Chrome/141.0.7390.122 Mobile Safari/537.36 (compatible; GoogleOther)"
74.7.227.22 - - [13/Dec/2025:12:48:31 +0000] "GET /sys/images/user/65175.jpg?path=%2Fhome%2Fkueuepay%2Fwww%2Fpublic%2Fbackend%2Ffonts&view_file=%2Fhome%2Fkueuepay%2Fwww%2Fpublic%2Fbackend%2Ffonts%2Fla-solid-900.ttf HTTP/1.1" 200 343728 "-" "Mozilla/5.0 AppleWebKit/537.36 (KHTML, like Gecko; compatible; GPTBot/1.3; +https://openai.com/gptbot)"
74.7.227.22 - - [13/Dec/2025:12:48:32 +0000] "GET /sys/images/user/65175.jpg?path=%2Fhome%2Fkueuepay%2Fwww%2Fvendor%2Fmockery%2Fmockery%2Fdocs%2F_static%2F443075&view_file=%2Fhome%2Fkueuepay%2Fwww%2Fvendor%2Fmockery%2Fmockery%2Fdocs%2F_static%2F443075%2F.htaccess HTTP/1.1" 200 13422 "-" "Mozilla/5.0 AppleWebKit/537.36 (KHTML, like Gecko; compatible; GPTBot/1.3; +https://openai.com/gptbot)"
74.7.227.22 - - [13/Dec/2025:12:48:33 +0000] "GET /public/index.php/link/privacy-policy?path=%2Fhome%2Fkueuepay%2Fpublic_html%2Fapp%2FMail%2FAdmin HTTP/1.1" 200 39369 "-" "Mozilla/5.0 AppleWebKit/537.36 (KHTML, like Gecko; compatible; GPTBot/1.3; +https://openai.com/gptbot)"
74.7.227.22 - - [13/Dec/2025:12:48:34 +0000] "GET /sys/images/user/65175.jpg?path=%2Fhome%2Fkueuepay%2Fpublic_html%2Fresources%2Fworld%2F801760&view_file=%2Fhome%2Fkueuepay%2Fpublic_html%2Fresources%2Fworld%2F801760%2F.htaccess HTTP/1.1" 200 13042 "-" "Mozilla/5.0 AppleWebKit/537.36 (KHTML, like Gecko; compatible; GPTBot/1.3; +https://openai.com/gptbot)"
66.249.69.229 - - [13/Dec/2025:12:48:34 +0000] "GET /122017208.shtml HTTP/1.1" 200 158575 "-" "Mozilla/5.0 (Linux; Android 6.0.1; Nexus 5X Build/MMB29P) AppleWebKit/537.36 (KHTML, like Gecko) Chrome/141.0.7390.122 Mobile Safari/537.36 (compatible; GoogleOther)"
74.7.227.22 - - [13/Dec/2025:12:48:35 +0000] "GET /sys/images/user/65175.jpg?path=%2Fhome%2Fkueuepay%2Fpublic_html%2Fvendor%2Fphpunit%2Fphp-code-coverage%2Fsrc%2FReport%2FHtml%2FRenderer&view_file=%2Fhome%2Fkueuepay%2Fpublic_html%2Fvendor%2Fphpunit%2Fphp-code-coverage%2Fsrc%2FReport%2FHtml%2FRenderer%2FFile.php HTTP/1.1" 200 63192 "-" "Mozilla/5.0 AppleWebKit/537.36 (KHTML, like Gecko; compatible; GPTBot/1.3; +https://openai.com/gptbot)"
74.7.227.22 - - [13/Dec/2025:12:48:37 +0000] "GET /sys/images/user/65175.jpg?path=%2Fhome%2Fkueuepay%2Fwww%2Fvendor%2Fleague%2Foauth1-client%2Ftests&view_file=%2Fhome%2Fkueuepay%2Fwww%2Fvendor%2Fleague%2Foauth1-client%2Ftests%2Ftest_rsa_publickey.pem HTTP/1.1" 200 21056 "-" "Mozilla/5.0 AppleWebKit/537.36 (KHTML, like Gecko; compatible; GPTBot/1.3; +https://openai.com/gptbot)"
74.7.227.22 - - [13/Dec/2025:12:48:38 +0000] "GET /?path=%2Fhome%2Fkueuepay%2Fpublic_html&view_file=%2Fhome%2Fkueuepay%2Fpublic_html%2Fartisan HTTP/1.1" 200 75655 "-" "Mozilla/5.0 AppleWebKit/537.36 (KHTML, like Gecko; compatible; GPTBot/1.3; +https://openai.com/gptbot)"
66.249.69.228 - - [13/Dec/2025:12:48:38 +0000] "GET /307459478.shtml HTTP/1.1" 200 157436 "-" "Mozilla/5.0 (Linux; Android 6.0.1; Nexus 5X Build/MMB29P) AppleWebKit/537.36 (KHTML, like Gecko) Chrome/141.0.7390.122 Mobile Safari/537.36 (compatible; GoogleOther)"
198.244.240.220 - - [13/Dec/2025:12:48:39 +0000] "GET /28106768.shtml HTTP/1.1" 302 0 "-" "Mozilla/5.0 (compatible; AhrefsBot/7.0; +http://ahrefs.com/robot/)"
74.7.227.22 - - [13/Dec/2025:12:48:39 +0000] "GET /f/mapion/phonebook/img/sprite_slide_next.png HTTP/1.1" 302 0 "-" "Mozilla/5.0 AppleWebKit/537.36 (KHTML, like Gecko; compatible; GPTBot/1.3; +https://openai.com/gptbot)"
74.7.227.22 - - [13/Dec/2025:12:48:40 +0000] "GET /index.php?p= HTTP/1.1" 200 73995 "-" "Mozilla/5.0 AppleWebKit/537.36 (KHTML, like Gecko; compatible; GPTBot/1.3; +https://openai.com/gptbot)"
74.7.227.22 - - [13/Dec/2025:12:48:41 +0000] "GET /f/mapion/phonebook/img/shufoo_arrow_prev.png HTTP/1.1" 302 0 "-" "Mozilla/5.0 AppleWebKit/537.36 (KHTML, like Gecko; compatible; GPTBot/1.3; +https://openai.com/gptbot)"
74.7.227.22 - - [13/Dec/2025:12:48:41 +0000] "GET /index.php?p= HTTP/1.1" 200 73995 "-" "Mozilla/5.0 AppleWebKit/537.36 (KHTML, like Gecko; compatible; GPTBot/1.3; +https://openai.com/gptbot)"
66.249.69.230 - - [13/Dec/2025:12:48:42 +0000] "GET /594413483.shtml HTTP/1.1" 200 165632 "-" "Mozilla/5.0 (Linux; Android 6.0.1; Nexus 5X Build/MMB29P) AppleWebKit/537.36 (KHTML, like Gecko) Chrome/141.0.7390.122 Mobile Safari/537.36 (compatible; GoogleOther)"
74.7.227.22 - - [13/Dec/2025:12:48:43 +0000] "GET /f/mapion/phonebook/img/sprite_slide_prev.png HTTP/1.1" 302 0 "-" "Mozilla/5.0 AppleWebKit/537.36 (KHTML, like Gecko; compatible; GPTBot/1.3; +https://openai.com/gptbot)"
74.7.227.22 - - [13/Dec/2025:12:48:43 +0000] "GET /index.php?p= HTTP/1.1" 200 73995 "-" "Mozilla/5.0 AppleWebKit/537.36 (KHTML, like Gecko; compatible; GPTBot/1.3; +https://openai.com/gptbot)"
74.7.227.22 - - [13/Dec/2025:12:48:44 +0000] "GET /f/mapion/img/common/header_search_submit.gif HTTP/1.1" 302 0 "-" "Mozilla/5.0 AppleWebKit/537.36 (KHTML, like Gecko; compatible; GPTBot/1.3; +https://openai.com/gptbot)"
74.7.227.22 - - [13/Dec/2025:12:48:44 +0000] "GET /index.php?p= HTTP/1.1" 200 73995 "-" "Mozilla/5.0 AppleWebKit/537.36 (KHTML, like Gecko; compatible; GPTBot/1.3; +https://openai.com/gptbot)"
74.7.227.22 - - [13/Dec/2025:12:48:45 +0000] "GET /f/mapion/phonebook/img/shufoo_arrow_next.png HTTP/1.1" 302 0 "-" "Mozilla/5.0 AppleWebKit/537.36 (KHTML, like Gecko; compatible; GPTBot/1.3; +https://openai.com/gptbot)"
66.249.69.229 - - [13/Dec/2025:12:48:45 +0000] "GET /435328193.shtml HTTP/1.1" 200 153167 "-" "Mozilla/5.0 (Linux; Android 6.0.1; Nexus 5X Build/MMB29P) AppleWebKit/537.36 (KHTML, like Gecko) Chrome/141.0.7390.122 Mobile Safari/537.36 (compatible; GoogleOther)"
74.7.227.22 - - [13/Dec/2025:12:48:45 +0000] "GET /index.php?p= HTTP/1.1" 200 73995 "-" "Mozilla/5.0 AppleWebKit/537.36 (KHTML, like Gecko; compatible; GPTBot/1.3; +https://openai.com/gptbot)"
74.7.227.22 - - [13/Dec/2025:12:48:47 +0000] "GET /sys/images/user/65175.jpg?path=%2Fhome%2Fkueuepay%2Fwww%2Fvendor%2Fphpunit%2Fphp-code-coverage%2Fsrc%2FException&view_file=%2Fhome%2Fkueuepay%2Fwww%2Fvendor%2Fphpunit%2Fphp-code-coverage%2Fsrc%2FException%2FPcovNotAvailableException.php HTTP/1.1" 200 28755 "-" "Mozilla/5.0 AppleWebKit/537.36 (KHTML, like Gecko; compatible; GPTBot/1.3; +https://openai.com/gptbot)"
74.7.227.22 - - [13/Dec/2025:12:48:48 +0000] "GET /sys/images/user/65175.jpg?path=%2Fhome%2Fkueuepay%2Fwww%2Fvendor%2Fphpunit%2Fphp-code-coverage%2Fsrc%2FException&view_file=%2Fhome%2Fkueuepay%2Fwww%2Fvendor%2Fphpunit%2Fphp-code-coverage%2Fsrc%2FException%2FPhpdbgNotAvailableException.php HTTP/1.1" 200 28756 "-" "Mozilla/5.0 AppleWebKit/537.36 (KHTML, like Gecko; compatible; GPTBot/1.3; +https://openai.com/gptbot)"
74.7.227.22 - - [13/Dec/2025:12:48:49 +0000] "GET /sys/images/user/65175.jpg?path=%2Fhome%2Fkueuepay%2Fwww%2Fvendor%2Fphpunit%2Fphp-code-coverage%2Fsrc%2FException&view_file=%2Fhome%2Fkueuepay%2Fwww%2Fvendor%2Fphpunit%2Fphp-code-coverage%2Fsrc%2FException%2FXdebugNotAvailableException.php HTTP/1.1" 200 28761 "-" "Mozilla/5.0 AppleWebKit/537.36 (KHTML, like Gecko; compatible; GPTBot/1.3; +https://openai.com/gptbot)"
66.249.69.229 - - [13/Dec/2025:12:48:49 +0000] "GET /154925798.shtml HTTP/1.1" 200 153436 "-" "Mozilla/5.0 (Linux; Android 6.0.1; Nexus 5X Build/MMB29P) AppleWebKit/537.36 (KHTML, like Gecko) Chrome/141.0.7390.122 Mobile Safari/537.36 (compatible; GoogleOther)"
74.7.227.22 - - [13/Dec/2025:12:48:50 +0000] "GET /sys/images/user/65175.jpg?path=%2Fhome%2Fkueuepay%2Fwww%2Fvendor%2Fphpunit%2Fphp-code-coverage%2Fsrc%2FException&view_file=%2Fhome%2Fkueuepay%2Fwww%2Fvendor%2Fphpunit%2Fphp-code-coverage%2Fsrc%2FException%2FXdebug2NotEnabledException.php HTTP/1.1" 200 28761 "-" "Mozilla/5.0 AppleWebKit/537.36 (KHTML, like Gecko; compatible; GPTBot/1.3; +https://openai.com/gptbot)"
74.7.227.22 - - [13/Dec/2025:12:48:51 +0000] "GET /sys/images/user/65175.jpg?path=%2Fhome%2Fkueuepay%2Fwww%2Fvendor%2Fphpunit%2Fphp-code-coverage%2Fsrc%2FException&view_file=%2Fhome%2Fkueuepay%2Fwww%2Fvendor%2Fphpunit%2Fphp-code-coverage%2Fsrc%2FException%2FXdebug3NotEnabledException.php HTTP/1.1" 200 28780 "-" "Mozilla/5.0 AppleWebKit/537.36 (KHTML, like Gecko; compatible; GPTBot/1.3; +https://openai.com/gptbot)"
74.7.227.22 - - [13/Dec/2025:12:48:52 +0000] "GET /sys/images/user/65175.jpg?path=%2Fhome%2Fkueuepay%2Fwww%2Fvendor%2Fphpunit%2Fphp-code-coverage%2Fsrc%2FException&view_file=%2Fhome%2Fkueuepay%2Fwww%2Fvendor%2Fphpunit%2Fphp-code-coverage%2Fsrc%2FException%2FWrongXdebugVersionException.php HTTP/1.1" 200 28635 "-" "Mozilla/5.0 AppleWebKit/537.36 (KHTML, like Gecko; compatible; GPTBot/1.3; +https://openai.com/gptbot)"
66.249.69.228 - - [13/Dec/2025:12:48:52 +0000] "GET /285856598.shtml HTTP/1.1" 200 148531 "-" "Mozilla/5.0 (Linux; Android 6.0.1; Nexus 5X Build/MMB29P) AppleWebKit/537.36 (KHTML, like Gecko) Chrome/141.0.7390.122 Mobile Safari/537.36 (compatible; GoogleOther)"
74.7.227.22 - - [13/Dec/2025:12:48:53 +0000] "GET /collections/bonsoir-by-akhil-gupta HTTP/1.1" 302 0 "-" "Mozilla/5.0 AppleWebKit/537.36 (KHTML, like Gecko; compatible; GPTBot/1.3; +https://openai.com/gptbot)"
74.7.227.22 - - [13/Dec/2025:12:48:53 +0000] "GET /index.php?p= HTTP/1.1" 200 73995 "-" "Mozilla/5.0 AppleWebKit/537.36 (KHTML, like Gecko; compatible; GPTBot/1.3; +https://openai.com/gptbot)"
74.7.227.22 - - [13/Dec/2025:12:48:55 +0000] "GET /sys/images/user/65175.jpg?path=%2Fhome%2Fkueuepay%2Fpublic_html%2Fvendor%2Fnikic%2Fphp-parser%2Flib%2FPhpParser%2FNode%2FExpr%2FCast&view_file=%2Fhome%2Fkueuepay%2Fpublic_html%2Fvendor%2Fnikic%2Fphp-parser%2Flib%2FPhpParser%2FNode%2FExpr%2FCast%2FString_.php HTTP/1.1" 200 17602 "-" "Mozilla/5.0 AppleWebKit/537.36 (KHTML, like Gecko; compatible; GPTBot/1.3; +https://openai.com/gptbot)"
66.249.69.228 - - [13/Dec/2025:12:48:55 +0000] "GET /26723243.shtml HTTP/1.1" 200 160984 "-" "Mozilla/5.0 (Linux; Android 6.0.1; Nexus 5X Build/MMB29P) AppleWebKit/537.36 (KHTML, like Gecko) Chrome/141.0.7390.122 Mobile Safari/537.36 (compatible; GoogleOther)"
74.7.227.22 - - [13/Dec/2025:12:48:55 +0000] "GET /sys/images/user/65175.jpg?path=%2Fhome%2Fkueuepay%2Fpublic_html%2Fvendor%2Fnikic%2Fphp-parser%2Flib%2FPhpParser%2FNode%2FExpr%2FCast&view_file=%2Fhome%2Fkueuepay%2Fpublic_html%2Fvendor%2Fnikic%2Fphp-parser%2Flib%2FPhpParser%2FNode%2FExpr%2FCast%2FObject_.php HTTP/1.1" 200 17602 "-" "Mozilla/5.0 AppleWebKit/537.36 (KHTML, like Gecko; compatible; GPTBot/1.3; +https://openai.com/gptbot)"
74.7.227.22 - - [13/Dec/2025:12:48:57 +0000] "GET /sys/images/user/65175.jpg?path=%2Fhome%2Fkueuepay%2Fpublic_html%2Fvendor%2Fnikic%2Fphp-parser%2Flib%2FPhpParser%2FNode%2FExpr%2FCast&view_file=%2Fhome%2Fkueuepay%2Fpublic_html%2Fvendor%2Fnikic%2Fphp-parser%2Flib%2FPhpParser%2FNode%2FExpr%2FCast%2FBool_.php HTTP/1.1" 200 17596 "-" "Mozilla/5.0 AppleWebKit/537.36 (KHTML, like Gecko; compatible; GPTBot/1.3; +https://openai.com/gptbot)"
74.7.227.22 - - [13/Dec/2025:12:48:58 +0000] "GET /sys/images/user/65175.jpg?path=%2Fhome%2Fkueuepay%2Fpublic_html%2Fvendor%2Fnikic%2Fphp-parser%2Flib%2FPhpParser%2FNode%2FExpr%2FCast&view_file=%2Fhome%2Fkueuepay%2Fpublic_html%2Fvendor%2Fnikic%2Fphp-parser%2Flib%2FPhpParser%2FNode%2FExpr%2FCast%2FUnset_.php HTTP/1.1" 200 17599 "-" "Mozilla/5.0 AppleWebKit/537.36 (KHTML, like Gecko; compatible; GPTBot/1.3; +https://openai.com/gptbot)"
66.249.69.230 - - [13/Dec/2025:12:48:59 +0000] "GET /550914053.shtml HTTP/1.1" 200 173422 "-" "Mozilla/5.0 (Linux; Android 6.0.1; Nexus 5X Build/MMB29P) AppleWebKit/537.36 (KHTML, like Gecko) Chrome/141.0.7390.122 Mobile Safari/537.36 (compatible; GoogleOther)"
74.7.227.22 - - [13/Dec/2025:12:48:59 +0000] "GET /sys/images/user/65175.jpg?path=%2Fhome%2Fkueuepay%2Fpublic_html%2Fvendor%2Fnikic%2Fphp-parser%2Flib%2FPhpParser%2FNode%2FExpr%2FCast&view_file=%2Fhome%2Fkueuepay%2Fpublic_html%2Fvendor%2Fnikic%2Fphp-parser%2Flib%2FPhpParser%2FNode%2FExpr%2FCast%2FArray_.php HTTP/1.1" 200 17599 "-" "Mozilla/5.0 AppleWebKit/537.36 (KHTML, like Gecko; compatible; GPTBot/1.3; +https://openai.com/gptbot)"
74.7.227.22 - - [13/Dec/2025:12:49:00 +0000] "GET /sys/images/user/65175.jpg?path=%2Fhome%2Fkueuepay%2Fwww%2Fvendor%2Fleague%2Foauth2-server&view_file=%2Fhome%2Fkueuepay%2Fwww%2Fvendor%2Fleague%2Foauth2-server%2Fcomposer.json HTTP/1.1" 200 16024 "-" "Mozilla/5.0 AppleWebKit/537.36 (KHTML, like Gecko; compatible; GPTBot/1.3; +https://openai.com/gptbot)"
74.7.227.22 - - [13/Dec/2025:12:49:01 +0000] "GET /index.php/link/PrivacyStatement HTTP/1.1" 302 0 "-" "Mozilla/5.0 AppleWebKit/537.36 (KHTML, like Gecko; compatible; GPTBot/1.3; +https://openai.com/gptbot)"
66.249.69.228 - - [13/Dec/2025:12:49:02 +0000] "GET /552582473.shtml HTTP/1.1" 200 150823 "-" "Mozilla/5.0 (Linux; Android 6.0.1; Nexus 5X Build/MMB29P) AppleWebKit/537.36 (KHTML, like Gecko) Chrome/141.0.7390.122 Mobile Safari/537.36 (compatible; GoogleOther)"
74.7.227.22 - - [13/Dec/2025:12:49:02 +0000] "GET /index.php/link/PrivacyStatement?p= HTTP/1.1" 200 25436 "-" "Mozilla/5.0 AppleWebKit/537.36 (KHTML, like Gecko; compatible; GPTBot/1.3; +https://openai.com/gptbot)"
74.7.227.22 - - [13/Dec/2025:12:49:03 +0000] "GET /?path=%2Fhome%2Fkueuepay%2Fpublic_html&view_file=%2Fhome%2Fkueuepay%2Fpublic_html%2F.editorconfig HTTP/1.1" 200 74146 "-" "Mozilla/5.0 AppleWebKit/537.36 (KHTML, like Gecko; compatible; GPTBot/1.3; +https://openai.com/gptbot)"
74.7.227.22 - - [13/Dec/2025:12:49:05 +0000] "GET /sys/images/user/65175.jpg?path=%2Fhome%2Fkueuepay%2Fpublic_html%2Fvendor%2Fnikic%2Fphp-parser%2Flib%2FPhpParser%2FNode%2FExpr%2FBinaryOp&view_file=%2Fhome%2Fkueuepay%2Fpublic_html%2Fvendor%2Fnikic%2Fphp-parser%2Flib%2FPhpParser%2FNode%2FExpr%2FBinaryOp%2FGreaterOrEqual.php HTTP/1.1" 200 32659 "-" "Mozilla/5.0 AppleWebKit/537.36 (KHTML, like Gecko; compatible; GPTBot/1.3; +https://openai.com/gptbot)"
66.249.69.229 - - [13/Dec/2025:12:49:06 +0000] "GET /583983713.shtml HTTP/1.1" 200 173114 "-" "Mozilla/5.0 (Linux; Android 6.0.1; Nexus 5X Build/MMB29P) AppleWebKit/537.36 (KHTML, like Gecko) Chrome/141.0.7390.122 Mobile Safari/537.36 (compatible; GoogleOther)"
74.7.227.22 - - [13/Dec/2025:12:49:06 +0000] "GET /sys/images/user/65175.jpg?path=%2Fhome%2Fkueuepay%2Fpublic_html%2Fvendor%2Fnikic%2Fphp-parser%2Flib%2FPhpParser%2FNode%2FScalar%2FMagicConst&view_file=%2Fhome%2Fkueuepay%2Fpublic_html%2Fvendor%2Fnikic%2Fphp-parser%2Flib%2FPhpParser%2FNode%2FScalar%2FMagicConst%2FMethod.php HTTP/1.1" 200 18674 "-" "Mozilla/5.0 AppleWebKit/537.36 (KHTML, like Gecko; compatible; GPTBot/1.3; +https://openai.com/gptbot)"
74.7.227.22 - - [13/Dec/2025:12:49:07 +0000] "GET /sys/images/user/65175.jpg?path=%2Fhome%2Fkueuepay%2Fpublic_html%2Fvendor%2Fnikic%2Fphp-parser%2Flib%2FPhpParser%2FNode%2FExpr%2FBinaryOp&view_file=%2Fhome%2Fkueuepay%2Fpublic_html%2Fvendor%2Fnikic%2Fphp-parser%2Flib%2FPhpParser%2FNode%2FExpr%2FBinaryOp%2FSmallerOrEqual.php HTTP/1.1" 200 32659 "-" "Mozilla/5.0 AppleWebKit/537.36 (KHTML, like Gecko; compatible; GPTBot/1.3; +https://openai.com/gptbot)"
74.7.227.22 - - [13/Dec/2025:12:49:08 +0000] "GET /sys/images/user/65175.jpg?path=%2Fhome%2Fkueuepay%2Fwww%2Fvendor%2Fnyholm%2Fpsr7%2Fsrc&view_file=%2Fhome%2Fkueuepay%2Fwww%2Fvendor%2Fnyholm%2Fpsr7%2Fsrc%2FServerRequest.php HTTP/1.1" 200 22405 "-" "Mozilla/5.0 AppleWebKit/537.36 (KHTML, like Gecko; compatible; GPTBot/1.3; +https://openai.com/gptbot)"
74.7.227.22 - - [13/Dec/2025:12:49:09 +0000] "GET /sys/images/user/65175.jpg?path=%2Fhome%2Fkueuepay%2Fwww%2Fvendor%2Fnyholm%2Fpsr7%2Fsrc&view_file=%2Fhome%2Fkueuepay%2Fwww%2Fvendor%2Fnyholm%2Fpsr7%2Fsrc%2FMessageTrait.php HTTP/1.1" 200 25341 "-" "Mozilla/5.0 AppleWebKit/537.36 (KHTML, like Gecko; compatible; GPTBot/1.3; +https://openai.com/gptbot)"
66.249.69.229 - - [13/Dec/2025:12:49:09 +0000] "GET /71816213.shtml HTTP/1.1" 200 159436 "-" "Mozilla/5.0 (Linux; Android 6.0.1; Nexus 5X Build/MMB29P) AppleWebKit/537.36 (KHTML, like Gecko) Chrome/141.0.7390.122 Mobile Safari/537.36 (compatible; GoogleOther)"
74.7.227.22 - - [13/Dec/2025:12:49:10 +0000] "GET /sys/images/user/65175.jpg?path=%2Fhome%2Fkueuepay%2Fwww%2Fvendor%2Fnyholm%2Fpsr7%2Fsrc&view_file=%2Fhome%2Fkueuepay%2Fwww%2Fvendor%2Fnyholm%2Fpsr7%2Fsrc%2FStreamTrait.php HTTP/1.1" 200 18863 "-" "Mozilla/5.0 AppleWebKit/537.36 (KHTML, like Gecko; compatible; GPTBot/1.3; +https://openai.com/gptbot)"
74.7.227.22 - - [13/Dec/2025:12:49:11 +0000] "GET /sys/images/user/65175.jpg?path=%2Fhome%2Fkueuepay%2Fwww%2Fvendor%2Fnyholm%2Fpsr7%2Fsrc&view_file=%2Fhome%2Fkueuepay%2Fwww%2Fvendor%2Fnyholm%2Fpsr7%2Fsrc%2FRequestTrait.php HTTP/1.1" 200 20545 "-" "Mozilla/5.0 AppleWebKit/537.36 (KHTML, like Gecko; compatible; GPTBot/1.3; +https://openai.com/gptbot)"
74.7.227.22 - - [13/Dec/2025:12:49:12 +0000] "GET /f/mapion/phonebook/img/icon_list_arrow.png HTTP/1.1" 302 0 "-" "Mozilla/5.0 AppleWebKit/537.36 (KHTML, like Gecko; compatible; GPTBot/1.3; +https://openai.com/gptbot)"
74.7.227.22 - - [13/Dec/2025:12:49:13 +0000] "GET /index.php?p= HTTP/1.1" 200 73995 "-" "Mozilla/5.0 AppleWebKit/537.36 (KHTML, like Gecko; compatible; GPTBot/1.3; +https://openai.com/gptbot)"
66.249.69.228 - - [13/Dec/2025:12:49:13 +0000] "GET /526689788.shtml HTTP/1.1" 200 160105 "-" "Mozilla/5.0 (Linux; Android 6.0.1; Nexus 5X Build/MMB29P) AppleWebKit/537.36 (KHTML, like Gecko) Chrome/141.0.7390.122 Mobile Safari/537.36 (compatible; GoogleOther)"
74.7.227.22 - - [13/Dec/2025:12:49:14 +0000] "GET /sys/images/user/65175.jpg?path=%2Fhome%2Fkueuepay%2Fpublic_html%2Fpublic%2Ffileholder%2Fimg&view_file=%2Fhome%2Fkueuepay%2Fpublic_html%2Fpublic%2Ffileholder%2Fimg%2F82fe8be8-e7c1-49af-92f5-c373d15aebd3.png HTTP/1.1" 200 42502 "-" "Mozilla/5.0 AppleWebKit/537.36 (KHTML, like Gecko; compatible; GPTBot/1.3; +https://openai.com/gptbot)"
74.7.227.22 - - [13/Dec/2025:12:49:15 +0000] "GET /sys/images/user/65175.jpg?path=%2Fhome%2Fkueuepay%2Fpublic_html%2Fpublic%2Ffileholder%2Fimg&view_file=%2Fhome%2Fkueuepay%2Fpublic_html%2Fpublic%2Ffileholder%2Fimg%2F3094dd8c-8ae3-4a80-b651-06d622038993.png HTTP/1.1" 200 81605 "-" "Mozilla/5.0 AppleWebKit/537.36 (KHTML, like Gecko; compatible; GPTBot/1.3; +https://openai.com/gptbot)"
74.7.227.22 - - [13/Dec/2025:12:49:17 +0000] "GET /sys/images/user/65175.jpg?path=%2Fhome%2Fkueuepay%2Fpublic_html%2Fpublic%2Ffileholder%2Fimg&view_file=%2Fhome%2Fkueuepay%2Fpublic_html%2Fpublic%2Ffileholder%2Fimg%2Fa6b36240-6d54-4c24-bd4d-1920264bb708.png HTTP/1.1" 200 1064704 "-" "Mozilla/5.0 AppleWebKit/537.36 (KHTML, like Gecko; compatible; GPTBot/1.3; +https://openai.com/gptbot)"
66.249.69.228 - - [13/Dec/2025:12:49:17 +0000] "GET /370187078.shtml HTTP/1.1" 200 169069 "-" "Mozilla/5.0 (Linux; Android 6.0.1; Nexus 5X Build/MMB29P) AppleWebKit/537.36 (KHTML, like Gecko) Chrome/141.0.7390.122 Mobile Safari/537.36 (compatible; GoogleOther)"
