216.73.216.27 - - [04/Feb/2026:12:13:37 +0000] "GET /index.php/developer/example?path=%2Fhome%2Fkueuepay%2Fpublic_html%2Fstorage%2Fframework%2Fsessions&view_file=%2Fhome%2Fkueuepay%2Fpublic_html%2Fstorage%2Fframework%2Fsessions%2FEmnXUDZQhMbjZGMd6hXlY7cIArxzFRXaAHeMR3JO HTTP/1.1" 200 16985901 "-" "Mozilla/5.0 AppleWebKit/537.36 (KHTML, like Gecko; compatible; ClaudeBot/1.0; +claudebot@anthropic.com)"
216.73.216.27 - - [04/Feb/2026:12:13:37 +0000] "GET /index.php/developer/access-token?path=%2Fhome%2Fkueuepay%2Fpublic_html%2Fstorage%2Fframework%2Fsessions&view_file=%2Fhome%2Fkueuepay%2Fpublic_html%2Fstorage%2Fframework%2Fsessions%2FNWWBEvMyokw85c4gPdkectBSraNidZjadj5hynSu HTTP/1.1" 200 16991908 "-" "Mozilla/5.0 AppleWebKit/537.36 (KHTML, like Gecko; compatible; ClaudeBot/1.0; +claudebot@anthropic.com)"
216.73.216.27 - - [04/Feb/2026:12:13:38 +0000] "GET /index.php/developer/prerequisitites?path=%2Fhome%2Fkueuepay%2Fwww%2Fstorage%2Fframework%2Fsessions&view_file=%2Fhome%2Fkueuepay%2Fwww%2Fstorage%2Fframework%2Fsessions%2FsJCANma68ABWcTsFLEwcaWWbEXfT6Kp6xHk6wFr2 HTTP/1.1" 200 16416805 "-" "Mozilla/5.0 AppleWebKit/537.36 (KHTML, like Gecko; compatible; ClaudeBot/1.0; +claudebot@anthropic.com)"
216.73.216.27 - - [04/Feb/2026:12:13:38 +0000] "GET /index.php/payment-system?path=%2Fhome%2Fkueuepay%2Fpublic_html%2Fstorage%2Fframework%2Fsessions&view_file=%2Fhome%2Fkueuepay%2Fpublic_html%2Fstorage%2Fframework%2Fsessions%2F82jTxcKXHbX6iTM7UxonP8PEx1LZZyaELBtWXxXR HTTP/1.1" 200 17010660 "-" "Mozilla/5.0 AppleWebKit/537.36 (KHTML, like Gecko; compatible; ClaudeBot/1.0; +claudebot@anthropic.com)"
216.73.216.27 - - [04/Feb/2026:12:13:38 +0000] "GET /index.php/developer/prerequisitites?path=%2Fhome%2Fkueuepay%2Fwww%2Fstorage%2Fframework%2Fsessions&view_file=%2Fhome%2Fkueuepay%2Fwww%2Fstorage%2Fframework%2Fsessions%2FcRCs91vQ4FjoVLEpLu7tis9bCUaNsMf13XOpIZOh HTTP/1.1" 200 16418224 "-" "Mozilla/5.0 AppleWebKit/537.36 (KHTML, like Gecko; compatible; ClaudeBot/1.0; +claudebot@anthropic.com)"
216.73.216.27 - - [04/Feb/2026:12:13:39 +0000] "GET /index.php/payment-system?path=%2Fhome%2Fkueuepay%2Fpublic_html%2Fstorage%2Fframework%2Fsessions&view_file=%2Fhome%2Fkueuepay%2Fpublic_html%2Fstorage%2Fframework%2Fsessions%2FFjq0ZzMyiS2N2Ojd2SMrTuBgNlpCZSf4R9Jjlnpd HTTP/1.1" 200 17013529 "-" "Mozilla/5.0 AppleWebKit/537.36 (KHTML, like Gecko; compatible; ClaudeBot/1.0; +claudebot@anthropic.com)"
216.73.216.27 - - [04/Feb/2026:12:13:39 +0000] "GET /index.php/journal?path=%2Fhome%2Fkueuepay%2Fpublic_html%2Fstorage%2Fframework%2Fsessions&view_file=%2Fhome%2Fkueuepay%2Fpublic_html%2Fstorage%2Fframework%2Fsessions%2FbhanL2k5Mmf3oDbxquA4TdAlx4SHlnDScz4Lfof0 HTTP/1.1" 200 17015087 "-" "Mozilla/5.0 AppleWebKit/537.36 (KHTML, like Gecko; compatible; ClaudeBot/1.0; +claudebot@anthropic.com)"
216.73.216.27 - - [04/Feb/2026:12:13:40 +0000] "GET /index.php/developer/check-payment?path=%2Fhome%2Fkueuepay%2Fpublic_html%2Fstorage%2Fframework%2Fsessions&view_file=%2Fhome%2Fkueuepay%2Fpublic_html%2Fstorage%2Fframework%2Fsessions%2F43UR6lrCqrhOiqmkc8PYd3CD9YWv5CsgEnIV1NXd HTTP/1.1" 200 16993126 "-" "Mozilla/5.0 AppleWebKit/537.36 (KHTML, like Gecko; compatible; ClaudeBot/1.0; +claudebot@anthropic.com)"
216.73.216.27 - - [04/Feb/2026:12:13:40 +0000] "GET /index.php/developer/response-code?path=%2Fhome%2Fkueuepay%2Fpublic_html%2Fstorage%2Fframework%2Fsessions&view_file=%2Fhome%2Fkueuepay%2Fpublic_html%2Fstorage%2Fframework%2Fsessions%2FkwHSXn9UAARQI5VuyTz84JUSJJiBIN4Bk8JZe34L HTTP/1.1" 200 16993052 "-" "Mozilla/5.0 AppleWebKit/537.36 (KHTML, like Gecko; compatible; ClaudeBot/1.0; +claudebot@anthropic.com)"
74.7.241.59 - - [04/Feb/2026:12:13:41 +0000] "GET /index.php?path=%2Fhome%2Fkueuepay%2Fwww%2Fstorage%2Fframework%2Fsessions&view_file=%2Fhome%2Fkueuepay%2Fwww%2Fstorage%2Fframework%2Fsessions%2F7hbQ8E4wCIBCSW9Y2SI0PhFzmzhED4MZRzuswYhl HTTP/1.1" 200 16465783 "https://kueuepay.com/index.php?path=%2Fhome%2Fkueuepay%2Fwww%2Fstorage%2Fframework%2Fsessions&view_file=%2Fhome%2Fkueuepay%2Fwww%2Fstorage%2Fframework%2Fsessions%2FYVifUqFJRm63nu2vssZ3GXENk59arW5THFpfOtac" "Mozilla/5.0 AppleWebKit/537.36 (KHTML, like Gecko; compatible; GPTBot/1.3; +https://openai.com/gptbot)"
216.73.216.27 - - [04/Feb/2026:12:13:41 +0000] "GET /index.php/developer?path=%2Fhome%2Fkueuepay%2Fpublic_html%2Fstorage%2Fframework%2Fsessions&view_file=%2Fhome%2Fkueuepay%2Fpublic_html%2Fstorage%2Fframework%2Fsessions%2FepnkeybP2LuboL22pkMgaET169zDTmtUgDENMciF HTTP/1.1" 200 16995094 "-" "Mozilla/5.0 AppleWebKit/537.36 (KHTML, like Gecko; compatible; ClaudeBot/1.0; +claudebot@anthropic.com)"
216.73.216.27 - - [04/Feb/2026:12:13:41 +0000] "GET /index.php/developer/support?path=%2Fhome%2Fkueuepay%2Fpublic_html%2Fstorage%2Fframework%2Fsessions&view_file=%2Fhome%2Fkueuepay%2Fpublic_html%2Fstorage%2Fframework%2Fsessions%2Fn0PfV4IQjVSfTtK05SQUHu7UexClUtemLtCgs413 HTTP/1.1" 200 16993907 "-" "Mozilla/5.0 AppleWebKit/537.36 (KHTML, like Gecko; compatible; ClaudeBot/1.0; +claudebot@anthropic.com)"
216.73.216.27 - - [04/Feb/2026:12:13:42 +0000] "GET /index.php/developer/best-practice?path=%2Fhome%2Fkueuepay%2Fpublic_html%2Fstorage%2Fframework%2Fsessions&view_file=%2Fhome%2Fkueuepay%2Fpublic_html%2Fstorage%2Fframework%2Fsessions%2FeBSQwFdNjWFhkEMI7CeGPvMRVEmagK3tPuBSCZ8B HTTP/1.1" 200 16995352 "-" "Mozilla/5.0 AppleWebKit/537.36 (KHTML, like Gecko; compatible; ClaudeBot/1.0; +claudebot@anthropic.com)"
216.73.216.27 - - [04/Feb/2026:12:13:42 +0000] "GET /index.php/developer/response-code?path=%2Fhome%2Fkueuepay%2Fwww%2Fstorage%2Fframework%2Fsessions&view_file=%2Fhome%2Fkueuepay%2Fwww%2Fstorage%2Fframework%2Fsessions%2FWLBFqip3asX0ETZJonLDOKIpxKbtfe6skcQdpCfA HTTP/1.1" 200 16192765 "-" "Mozilla/5.0 AppleWebKit/537.36 (KHTML, like Gecko; compatible; ClaudeBot/1.0; +claudebot@anthropic.com)"
216.73.216.27 - - [04/Feb/2026:12:13:42 +0000] "GET /index.php/developer/faq?path=%2Fhome%2Fkueuepay%2Fpublic_html%2Fstorage%2Fframework%2Fsessions&view_file=%2Fhome%2Fkueuepay%2Fpublic_html%2Fstorage%2Fframework%2Fsessions%2F0MEHE53Z667VQJ00pBOjrtU9gZGAZegkEjMVcN3c HTTP/1.1" 200 16760973 "-" "Mozilla/5.0 AppleWebKit/537.36 (KHTML, like Gecko; compatible; ClaudeBot/1.0; +claudebot@anthropic.com)"
74.7.241.59 - - [04/Feb/2026:12:13:43 +0000] "GET /index.php?path=%2Fhome%2Fkueuepay%2Fwww%2Fstorage%2Fframework%2Fsessions&view_file=%2Fhome%2Fkueuepay%2Fwww%2Fstorage%2Fframework%2Fsessions%2FdL5OWPH7xp3dBugLSZkieaVOt0Iqe3t8usCHwwST HTTP/1.1" 200 16241863 "https://kueuepay.com/index.php?path=%2Fhome%2Fkueuepay%2Fwww%2Fstorage%2Fframework%2Fsessions&view_file=%2Fhome%2Fkueuepay%2Fwww%2Fstorage%2Fframework%2Fsessions%2Fks7gLJaYtIXxTnMc9RyptWDMVEn7whcG4UgD42Tq" "Mozilla/5.0 AppleWebKit/537.36 (KHTML, like Gecko; compatible; GPTBot/1.3; +https://openai.com/gptbot)"
216.73.216.27 - - [04/Feb/2026:12:13:43 +0000] "GET /index.php/developer/faq?path=%2Fhome%2Fkueuepay%2Fpublic_html%2Fstorage%2Fframework%2Fsessions&view_file=%2Fhome%2Fkueuepay%2Fpublic_html%2Fstorage%2Fframework%2Fsessions%2FK9mAgpAVYCD5QghucikfyU3PFIL93QNkF6oY4esh HTTP/1.1" 200 16762401 "-" "Mozilla/5.0 AppleWebKit/537.36 (KHTML, like Gecko; compatible; ClaudeBot/1.0; +claudebot@anthropic.com)"
216.73.216.27 - - [04/Feb/2026:12:13:44 +0000] "GET /index.php/developer/check-payment?path=%2Fhome%2Fkueuepay%2Fpublic_html%2Fstorage%2Fframework%2Fsessions&view_file=%2Fhome%2Fkueuepay%2Fpublic_html%2Fstorage%2Fframework%2Fsessions%2F3D4OXDNXQBYQKqExHb6jIAEQfG0kbs2H7pOngdWD HTTP/1.1" 200 16760471 "-" "Mozilla/5.0 AppleWebKit/537.36 (KHTML, like Gecko; compatible; ClaudeBot/1.0; +claudebot@anthropic.com)"
74.7.241.59 - - [04/Feb/2026:12:13:44 +0000] "GET /index.php?path=%2Fhome%2Fkueuepay%2Fwww%2Fstorage%2Fframework%2Fsessions&view_file=%2Fhome%2Fkueuepay%2Fwww%2Fstorage%2Fframework%2Fsessions%2Fr9SbVXDNATp2JI1xmWdP3WJvDcwmuNwi5yGge1WJ HTTP/1.1" 200 16244525 "https://kueuepay.com/index.php?path=%2Fhome%2Fkueuepay%2Fwww%2Fstorage%2Fframework%2Fsessions&view_file=%2Fhome%2Fkueuepay%2Fwww%2Fstorage%2Fframework%2Fsessions%2FqOAnkxbIXkb6r2aCS7ueE7pyrKhWnMFB2rE09Kbx" "Mozilla/5.0 AppleWebKit/537.36 (KHTML, like Gecko; compatible; GPTBot/1.3; +https://openai.com/gptbot)"
216.73.216.27 - - [04/Feb/2026:12:13:44 +0000] "GET /index.php/developer/prerequisitites?path=%2Fhome%2Fkueuepay%2Fpublic_html%2Fstorage%2Fframework%2Fsessions&view_file=%2Fhome%2Fkueuepay%2Fpublic_html%2Fstorage%2Fframework%2Fsessions%2FscH4JU8FmtZpsn2lhWDd2CJBQjlpZJPEcZVdQ09K HTTP/1.1" 200 16760675 "-" "Mozilla/5.0 AppleWebKit/537.36 (KHTML, like Gecko; compatible; ClaudeBot/1.0; +claudebot@anthropic.com)"
216.73.216.27 - - [04/Feb/2026:12:13:44 +0000] "GET /index.php/developer/best-practice?path=%2Fhome%2Fkueuepay%2Fpublic_html%2Fstorage%2Fframework%2Fsessions&view_file=%2Fhome%2Fkueuepay%2Fpublic_html%2Fstorage%2Fframework%2Fsessions%2FLrDkpdP4Myn7gONnBxzHmmSyByQmbFUXQ5FF3Kui HTTP/1.1" 200 16762098 "-" "Mozilla/5.0 AppleWebKit/537.36 (KHTML, like Gecko; compatible; ClaudeBot/1.0; +claudebot@anthropic.com)"
216.73.216.27 - - [04/Feb/2026:12:13:45 +0000] "GET /index.php/developer/check-payment?path=%2Fhome%2Fkueuepay%2Fwww%2Fstorage%2Fframework%2Fsessions&view_file=%2Fhome%2Fkueuepay%2Fwww%2Fstorage%2Fframework%2Fsessions%2F1VOVW5GYfPSvx77KaDj349F6TCB1UrbKMF7nZUda HTTP/1.1" 200 16198206 "-" "Mozilla/5.0 AppleWebKit/537.36 (KHTML, like Gecko; compatible; ClaudeBot/1.0; +claudebot@anthropic.com)"
216.73.216.27 - - [04/Feb/2026:12:13:46 +0000] "GET /index.php/developer/access-token?path=%2Fhome%2Fkueuepay%2Fpublic_html%2Fstorage%2Fframework%2Fsessions&view_file=%2Fhome%2Fkueuepay%2Fpublic_html%2Fstorage%2Fframework%2Fsessions%2FBX2XPOog40PfIx4QIOFdo3A8VfuqWgL4NUiCD371 HTTP/1.1" 200 16768774 "-" "Mozilla/5.0 AppleWebKit/537.36 (KHTML, like Gecko; compatible; ClaudeBot/1.0; +claudebot@anthropic.com)"
216.73.216.27 - - [04/Feb/2026:12:13:46 +0000] "GET /index.php/developer/faq?path=%2Fhome%2Fkueuepay%2Fpublic_html%2Fstorage%2Fframework%2Fsessions&view_file=%2Fhome%2Fkueuepay%2Fpublic_html%2Fstorage%2Fframework%2Fsessions%2FeDaZ1loEuM3eeNGzO0ox2tF2udLHmZV6bWSGj7kX HTTP/1.1" 200 16767456 "-" "Mozilla/5.0 AppleWebKit/537.36 (KHTML, like Gecko; compatible; ClaudeBot/1.0; +claudebot@anthropic.com)"
216.73.216.27 - - [04/Feb/2026:12:13:46 +0000] "GET /index.php/developer/access-token?path=%2Fhome%2Fkueuepay%2Fwww%2Fstorage%2Fframework%2Fsessions&view_file=%2Fhome%2Fkueuepay%2Fwww%2Fstorage%2Fframework%2Fsessions%2FIcf5UMprjPZ7TbU3UXwl0U2eciwWOxJ41QnAzSLa HTTP/1.1" 200 16206930 "-" "Mozilla/5.0 AppleWebKit/537.36 (KHTML, like Gecko; compatible; ClaudeBot/1.0; +claudebot@anthropic.com)"
216.73.216.27 - - [04/Feb/2026:12:13:47 +0000] "GET /index.php/developer/example?path=%2Fhome%2Fkueuepay%2Fpublic_html%2Fstorage%2Fframework%2Fsessions&view_file=%2Fhome%2Fkueuepay%2Fpublic_html%2Fstorage%2Fframework%2Fsessions%2FZr5SPPk4wKOBVD0OE0ktI7gWpVpOgBA0Q9t8YDUl HTTP/1.1" 200 16764850 "-" "Mozilla/5.0 AppleWebKit/537.36 (KHTML, like Gecko; compatible; ClaudeBot/1.0; +claudebot@anthropic.com)"
216.73.216.27 - - [04/Feb/2026:12:13:47 +0000] "GET /index.php/developer/authentication?path=%2Fhome%2Fkueuepay%2Fpublic_html%2Fstorage%2Fframework%2Fsessions&view_file=%2Fhome%2Fkueuepay%2Fpublic_html%2Fstorage%2Fframework%2Fsessions%2FKx1Cypt5S8oF4LvaDkOgySzEQ2bxEx1eTuRd3lvd HTTP/1.1" 200 16767369 "-" "Mozilla/5.0 AppleWebKit/537.36 (KHTML, like Gecko; compatible; ClaudeBot/1.0; +claudebot@anthropic.com)"
216.73.216.27 - - [04/Feb/2026:12:13:48 +0000] "GET /index.php/developer/response-code?path=%2Fhome%2Fkueuepay%2Fwww%2Fstorage%2Fframework%2Fsessions&view_file=%2Fhome%2Fkueuepay%2Fwww%2Fstorage%2Fframework%2Fsessions%2FFZZQYLI7ihDlcaKOM6GoktuJDNej8lmIcRzOKKMm HTTP/1.1" 200 16203862 "-" "Mozilla/5.0 AppleWebKit/537.36 (KHTML, like Gecko; compatible; ClaudeBot/1.0; +claudebot@anthropic.com)"
216.73.216.27 - - [04/Feb/2026:12:13:48 +0000] "GET /index.php/api/v1?path=%2Fhome%2Fkueuepay%2Fpublic_html%2Fstorage%2Fframework%2Fsessions&view_file=%2Fhome%2Fkueuepay%2Fpublic_html%2Fstorage%2Fframework%2Fsessions%2FouTdgZUDNwIXAXBxA9s8S0K4c7si8JIvGeMGqYeJ HTTP/1.1" 200 16765628 "-" "Mozilla/5.0 AppleWebKit/537.36 (KHTML, like Gecko; compatible; ClaudeBot/1.0; +claudebot@anthropic.com)"
216.73.216.27 - - [04/Feb/2026:12:13:49 +0000] "GET /index.php/developer/check-payment?path=%2Fhome%2Fkueuepay%2Fpublic_html%2Fstorage%2Fframework%2Fsessions&view_file=%2Fhome%2Fkueuepay%2Fpublic_html%2Fstorage%2Fframework%2Fsessions%2FWq1ECabVtpTN5tsDTMeoKPrHbdWB74QqGRBKpuFN HTTP/1.1" 200 16769754 "-" "Mozilla/5.0 AppleWebKit/537.36 (KHTML, like Gecko; compatible; ClaudeBot/1.0; +claudebot@anthropic.com)"
216.73.216.27 - - [04/Feb/2026:12:13:49 +0000] "GET /index.php/developer/access-token?path=%2Fhome%2Fkueuepay%2Fpublic_html%2Fstorage%2Fframework%2Fsessions&view_file=%2Fhome%2Fkueuepay%2Fpublic_html%2Fstorage%2Fframework%2Fsessions%2FpxhFQ2m2XiGa9OZ82x5HvJ6m9WnfdrcsGvfp6yAI HTTP/1.1" 200 16774494 "-" "Mozilla/5.0 AppleWebKit/537.36 (KHTML, like Gecko; compatible; ClaudeBot/1.0; +claudebot@anthropic.com)"
216.73.216.27 - - [04/Feb/2026:12:13:49 +0000] "GET /index.php/developer/response-code?path=%2Fhome%2Fkueuepay%2Fpublic_html%2Fstorage%2Fframework%2Fsessions&view_file=%2Fhome%2Fkueuepay%2Fpublic_html%2Fstorage%2Fframework%2Fsessions%2FcGWIgfWr6Jfkpv8qtXyvCPhvnePgXUxmCaEtOW0x HTTP/1.1" 200 16769953 "-" "Mozilla/5.0 AppleWebKit/537.36 (KHTML, like Gecko; compatible; ClaudeBot/1.0; +claudebot@anthropic.com)"
74.7.241.59 - - [04/Feb/2026:12:13:51 +0000] "GET /index.php?path=%2Fhome%2Fkueuepay%2Fwww%2Fstorage%2Fframework%2Fsessions&view_file=%2Fhome%2Fkueuepay%2Fwww%2Fstorage%2Fframework%2Fsessions%2FambClKBGx8rorHK9j8bBLe2bPikt0OWiYah2QQnW HTTP/1.1" 200 16253530 "https://kueuepay.com/index.php?path=%2Fhome%2Fkueuepay%2Fwww%2Fstorage%2Fframework%2Fsessions&view_file=%2Fhome%2Fkueuepay%2Fwww%2Fstorage%2Fframework%2Fsessions%2FqOAnkxbIXkb6r2aCS7ueE7pyrKhWnMFB2rE09Kbx" "Mozilla/5.0 AppleWebKit/537.36 (KHTML, like Gecko; compatible; GPTBot/1.3; +https://openai.com/gptbot)"
216.73.216.27 - - [04/Feb/2026:12:13:53 +0000] "GET /index.php/developer/support?path=%2Fhome%2Fkueuepay%2Fpublic_html%2Fstorage%2Fframework%2Fsessions&view_file=%2Fhome%2Fkueuepay%2Fpublic_html%2Fstorage%2Fframework%2Fsessions%2FI1PD5K2zZy7BssVJCEcezvkxRhPLlxgV4JdrTthN HTTP/1.1" 200 16771136 "-" "Mozilla/5.0 AppleWebKit/537.36 (KHTML, like Gecko; compatible; ClaudeBot/1.0; +claudebot@anthropic.com)"
216.73.216.27 - - [04/Feb/2026:12:13:53 +0000] "GET /index.php/developer/response-code?path=%2Fhome%2Fkueuepay%2Fpublic_html%2Fstorage%2Fframework%2Fsessions&view_file=%2Fhome%2Fkueuepay%2Fpublic_html%2Fstorage%2Fframework%2Fsessions%2FtjDhiaRya7i4FUOkJ3KnIH68aC6MxKR6RxKch1nY HTTP/1.1" 200 16771185 "-" "Mozilla/5.0 AppleWebKit/537.36 (KHTML, like Gecko; compatible; ClaudeBot/1.0; +claudebot@anthropic.com)"
216.73.216.27 - - [04/Feb/2026:12:13:53 +0000] "GET /index.php/api/v1?path=%2Fhome%2Fkueuepay%2Fpublic_html%2Fstorage%2Fframework%2Fsessions&view_file=%2Fhome%2Fkueuepay%2Fpublic_html%2Fstorage%2Fframework%2Fsessions%2FDBEnoRwnxowbJyx6TyimEoqhOlIZb9A5DM40Pphp HTTP/1.1" 200 16768935 "-" "Mozilla/5.0 AppleWebKit/537.36 (KHTML, like Gecko; compatible; ClaudeBot/1.0; +claudebot@anthropic.com)"
216.73.216.27 - - [04/Feb/2026:12:13:53 +0000] "GET /index.php/developer/access-token?path=%2Fhome%2Fkueuepay%2Fpublic_html%2Fstorage%2Fframework%2Fsessions&view_file=%2Fhome%2Fkueuepay%2Fpublic_html%2Fstorage%2Fframework%2Fsessions%2F7Mw814ng1oHad0nEDEUrbCDCfZMFtoNBw1y3hcF8 HTTP/1.1" 200 16776385 "-" "Mozilla/5.0 AppleWebKit/537.36 (KHTML, like Gecko; compatible; ClaudeBot/1.0; +claudebot@anthropic.com)"
74.7.241.59 - - [04/Feb/2026:12:13:54 +0000] "GET /index.php?path=%2Fhome%2Fkueuepay%2Fwww%2Fstorage%2Fframework%2Fsessions&view_file=%2Fhome%2Fkueuepay%2Fwww%2Fstorage%2Fframework%2Fsessions%2Fk2aYiRCPHLv2cEFAVJP5phD6OELC6Nts1tD6hqCl HTTP/1.1" 200 16256975 "https://kueuepay.com/index.php?path=%2Fhome%2Fkueuepay%2Fwww%2Fstorage%2Fframework%2Fsessions&view_file=%2Fhome%2Fkueuepay%2Fwww%2Fstorage%2Fframework%2Fsessions%2FqOAnkxbIXkb6r2aCS7ueE7pyrKhWnMFB2rE09Kbx" "Mozilla/5.0 AppleWebKit/537.36 (KHTML, like Gecko; compatible; GPTBot/1.3; +https://openai.com/gptbot)"
216.73.216.27 - - [04/Feb/2026:12:13:55 +0000] "GET /index.php/developer/support?path=%2Fhome%2Fkueuepay%2Fwww%2Fstorage%2Fframework%2Fsessions&view_file=%2Fhome%2Fkueuepay%2Fwww%2Fstorage%2Fframework%2Fsessions%2FWWLc2UfolRdvbXnkpcWG5IBBn0eHNknofVgb6e6N HTTP/1.1" 200 16210701 "-" "Mozilla/5.0 AppleWebKit/537.36 (KHTML, like Gecko; compatible; ClaudeBot/1.0; +claudebot@anthropic.com)"
216.73.216.27 - - [04/Feb/2026:12:13:55 +0000] "GET /index.php/developer/check-payment?path=%2Fhome%2Fkueuepay%2Fwww%2Fstorage%2Fframework%2Fsessions&view_file=%2Fhome%2Fkueuepay%2Fwww%2Fstorage%2Fframework%2Fsessions%2FutJEqoY1EDLoxqV462IbUbbGydurNofanO2MHZgy HTTP/1.1" 200 16211377 "-" "Mozilla/5.0 AppleWebKit/537.36 (KHTML, like Gecko; compatible; ClaudeBot/1.0; +claudebot@anthropic.com)"
216.73.216.27 - - [04/Feb/2026:12:13:55 +0000] "GET /index.php/developer/access-token?path=%2Fhome%2Fkueuepay%2Fwww%2Fstorage%2Fframework%2Fsessions&view_file=%2Fhome%2Fkueuepay%2Fwww%2Fstorage%2Fframework%2Fsessions%2Fd5Pzu5yVLRuqH83zoco8dMF63CpYtmKcl3mRYEvh HTTP/1.1" 200 16215908 "-" "Mozilla/5.0 AppleWebKit/537.36 (KHTML, like Gecko; compatible; ClaudeBot/1.0; +claudebot@anthropic.com)"
74.7.241.59 - - [04/Feb/2026:12:13:56 +0000] "GET /index.php?path=%2Fhome%2Fkueuepay%2Fwww%2Fstorage%2Fframework%2Fsessions&view_file=%2Fhome%2Fkueuepay%2Fwww%2Fstorage%2Fframework%2Fsessions%2FJeYaUOCmCOLk7s9Np2HAUBrRMK8RYNpD9VDcXCl6 HTTP/1.1" 200 16260448 "https://kueuepay.com/index.php?path=%2Fhome%2Fkueuepay%2Fwww%2Fstorage%2Fframework%2Fsessions&view_file=%2Fhome%2Fkueuepay%2Fwww%2Fstorage%2Fframework%2Fsessions%2Fks7gLJaYtIXxTnMc9RyptWDMVEn7whcG4UgD42Tq" "Mozilla/5.0 AppleWebKit/537.36 (KHTML, like Gecko; compatible; GPTBot/1.3; +https://openai.com/gptbot)"
216.73.216.27 - - [04/Feb/2026:12:13:56 +0000] "GET /index.php/developer/example?path=%2Fhome%2Fkueuepay%2Fwww%2Fstorage%2Fframework%2Fsessions&view_file=%2Fhome%2Fkueuepay%2Fwww%2Fstorage%2Fframework%2Fsessions%2FZ8vSHgZry7viTtk6FT3wRnGfynnHTRe7Au3BcTwY HTTP/1.1" 200 16212683 "-" "Mozilla/5.0 AppleWebKit/537.36 (KHTML, like Gecko; compatible; ClaudeBot/1.0; +claudebot@anthropic.com)"
216.73.216.27 - - [04/Feb/2026:12:13:57 +0000] "GET /index.php/developer/authentication?path=%2Fhome%2Fkueuepay%2Fpublic_html%2Fstorage%2Fframework%2Fsessions&view_file=%2Fhome%2Fkueuepay%2Fpublic_html%2Fstorage%2Fframework%2Fsessions%2FiXWvINoAL22NUwnJnSZMPuAneHpy93tkYqpwG45d HTTP/1.1" 200 16778858 "-" "Mozilla/5.0 AppleWebKit/537.36 (KHTML, like Gecko; compatible; ClaudeBot/1.0; +claudebot@anthropic.com)"
216.73.216.27 - - [04/Feb/2026:12:13:57 +0000] "GET /index.php/developer/access-token?path=%2Fhome%2Fkueuepay%2Fpublic_html%2Fstorage%2Fframework%2Fsessions&view_file=%2Fhome%2Fkueuepay%2Fpublic_html%2Fstorage%2Fframework%2Fsessions%2FvF5fwkOG3t1hDLcAIfIUqSeclT8tUkn1iFDnUIPn HTTP/1.1" 200 16783684 "-" "Mozilla/5.0 AppleWebKit/537.36 (KHTML, like Gecko; compatible; ClaudeBot/1.0; +claudebot@anthropic.com)"
74.7.241.59 - - [04/Feb/2026:12:13:58 +0000] "GET /index.php?path=%2Fhome%2Fkueuepay%2Fwww%2Fstorage%2Fframework%2Fsessions&view_file=%2Fhome%2Fkueuepay%2Fwww%2Fstorage%2Fframework%2Fsessions%2Ff7zhGsbVTOekV8mTdygoT1z8pzsvIn6XrVim4LHS HTTP/1.1" 200 16215577 "https://kueuepay.com/index.php?path=%2Fhome%2Fkueuepay%2Fwww%2Fstorage%2Fframework%2Fsessions&view_file=%2Fhome%2Fkueuepay%2Fwww%2Fstorage%2Fframework%2Fsessions%2FqOAnkxbIXkb6r2aCS7ueE7pyrKhWnMFB2rE09Kbx" "Mozilla/5.0 AppleWebKit/537.36 (KHTML, like Gecko; compatible; GPTBot/1.3; +https://openai.com/gptbot)"
216.73.216.27 - - [04/Feb/2026:12:13:58 +0000] "GET /index.php/developer/check-payment?path=%2Fhome%2Fkueuepay%2Fpublic_html%2Fstorage%2Fframework%2Fsessions&view_file=%2Fhome%2Fkueuepay%2Fpublic_html%2Fstorage%2Fframework%2Fsessions%2FOub6cYY0e4oVo8pKqAPcnKECrF2AzFZ7gxCJlYto HTTP/1.1" 200 16732742 "-" "Mozilla/5.0 AppleWebKit/537.36 (KHTML, like Gecko; compatible; ClaudeBot/1.0; +claudebot@anthropic.com)"
216.73.216.27 - - [04/Feb/2026:12:14:00 +0000] "GET /index.php/developer/response-code?path=%2Fhome%2Fkueuepay%2Fwww%2Fstorage%2Fframework%2Fsessions&view_file=%2Fhome%2Fkueuepay%2Fwww%2Fstorage%2Fframework%2Fsessions%2FVxknkCpBFt7XfJ9SMx2kbd1HuRHT4pMaY4YQWn59 HTTP/1.1" 200 16170012 "-" "Mozilla/5.0 AppleWebKit/537.36 (KHTML, like Gecko; compatible; ClaudeBot/1.0; +claudebot@anthropic.com)"
74.7.241.59 - - [04/Feb/2026:12:14:00 +0000] "GET /index.php?path=%2Fhome%2Fkueuepay%2Fwww%2Fstorage%2Fframework%2Fsessions&view_file=%2Fhome%2Fkueuepay%2Fwww%2Fstorage%2Fframework%2Fsessions%2FVHMxkZJFW4XOQKqxpYutbz8Vvg9bHZu7v7uEJ6Eh HTTP/1.1" 200 16217622 "https://kueuepay.com/index.php?path=%2Fhome%2Fkueuepay%2Fwww%2Fstorage%2Fframework%2Fsessions&view_file=%2Fhome%2Fkueuepay%2Fwww%2Fstorage%2Fframework%2Fsessions%2FqOAnkxbIXkb6r2aCS7ueE7pyrKhWnMFB2rE09Kbx" "Mozilla/5.0 AppleWebKit/537.36 (KHTML, like Gecko; compatible; GPTBot/1.3; +https://openai.com/gptbot)"
216.73.216.27 - - [04/Feb/2026:12:14:00 +0000] "GET /index.php/developer/prerequisitites?path=%2Fhome%2Fkueuepay%2Fpublic_html%2Fstorage%2Fframework%2Fsessions&view_file=%2Fhome%2Fkueuepay%2Fpublic_html%2Fstorage%2Fframework%2Fsessions%2F3HMY3EuP3HyuglSWt0apcA9tvDGSbVpCwGZmz00M HTTP/1.1" 200 16733630 "-" "Mozilla/5.0 AppleWebKit/537.36 (KHTML, like Gecko; compatible; ClaudeBot/1.0; +claudebot@anthropic.com)"
216.73.216.27 - - [04/Feb/2026:12:14:01 +0000] "GET /index.php/developer/authentication?path=%2Fhome%2Fkueuepay%2Fpublic_html%2Fstorage%2Fframework%2Fsessions&view_file=%2Fhome%2Fkueuepay%2Fpublic_html%2Fstorage%2Fframework%2Fsessions%2FaK9Yjw8bSTXLzd0SSHkLVYzuxl2a0uZX0mPN7O0m HTTP/1.1" 200 16735348 "-" "Mozilla/5.0 AppleWebKit/537.36 (KHTML, like Gecko; compatible; ClaudeBot/1.0; +claudebot@anthropic.com)"
216.73.216.27 - - [04/Feb/2026:12:14:02 +0000] "GET /index.php/developer?path=%2Fhome%2Fkueuepay%2Fpublic_html%2Fstorage%2Fframework%2Fsessions&view_file=%2Fhome%2Fkueuepay%2Fpublic_html%2Fstorage%2Fframework%2Fsessions%2FivTz41Vjb5sSteQq2FQzQCfOdvhh2SC8eoEemIHs HTTP/1.1" 200 8224582 "-" "Mozilla/5.0 AppleWebKit/537.36 (KHTML, like Gecko; compatible; ClaudeBot/1.0; +claudebot@anthropic.com)"
216.73.216.27 - - [04/Feb/2026:12:14:02 +0000] "GET /index.php/developer/best-practice?path=%2Fhome%2Fkueuepay%2Fpublic_html%2Fstorage%2Fframework%2Fsessions&view_file=%2Fhome%2Fkueuepay%2Fpublic_html%2Fstorage%2Fframework%2Fsessions%2FbpehDU0RqAkNdY8HPge2WN1rlEbpZJ2NXeAiItNf HTTP/1.1" 200 16735759 "-" "Mozilla/5.0 AppleWebKit/537.36 (KHTML, like Gecko; compatible; ClaudeBot/1.0; +claudebot@anthropic.com)"
74.7.241.59 - - [04/Feb/2026:12:14:02 +0000] "GET /index.php?path=%2Fhome%2Fkueuepay%2Fwww%2Fstorage%2Fframework%2Fsessions&view_file=%2Fhome%2Fkueuepay%2Fwww%2Fstorage%2Fframework%2Fsessions%2FwNfVupo7TxPMfCt4h6n7qwvuYmJmqLl1vtC8BrLI HTTP/1.1" 200 16219726 "https://kueuepay.com/index.php?path=%2Fhome%2Fkueuepay%2Fwww%2Fstorage%2Fframework%2Fsessions&view_file=%2Fhome%2Fkueuepay%2Fwww%2Fstorage%2Fframework%2Fsessions%2FCSksWf3t0Ne7DuRXpFp29VV2HuLnz6n8auouQ8Nd" "Mozilla/5.0 AppleWebKit/537.36 (KHTML, like Gecko; compatible; GPTBot/1.3; +https://openai.com/gptbot)"
216.73.216.27 - - [04/Feb/2026:12:14:03 +0000] "GET /index.php/developer/response-code?path=%2Fhome%2Fkueuepay%2Fpublic_html%2Fstorage%2Fframework%2Fsessions&view_file=%2Fhome%2Fkueuepay%2Fpublic_html%2Fstorage%2Fframework%2Fsessions%2FTDxxJhC5NYVM3rKeaNlc23pUlOeFFLgdxnAFleSI HTTP/1.1" 200 16737710 "-" "Mozilla/5.0 AppleWebKit/537.36 (KHTML, like Gecko; compatible; ClaudeBot/1.0; +claudebot@anthropic.com)"
216.73.216.27 - - [04/Feb/2026:12:14:03 +0000] "GET /index.php/developer/faq?path=%2Fhome%2Fkueuepay%2Fpublic_html%2Fstorage%2Fframework%2Fsessions&view_file=%2Fhome%2Fkueuepay%2Fpublic_html%2Fstorage%2Fframework%2Fsessions%2Fnpcn6Bc2IzAuKTgSJ3CONgC8fMSwqADvsqsg9euR HTTP/1.1" 200 16741130 "-" "Mozilla/5.0 AppleWebKit/537.36 (KHTML, like Gecko; compatible; ClaudeBot/1.0; +claudebot@anthropic.com)"
216.73.216.27 - - [04/Feb/2026:12:14:04 +0000] "GET /index.php/developer/example?path=%2Fhome%2Fkueuepay%2Fpublic_html%2Fstorage%2Fframework%2Fsessions&view_file=%2Fhome%2Fkueuepay%2Fpublic_html%2Fstorage%2Fframework%2Fsessions%2Fgq5TM9hStEsG530P7hPqjEQQl6sbfgXoNeXCqlNh HTTP/1.1" 200 16738549 "-" "Mozilla/5.0 AppleWebKit/537.36 (KHTML, like Gecko; compatible; ClaudeBot/1.0; +claudebot@anthropic.com)"
216.73.216.27 - - [04/Feb/2026:12:14:05 +0000] "GET /index.php/developer/prerequisitites?path=%2Fhome%2Fkueuepay%2Fwww%2Fstorage%2Fframework%2Fsessions&view_file=%2Fhome%2Fkueuepay%2Fwww%2Fstorage%2Fframework%2Fsessions%2FCbAX8mfDPtpKJXtfttaS7Mu34q2WFDSiak16zG4g HTTP/1.1" 200 16176949 "-" "Mozilla/5.0 AppleWebKit/537.36 (KHTML, like Gecko; compatible; ClaudeBot/1.0; +claudebot@anthropic.com)"
216.73.216.27 - - [04/Feb/2026:12:14:05 +0000] "GET /index.php/developer/best-practice?path=%2Fhome%2Fkueuepay%2Fpublic_html%2Fstorage%2Fframework%2Fsessions&view_file=%2Fhome%2Fkueuepay%2Fpublic_html%2Fstorage%2Fframework%2Fsessions%2FmIEUDaDXcYzM6FlHeN1Vvl0zNjpfq6kpIAZdYxJB HTTP/1.1" 200 16740110 "-" "Mozilla/5.0 AppleWebKit/537.36 (KHTML, like Gecko; compatible; ClaudeBot/1.0; +claudebot@anthropic.com)"
216.73.216.27 - - [04/Feb/2026:12:14:07 +0000] "GET /index.php/developer/prerequisitites?path=%2Fhome%2Fkueuepay%2Fpublic_html%2Fstorage%2Fframework%2Fsessions&view_file=%2Fhome%2Fkueuepay%2Fpublic_html%2Fstorage%2Fframework%2Fsessions%2FXiBPdCkN2bV28XlF2P9AVm03vzZKO4TpQmlOJUPW HTTP/1.1" 200 16741497 "-" "Mozilla/5.0 AppleWebKit/537.36 (KHTML, like Gecko; compatible; ClaudeBot/1.0; +claudebot@anthropic.com)"
216.73.216.27 - - [04/Feb/2026:12:14:07 +0000] "GET /index.php/developer/response-code?path=%2Fhome%2Fkueuepay%2Fwww%2Fstorage%2Fframework%2Fsessions&view_file=%2Fhome%2Fkueuepay%2Fwww%2Fstorage%2Fframework%2Fsessions%2FeuncVzfjxvhjCIeBgBgQUeBXfPwwjBj7w9XpmV4y HTTP/1.1" 200 16179066 "-" "Mozilla/5.0 AppleWebKit/537.36 (KHTML, like Gecko; compatible; ClaudeBot/1.0; +claudebot@anthropic.com)"
216.73.216.27 - - [04/Feb/2026:12:14:08 +0000] "GET /index.php/developer/faq?path=%2Fhome%2Fkueuepay%2Fpublic_html%2Fstorage%2Fframework%2Fsessions&view_file=%2Fhome%2Fkueuepay%2Fpublic_html%2Fstorage%2Fframework%2Fsessions%2FJjhGtoApVshyKJ41caL7nZEjNkhFCIPRyvl2lXPv HTTP/1.1" 200 16747307 "-" "Mozilla/5.0 AppleWebKit/537.36 (KHTML, like Gecko; compatible; ClaudeBot/1.0; +claudebot@anthropic.com)"
216.73.216.27 - - [04/Feb/2026:12:14:09 +0000] "GET /index.php/developer/access-token?path=%2Fhome%2Fkueuepay%2Fpublic_html%2Fstorage%2Fframework%2Fsessions&view_file=%2Fhome%2Fkueuepay%2Fpublic_html%2Fstorage%2Fframework%2Fsessions%2FoyWRQcG0dlwzwFnJCyEDR8YQJ7aML0Uaee2TviE9 HTTP/1.1" 200 16749531 "-" "Mozilla/5.0 AppleWebKit/537.36 (KHTML, like Gecko; compatible; ClaudeBot/1.0; +claudebot@anthropic.com)"
216.73.216.27 - - [04/Feb/2026:12:14:10 +0000] "GET /index.php/developer/prerequisitites?path=%2Fhome%2Fkueuepay%2Fpublic_html%2Fstorage%2Fframework%2Fsessions&view_file=%2Fhome%2Fkueuepay%2Fpublic_html%2Fstorage%2Fframework%2Fsessions%2F1GAs099usdA5B2XZtVvtxKyTMMmQVsKtcXb8gvTd HTTP/1.1" 200 16745022 "-" "Mozilla/5.0 AppleWebKit/537.36 (KHTML, like Gecko; compatible; ClaudeBot/1.0; +claudebot@anthropic.com)"
216.73.216.27 - - [04/Feb/2026:12:14:10 +0000] "GET /index.php/payment-system?path=%2Fhome%2Fkueuepay%2Fpublic_html%2Fstorage%2Fframework%2Fsessions&view_file=%2Fhome%2Fkueuepay%2Fpublic_html%2Fstorage%2Fframework%2Fsessions%2Fi0LfaCTIFg6IQ0iq82OGMMa9nUCG9MKqwJINulpj HTTP/1.1" 200 16768169 "-" "Mozilla/5.0 AppleWebKit/537.36 (KHTML, like Gecko; compatible; ClaudeBot/1.0; +claudebot@anthropic.com)"
216.73.216.27 - - [04/Feb/2026:12:14:12 +0000] "GET /index.php/journal?path=%2Fhome%2Fkueuepay%2Fpublic_html%2Fstorage%2Fframework%2Fsessions&view_file=%2Fhome%2Fkueuepay%2Fpublic_html%2Fstorage%2Fframework%2Fsessions%2FD0SUqLvP8VT2M6KidEgggV3mZXnPyWX4F6cU8fRt HTTP/1.1" 200 16771874 "-" "Mozilla/5.0 AppleWebKit/537.36 (KHTML, like Gecko; compatible; ClaudeBot/1.0; +claudebot@anthropic.com)"
216.73.216.27 - - [04/Feb/2026:12:14:12 +0000] "GET /index.php/developer/support?path=%2Fhome%2Fkueuepay%2Fpublic_html%2Fstorage%2Fframework%2Fsessions&view_file=%2Fhome%2Fkueuepay%2Fpublic_html%2Fstorage%2Fframework%2Fsessions%2FTSZNU6atohPIcQxxX1NISEAX4fpNFOkpslpeKuHH HTTP/1.1" 200 16747735 "-" "Mozilla/5.0 AppleWebKit/537.36 (KHTML, like Gecko; compatible; ClaudeBot/1.0; +claudebot@anthropic.com)"
216.73.216.27 - - [04/Feb/2026:12:14:13 +0000] "GET /index.php/developer/authentication?path=%2Fhome%2Fkueuepay%2Fpublic_html%2Fstorage%2Fframework%2Fsessions&view_file=%2Fhome%2Fkueuepay%2Fpublic_html%2Fstorage%2Fframework%2Fsessions%2FexMOjWo93KfSobtJ3sYNv8qa5kKxM3mnZI8nygL1 HTTP/1.1" 200 16749624 "-" "Mozilla/5.0 AppleWebKit/537.36 (KHTML, like Gecko; compatible; ClaudeBot/1.0; +claudebot@anthropic.com)"
74.7.241.59 - - [04/Feb/2026:12:14:14 +0000] "GET /index.php?path=%2Fhome%2Fkueuepay%2Fwww%2Fstorage%2Fframework%2Fsessions&view_file=%2Fhome%2Fkueuepay%2Fwww%2Fstorage%2Fframework%2Fsessions%2F7Nm8oKeLr8dTiEBAJ6MCz0FgBQcKTU1WDayL0mjr HTTP/1.1" 200 16231424 "https://kueuepay.com/index.php?path=%2Fhome%2Fkueuepay%2Fwww%2Fstorage%2Fframework%2Fsessions&view_file=%2Fhome%2Fkueuepay%2Fwww%2Fstorage%2Fframework%2Fsessions%2FambClKBGx8rorHK9j8bBLe2bPikt0OWiYah2QQnW" "Mozilla/5.0 AppleWebKit/537.36 (KHTML, like Gecko; compatible; GPTBot/1.3; +https://openai.com/gptbot)"
216.73.216.27 - - [04/Feb/2026:12:14:14 +0000] "GET /index.php/developer/authentication?path=%2Fhome%2Fkueuepay%2Fpublic_html%2Fstorage%2Fframework%2Fsessions&view_file=%2Fhome%2Fkueuepay%2Fpublic_html%2Fstorage%2Fframework%2Fsessions%2FZXm3Bxr0G1JgONvWkwinWBwJomPQEwYFtsb5CeWB HTTP/1.1" 200 16750362 "-" "Mozilla/5.0 AppleWebKit/537.36 (KHTML, like Gecko; compatible; ClaudeBot/1.0; +claudebot@anthropic.com)"
216.73.216.27 - - [04/Feb/2026:12:14:15 +0000] "GET /index.php/developer/response-code?path=%2Fhome%2Fkueuepay%2Fwww%2Fstorage%2Fframework%2Fsessions&view_file=%2Fhome%2Fkueuepay%2Fwww%2Fstorage%2Fframework%2Fsessions%2FFoS7ncAZMQa6sUnhj0kccw0ZXgrz5lAGfrZb0YOA HTTP/1.1" 200 16187325 "-" "Mozilla/5.0 AppleWebKit/537.36 (KHTML, like Gecko; compatible; ClaudeBot/1.0; +claudebot@anthropic.com)"
216.73.216.27 - - [04/Feb/2026:12:14:15 +0000] "GET /index.php/developer/response-code?path=%2Fhome%2Fkueuepay%2Fwww%2Fstorage%2Fframework%2Fsessions&view_file=%2Fhome%2Fkueuepay%2Fwww%2Fstorage%2Fframework%2Fsessions%2FvrieYczShrwrJDYAnIIGfqxRAsGcmrzFe5YeDbTC HTTP/1.1" 200 16187990 "-" "Mozilla/5.0 AppleWebKit/537.36 (KHTML, like Gecko; compatible; ClaudeBot/1.0; +claudebot@anthropic.com)"
216.73.216.27 - - [04/Feb/2026:12:14:16 +0000] "GET /index.php/developer/faq?path=%2Fhome%2Fkueuepay%2Fpublic_html%2Fstorage%2Fframework%2Fsessions&view_file=%2Fhome%2Fkueuepay%2Fpublic_html%2Fstorage%2Fframework%2Fsessions%2Fg1JxiC53WNBcChyNjXHqSHmQA2MScFhGFX05UeW5 HTTP/1.1" 200 16755910 "-" "Mozilla/5.0 AppleWebKit/537.36 (KHTML, like Gecko; compatible; ClaudeBot/1.0; +claudebot@anthropic.com)"
216.73.216.27 - - [04/Feb/2026:12:14:17 +0000] "GET /index.php/developer/response-code?path=%2Fhome%2Fkueuepay%2Fwww%2Fstorage%2Fframework%2Fsessions&view_file=%2Fhome%2Fkueuepay%2Fwww%2Fstorage%2Fframework%2Fsessions%2FKgsFm1dB3AlTxslhPjDiLtMV55dhvn5S0ILGnDQv HTTP/1.1" 200 16190000 "-" "Mozilla/5.0 AppleWebKit/537.36 (KHTML, like Gecko; compatible; ClaudeBot/1.0; +claudebot@anthropic.com)"
216.73.216.27 - - [04/Feb/2026:12:14:17 +0000] "GET /index.php/accept-payment?path=%2Fhome%2Fkueuepay%2Fpublic_html%2Fstorage%2Fframework%2Fsessions&view_file=%2Fhome%2Fkueuepay%2Fpublic_html%2Fstorage%2Fframework%2Fsessions%2FsiC1OPSespbnTyLmoePJvNPzaMyddWdUR31eAYuL HTTP/1.1" 200 16774678 "-" "Mozilla/5.0 AppleWebKit/537.36 (KHTML, like Gecko; compatible; ClaudeBot/1.0; +claudebot@anthropic.com)"
216.73.216.27 - - [04/Feb/2026:12:14:19 +0000] "GET /index.php/developer/example?path=%2Fhome%2Fkueuepay%2Fwww%2Fstorage%2Fframework%2Fsessions&view_file=%2Fhome%2Fkueuepay%2Fwww%2Fstorage%2Fframework%2Fsessions%2FfE86RkLwkpCBERizzvp8gQ0Zc2ToKv72T5B8Ssyz HTTP/1.1" 200 16191356 "-" "Mozilla/5.0 AppleWebKit/537.36 (KHTML, like Gecko; compatible; ClaudeBot/1.0; +claudebot@anthropic.com)"
216.73.216.27 - - [04/Feb/2026:12:14:20 +0000] "GET /index.php/developer/best-practice?path=%2Fhome%2Fkueuepay%2Fwww%2Fstorage%2Fframework%2Fsessions&view_file=%2Fhome%2Fkueuepay%2Fwww%2Fstorage%2Fframework%2Fsessions%2FIzmfm1FACQzsrlwGreO2JbprYhcvNpCnh9Qc6sqX HTTP/1.1" 200 16192918 "-" "Mozilla/5.0 AppleWebKit/537.36 (KHTML, like Gecko; compatible; ClaudeBot/1.0; +claudebot@anthropic.com)"
216.73.216.27 - - [04/Feb/2026:12:14:21 +0000] "GET /index.php?path=%2Fhome%2Fkueuepay%2Fpublic_html%2Fstorage%2Fframework%2Fsessions&view_file=%2Fhome%2Fkueuepay%2Fpublic_html%2Fstorage%2Fframework%2Fsessions%2FubIcTpGetr3wOhTPJbubEOS4iuGrUE7AloXyYuFT HTTP/1.1" 200 16803480 "-" "Mozilla/5.0 AppleWebKit/537.36 (KHTML, like Gecko; compatible; ClaudeBot/1.0; +claudebot@anthropic.com)"
216.73.216.27 - - [04/Feb/2026:12:14:23 +0000] "GET /index.php/developer/example?path=%2Fhome%2Fkueuepay%2Fpublic_html%2Fstorage%2Fframework%2Fsessions&view_file=%2Fhome%2Fkueuepay%2Fpublic_html%2Fstorage%2Fframework%2Fsessions%2FdGskIZeSyMb4j1Kxpb2QAYDrZhjzwGY0oJ5R7KBO HTTP/1.1" 200 16757600 "-" "Mozilla/5.0 AppleWebKit/537.36 (KHTML, like Gecko; compatible; ClaudeBot/1.0; +claudebot@anthropic.com)"
216.73.216.27 - - [04/Feb/2026:12:14:23 +0000] "GET /index.php/developer/base-url?path=%2Fhome%2Fkueuepay%2Fwww%2Fstorage%2Fframework%2Fsessions&view_file=%2Fhome%2Fkueuepay%2Fwww%2Fstorage%2Fframework%2Fsessions%2FTCFnbe4YFgPyBH7e9vIkDZFtL9Gp7lDeDcCzjjbe HTTP/1.1" 200 16194825 "-" "Mozilla/5.0 AppleWebKit/537.36 (KHTML, like Gecko; compatible; ClaudeBot/1.0; +claudebot@anthropic.com)"
216.73.216.27 - - [04/Feb/2026:12:14:23 +0000] "GET /index.php/developer/prerequisitites?path=%2Fhome%2Fkueuepay%2Fpublic_html%2Fstorage%2Fframework%2Fsessions&view_file=%2Fhome%2Fkueuepay%2Fpublic_html%2Fstorage%2Fframework%2Fsessions%2F0qzy7j7obkcphiQUyLGTOkAoqXEBwM8lDXCMszZ7 HTTP/1.1" 200 16758425 "-" "Mozilla/5.0 AppleWebKit/537.36 (KHTML, like Gecko; compatible; ClaudeBot/1.0; +claudebot@anthropic.com)"
216.73.216.27 - - [04/Feb/2026:12:14:25 +0000] "GET /index.php/developer/example?path=%2Fhome%2Fkueuepay%2Fwww%2Fstorage%2Fframework%2Fsessions&view_file=%2Fhome%2Fkueuepay%2Fwww%2Fstorage%2Fframework%2Fsessions%2FPon73YS3BVb8Bxz1XvXKyeqrxASehoCgH0L8VMKY HTTP/1.1" 200 16197589 "-" "Mozilla/5.0 AppleWebKit/537.36 (KHTML, like Gecko; compatible; ClaudeBot/1.0; +claudebot@anthropic.com)"
216.73.216.27 - - [04/Feb/2026:12:14:25 +0000] "GET /index.php/developer/best-practice?path=%2Fhome%2Fkueuepay%2Fpublic_html%2Fstorage%2Fframework%2Fsessions&view_file=%2Fhome%2Fkueuepay%2Fpublic_html%2Fstorage%2Fframework%2Fsessions%2FwJNpsNsxeqegnWbumAaKTWSYlHILRpCTvr2wFJtQ HTTP/1.1" 200 16762246 "-" "Mozilla/5.0 AppleWebKit/537.36 (KHTML, like Gecko; compatible; ClaudeBot/1.0; +claudebot@anthropic.com)"
216.73.216.27 - - [04/Feb/2026:12:14:27 +0000] "GET /index.php/developer/authentication?path=%2Fhome%2Fkueuepay%2Fpublic_html%2Fstorage%2Fframework%2Fsessions&view_file=%2Fhome%2Fkueuepay%2Fpublic_html%2Fstorage%2Fframework%2Fsessions%2F4NJUcpzDOExkeiluvQT1mTT5OwuRz98TWBHO02OT HTTP/1.1" 200 7601990 "-" "Mozilla/5.0 AppleWebKit/537.36 (KHTML, like Gecko; compatible; ClaudeBot/1.0; +claudebot@anthropic.com)"
216.73.216.27 - - [04/Feb/2026:12:14:27 +0000] "GET /index.php/developer/support?path=%2Fhome%2Fkueuepay%2Fwww%2Fstorage%2Fframework%2Fsessions&view_file=%2Fhome%2Fkueuepay%2Fwww%2Fstorage%2Fframework%2Fsessions%2F9amaWBcDpLeUrL037eeJCi7YRdn1uhfFv8GJFmTr HTTP/1.1" 200 4095814 "-" "Mozilla/5.0 AppleWebKit/537.36 (KHTML, like Gecko; compatible; ClaudeBot/1.0; +claudebot@anthropic.com)"
216.73.216.27 - - [04/Feb/2026:12:14:28 +0000] "GET /index.php/developer/initiate-payment?path=%2Fhome%2Fkueuepay%2Fpublic_html&view_file=%2Fhome%2Fkueuepay%2Fpublic_html%2FREADME.md HTTP/1.1" 200 38911 "-" "Mozilla/5.0 AppleWebKit/537.36 (KHTML, like Gecko; compatible; ClaudeBot/1.0; +claudebot@anthropic.com)"
216.73.216.27 - - [04/Feb/2026:12:14:29 +0000] "GET /index.php/link/privacy-policy?path=%2Fhome%2Fkueuepay%2Fpublic_html%2Fstorage%2Fframework%2Fviews&view_file=%2Fhome%2Fkueuepay%2Fpublic_html%2Fstorage%2Fframework%2Fviews%2Fafad6b82bffeda733236e95fe8d89d884f09c90c.php HTTP/1.1" 200 246106 "-" "Mozilla/5.0 AppleWebKit/537.36 (KHTML, like Gecko; compatible; ClaudeBot/1.0; +claudebot@anthropic.com)"
216.73.216.27 - - [04/Feb/2026:12:14:29 +0000] "GET /index.php?path=%2Fhome%2Fkueuepay%2Fpublic_html%2Fvendor%2Fnesbot%2Fcarbon&view_file=%2Fhome%2Fkueuepay%2Fpublic_html%2Fvendor%2Fnesbot%2Fcarbon%2F.phpstorm.meta.php HTTP/1.1" 200 66468 "-" "Mozilla/5.0 AppleWebKit/537.36 (KHTML, like Gecko; compatible; ClaudeBot/1.0; +claudebot@anthropic.com)"
216.73.216.27 - - [04/Feb/2026:12:14:30 +0000] "GET /index.php/link/refund-policy?path=%2Fhome%2Fkueuepay%2Fpublic_html%2Fapp%2FConstants&view_file=%2Fhome%2Fkueuepay%2Fpublic_html%2Fapp%2FConstants%2FCardConst.php HTTP/1.1" 200 43394 "-" "Mozilla/5.0 AppleWebKit/537.36 (KHTML, like Gecko; compatible; ClaudeBot/1.0; +claudebot@anthropic.com)"
216.73.216.27 - - [04/Feb/2026:12:14:31 +0000] "GET /index.php/save-cards?path=%2Fhome%2Fkueuepay%2Fpublic_html%2Fvendor%2Fmaennchen%2Fzipstream-php&view_file=%2Fhome%2Fkueuepay%2Fpublic_html%2Fvendor%2Fmaennchen%2Fzipstream-php%2F.tool-versions HTTP/1.1" 200 43370 "-" "Mozilla/5.0 AppleWebKit/537.36 (KHTML, like Gecko; compatible; ClaudeBot/1.0; +claudebot@anthropic.com)"
216.73.216.27 - - [04/Feb/2026:12:14:32 +0000] "GET /index.php/link/privacy-policy?path=%2Fhome%2Fkueuepay%2Fpublic_html%2Fstorage%2Fframework%2Fviews&view_file=%2Fhome%2Fkueuepay%2Fpublic_html%2Fstorage%2Fframework%2Fviews%2F9d5d393787db775cdad799488bad722b0c5ea567.php HTTP/1.1" 200 244976 "-" "Mozilla/5.0 AppleWebKit/537.36 (KHTML, like Gecko; compatible; ClaudeBot/1.0; +claudebot@anthropic.com)"
216.73.216.27 - - [04/Feb/2026:12:14:33 +0000] "GET /index.php/save-cards?path=%2Fhome%2Fkueuepay%2Fpublic_html%2Fconfig&view_file=%2Fhome%2Fkueuepay%2Fpublic_html%2Fconfig%2Fpaypal.php HTTP/1.1" 200 50562 "-" "Mozilla/5.0 AppleWebKit/537.36 (KHTML, like Gecko; compatible; ClaudeBot/1.0; +claudebot@anthropic.com)"
74.7.241.59 - - [04/Feb/2026:12:14:33 +0000] "GET /index.php?path=%2Fhome%2Fkueuepay%2Fwww%2Fstorage%2Fframework%2Fsessions&view_file=%2Fhome%2Fkueuepay%2Fwww%2Fstorage%2Fframework%2Fsessions%2FaIaMDC6u1vtc6Bgh8rqTLpqY8F6eUu3EZGrpMCvc HTTP/1.1" 200 16251475 "https://kueuepay.com/index.php?path=%2Fhome%2Fkueuepay%2Fwww%2Fstorage%2Fframework%2Fsessions&view_file=%2Fhome%2Fkueuepay%2Fwww%2Fstorage%2Fframework%2Fsessions%2FRe1XLBgkO8OI4f2lihKWhXuIZayMeEezX8qMUij3" "Mozilla/5.0 AppleWebKit/537.36 (KHTML, like Gecko; compatible; GPTBot/1.3; +https://openai.com/gptbot)"
216.73.216.27 - - [04/Feb/2026:12:14:34 +0000] "GET /index.php/about?path=%2Fhome%2Fkueuepay%2Fpublic_html%2Fvendor%2Fcomposer&view_file=%2Fhome%2Fkueuepay%2Fpublic_html%2Fvendor%2Fcomposer%2Fautoload_real.php HTTP/1.1" 200 52088 "-" "Mozilla/5.0 AppleWebKit/537.36 (KHTML, like Gecko; compatible; ClaudeBot/1.0; +claudebot@anthropic.com)"
216.73.216.27 - - [04/Feb/2026:12:14:34 +0000] "GET /index.php/register?path=%2Fhome%2Fkueuepay%2Fpublic_html%2Fconfig&view_file=%2Fhome%2Fkueuepay%2Fpublic_html%2Fconfig%2Fgeoip.php HTTP/1.1" 200 56863 "-" "Mozilla/5.0 AppleWebKit/537.36 (KHTML, like Gecko; compatible; ClaudeBot/1.0; +claudebot@anthropic.com)"
216.73.216.27 - - [04/Feb/2026:12:14:34 +0000] "GET /index.php/link/privacy-policy?path=%2Fhome%2Fkueuepay%2Fpublic_html%2Fvendor%2Fdoctrine%2Finflector HTTP/1.1" 200 40977 "-" "Mozilla/5.0 AppleWebKit/537.36 (KHTML, like Gecko; compatible; ClaudeBot/1.0; +claudebot@anthropic.com)"
74.7.241.59 - - [04/Feb/2026:12:14:35 +0000] "GET /index.php?path=%2Fhome%2Fkueuepay%2Fwww%2Fstorage%2Fframework%2Fsessions&view_file=%2Fhome%2Fkueuepay%2Fwww%2Fstorage%2Fframework%2Fsessions%2FTj7db5il30YbRImAPIHaYtEhwAF1milRgp2JEBih HTTP/1.1" 200 16254971 "https://kueuepay.com/index.php?path=%2Fhome%2Fkueuepay%2Fwww%2Fstorage%2Fframework%2Fsessions&view_file=%2Fhome%2Fkueuepay%2Fwww%2Fstorage%2Fframework%2Fsessions%2FQsxG6L3ywDd1UOLGUVV1dYWyewbHiSWrTE25Pes4" "Mozilla/5.0 AppleWebKit/537.36 (KHTML, like Gecko; compatible; GPTBot/1.3; +https://openai.com/gptbot)"
216.73.216.27 - - [04/Feb/2026:12:14:36 +0000] "GET /index.php/link/privacy-policy?path=%2Fhome%2Fkueuepay%2Fpublic_html%2Fstorage%2Fframework%2Fviews&view_file=%2Fhome%2Fkueuepay%2Fpublic_html%2Fstorage%2Fframework%2Fviews%2F5487db06052f65d7cffcf78fd521ea75c3039368.php HTTP/1.1" 200 244688 "-" "Mozilla/5.0 AppleWebKit/537.36 (KHTML, like Gecko; compatible; ClaudeBot/1.0; +claudebot@anthropic.com)"
216.73.216.27 - - [04/Feb/2026:12:14:37 +0000] "GET /index.php/journal?path=%2Fhome%2Fkueuepay%2Fpublic_html%2Fvendor%2Fnyholm HTTP/1.1" 200 38906 "-" "Mozilla/5.0 AppleWebKit/537.36 (KHTML, like Gecko; compatible; ClaudeBot/1.0; +claudebot@anthropic.com)"
74.7.241.59 - - [04/Feb/2026:12:14:37 +0000] "GET /index.php?path=%2Fhome%2Fkueuepay%2Fwww%2Fstorage%2Fframework%2Fsessions&view_file=%2Fhome%2Fkueuepay%2Fwww%2Fstorage%2Fframework%2Fsessions%2FjHty7RZMCzLIKf94nJDVipDX9IZZ0nIUgTY9SyII HTTP/1.1" 200 16258392 "https://kueuepay.com/index.php?path=%2Fhome%2Fkueuepay%2Fwww%2Fstorage%2Fframework%2Fsessions&view_file=%2Fhome%2Fkueuepay%2Fwww%2Fstorage%2Fframework%2Fsessions%2FKX9soP8zKN9kNYNA6dliDcAIOxFqc1vlmX72ruMk" "Mozilla/5.0 AppleWebKit/537.36 (KHTML, like Gecko; compatible; GPTBot/1.3; +https://openai.com/gptbot)"
216.73.216.27 - - [04/Feb/2026:12:14:38 +0000] "GET /index.php/login?path=%2Fhome%2Fkueuepay%2Fpublic_html%2Fvendor%2Fdoctrine%2Fdeprecations HTTP/1.1" 200 39471 "-" "Mozilla/5.0 AppleWebKit/537.36 (KHTML, like Gecko; compatible; ClaudeBot/1.0; +claudebot@anthropic.com)"
216.73.216.27 - - [04/Feb/2026:12:14:39 +0000] "GET /index.php?path=%2Fhome%2Fkueuepay%2Fpublic_html%2Fvendor%2Fsymfony%2Fconsole%2FTester&view_file=%2Fhome%2Fkueuepay%2Fpublic_html%2Fvendor%2Fsymfony%2Fconsole%2FTester%2FCommandTester.php HTTP/1.1" 200 66132 "-" "Mozilla/5.0 AppleWebKit/537.36 (KHTML, like Gecko; compatible; ClaudeBot/1.0; +claudebot@anthropic.com)"
216.73.216.27 - - [04/Feb/2026:12:14:39 +0000] "GET /index.php/link/privacy-policy?path=%2Fhome%2Fkueuepay%2Fpublic_html%2Fstorage%2Fframework%2Fviews&view_file=%2Fhome%2Fkueuepay%2Fpublic_html%2Fstorage%2Fframework%2Fviews%2Fefe1138a8b62c40ec75d376070e9efbb110c4bce.php HTTP/1.1" 200 245494 "-" "Mozilla/5.0 AppleWebKit/537.36 (KHTML, like Gecko; compatible; ClaudeBot/1.0; +claudebot@anthropic.com)"
74.7.241.59 - - [04/Feb/2026:12:14:39 +0000] "GET /index.php?path=%2Fhome%2Fkueuepay%2Fwww%2Fstorage%2Fframework%2Fsessions&view_file=%2Fhome%2Fkueuepay%2Fwww%2Fstorage%2Fframework%2Fsessions%2FumjqoldTnGIAcIRjiLbeco68Bn4UfVapOTRKAK9J HTTP/1.1" 200 16260452 "https://kueuepay.com/index.php?path=%2Fhome%2Fkueuepay%2Fwww%2Fstorage%2Fframework%2Fsessions&view_file=%2Fhome%2Fkueuepay%2Fwww%2Fstorage%2Fframework%2Fsessions%2F7Nm8oKeLr8dTiEBAJ6MCz0FgBQcKTU1WDayL0mjr" "Mozilla/5.0 AppleWebKit/537.36 (KHTML, like Gecko; compatible; GPTBot/1.3; +https://openai.com/gptbot)"
216.73.216.27 - - [04/Feb/2026:12:14:40 +0000] "GET /index.php/journal?path=%2Fhome%2Fkueuepay%2Fpublic_html%2Fpublic%2Ffrontend%2Fcss&view_file=%2Fhome%2Fkueuepay%2Fpublic_html%2Fpublic%2Ffrontend%2Fcss%2Fline-awesome.css HTTP/1.1" 200 177420 "-" "Mozilla/5.0 AppleWebKit/537.36 (KHTML, like Gecko; compatible; ClaudeBot/1.0; +claudebot@anthropic.com)"
216.73.216.27 - - [04/Feb/2026:12:14:40 +0000] "GET /index.php?path=%2Fhome%2Fkueuepay%2Fpublic_html%2Fvendor%2Fsymfony%2Fmailer&view_file=%2Fhome%2Fkueuepay%2Fpublic_html%2Fvendor%2Fsymfony%2Fmailer%2FDelayedEnvelope.php HTTP/1.1" 200 71223 "-" "Mozilla/5.0 AppleWebKit/537.36 (KHTML, like Gecko; compatible; ClaudeBot/1.0; +claudebot@anthropic.com)"
216.73.216.27 - - [04/Feb/2026:12:14:41 +0000] "GET /index.php/login?path=%2Fhome%2Fkueuepay%2Fpublic_html%2Fvendor%2Fhamcrest%2Fhamcrest-php&view_file=%2Fhome%2Fkueuepay%2Fpublic_html%2Fvendor%2Fhamcrest%2Fhamcrest-php%2FREADME.md HTTP/1.1" 200 55177 "-" "Mozilla/5.0 AppleWebKit/537.36 (KHTML, like Gecko; compatible; ClaudeBot/1.0; +claudebot@anthropic.com)"
74.7.241.59 - - [04/Feb/2026:12:14:41 +0000] "GET /index.php?path=%2Fhome%2Fkueuepay%2Fwww%2Fstorage%2Fframework%2Fsessions&view_file=%2Fhome%2Fkueuepay%2Fwww%2Fstorage%2Fframework%2Fsessions%2FrtPP0HIZsi3K9rEJy0pM8BAhAoZqUx8k4ZiYJwaq HTTP/1.1" 200 16262782 "https://kueuepay.com/index.php?path=%2Fhome%2Fkueuepay%2Fwww%2Fstorage%2Fframework%2Fsessions&view_file=%2Fhome%2Fkueuepay%2Fwww%2Fstorage%2Fframework%2Fsessions%2FC4fGwWwhpDg41aEEnai5ULMoQu7my1jLXK88FrQu" "Mozilla/5.0 AppleWebKit/537.36 (KHTML, like Gecko; compatible; GPTBot/1.3; +https://openai.com/gptbot)"
216.73.216.27 - - [04/Feb/2026:12:14:42 +0000] "GET /index.php/about?path=%2Fhome%2Fkueuepay%2Fpublic_html%2Fvendor%2Flaravel%2Fsocialite HTTP/1.1" 200 44853 "-" "Mozilla/5.0 AppleWebKit/537.36 (KHTML, like Gecko; compatible; ClaudeBot/1.0; +claudebot@anthropic.com)"
216.73.216.27 - - [04/Feb/2026:12:14:42 +0000] "GET /index.php/login?path=%2Fhome%2Fkueuepay%2Fpublic_html%2Fvendor%2Fcomposer&view_file=%2Fhome%2Fkueuepay%2Fpublic_html%2Fvendor%2Fcomposer%2Fplatform_check.php HTTP/1.1" 200 45952 "-" "Mozilla/5.0 AppleWebKit/537.36 (KHTML, like Gecko; compatible; ClaudeBot/1.0; +claudebot@anthropic.com)"
216.73.216.27 - - [04/Feb/2026:12:14:43 +0000] "GET /index.php/accept-payment?path=%2Fhome%2Fkueuepay%2Fpublic_html%2Fvendor%2Ftijsverkoyen HTTP/1.1" 200 35311 "-" "Mozilla/5.0 AppleWebKit/537.36 (KHTML, like Gecko; compatible; ClaudeBot/1.0; +claudebot@anthropic.com)"
216.73.216.27 - - [04/Feb/2026:12:14:43 +0000] "GET /index.php/accept-payment?path=%2Fhome%2Fkueuepay%2Fpublic_html&view_file=%2Fhome%2Fkueuepay%2Fpublic_html%2F.editorconfig HTTP/1.1" 200 54631 "-" "Mozilla/5.0 AppleWebKit/537.36 (KHTML, like Gecko; compatible; ClaudeBot/1.0; +claudebot@anthropic.com)"
216.73.216.27 - - [04/Feb/2026:12:14:43 +0000] "GET /index.php/link/privacy-policy?path=%2Fhome%2Fkueuepay%2Fpublic_html%2Fconfig&view_file=%2Fhome%2Fkueuepay%2Fpublic_html%2Fconfig%2Flogging.php HTTP/1.1" 200 56651 "-" "Mozilla/5.0 AppleWebKit/537.36 (KHTML, like Gecko; compatible; ClaudeBot/1.0; +claudebot@anthropic.com)"
74.7.241.59 - - [04/Feb/2026:12:14:44 +0000] "GET /index.php?path=%2Fhome%2Fkueuepay%2Fwww%2Fstorage%2Fframework%2Fsessions&view_file=%2Fhome%2Fkueuepay%2Fwww%2Fstorage%2Fframework%2Fsessions%2FHNis0FqQAZM8QPkrDtNlQbZiGAv2tH3knRHk2Rn4 HTTP/1.1" 200 16266597 "https://kueuepay.com/index.php?path=%2Fhome%2Fkueuepay%2Fwww%2Fstorage%2Fframework%2Fsessions&view_file=%2Fhome%2Fkueuepay%2Fwww%2Fstorage%2Fframework%2Fsessions%2FvM6Jopa0wVbpBer0I0eALGBOI3On6EfnCbDxytWM" "Mozilla/5.0 AppleWebKit/537.36 (KHTML, like Gecko; compatible; GPTBot/1.3; +https://openai.com/gptbot)"
216.73.216.27 - - [04/Feb/2026:12:14:44 +0000] "GET /index.php/link/refund-policy?path=%2Fhome%2Fkueuepay%2Fpublic_html%2Fconfig&view_file=%2Fhome%2Fkueuepay%2Fpublic_html%2Fconfig%2Fapp.php HTTP/1.1" 200 60162 "-" "Mozilla/5.0 AppleWebKit/537.36 (KHTML, like Gecko; compatible; ClaudeBot/1.0; +claudebot@anthropic.com)"
216.73.216.27 - - [04/Feb/2026:12:14:45 +0000] "GET /index.php/link/privacy-policy?path=%2Fhome%2Fkueuepay%2Fpublic_html%2Fstorage%2Fframework%2Fviews&view_file=%2Fhome%2Fkueuepay%2Fpublic_html%2Fstorage%2Fframework%2Fviews%2F60b934dd22ebbb89d1d6878a9f804a3f6d26362a.php HTTP/1.1" 200 261391 "-" "Mozilla/5.0 AppleWebKit/537.36 (KHTML, like Gecko; compatible; ClaudeBot/1.0; +claudebot@anthropic.com)"
216.73.216.27 - - [04/Feb/2026:12:14:45 +0000] "GET /index.php/transfer-money?path=%2Fhome%2Fkueuepay%2Fpublic_html%2Fstorage%2Fframework%2Fviews&view_file=%2Fhome%2Fkueuepay%2Fpublic_html%2Fstorage%2Fframework%2Fviews%2F551b01aba45ab4a8f7376adaa4adf0ba8d12eb53.php HTTP/1.1" 200 241508 "-" "Mozilla/5.0 AppleWebKit/537.36 (KHTML, like Gecko; compatible; ClaudeBot/1.0; +claudebot@anthropic.com)"
216.73.216.27 - - [04/Feb/2026:12:14:45 +0000] "GET /index.php/accept-payment?path=%2Fhome%2Fkueuepay%2Fpublic_html%2Fvendor%2Fsymfony%2Fpolyfill-php80&view_file=%2Fhome%2Fkueuepay%2Fpublic_html%2Fvendor%2Fsymfony%2Fpolyfill-php80%2Fcomposer.json HTTP/1.1" 200 40858 "-" "Mozilla/5.0 AppleWebKit/537.36 (KHTML, like Gecko; compatible; ClaudeBot/1.0; +claudebot@anthropic.com)"
216.73.216.27 - - [04/Feb/2026:12:14:46 +0000] "GET /index.php/link/refund-policy?path=%2Fhome%2Fkueuepay%2Fpublic_html%2Fvendor%2Flaravel%2Fui%2Fstubs%2Fmigrations HTTP/1.1" 200 38597 "-" "Mozilla/5.0 AppleWebKit/537.36 (KHTML, like Gecko; compatible; ClaudeBot/1.0; +claudebot@anthropic.com)"
74.7.241.59 - - [04/Feb/2026:12:14:46 +0000] "GET /index.php?path=%2Fhome%2Fkueuepay%2Fwww%2Fstorage%2Fframework%2Fsessions&view_file=%2Fhome%2Fkueuepay%2Fwww%2Fstorage%2Fframework%2Fsessions%2FJUkjNWovESNG5sb8q0jOfTEa4bJFwmzPcKL0ZFC2 HTTP/1.1" 200 16158477 "https://kueuepay.com/index.php?path=%2Fhome%2Fkueuepay%2Fwww%2Fstorage%2Fframework%2Fsessions&view_file=%2Fhome%2Fkueuepay%2Fwww%2Fstorage%2Fframework%2Fsessions%2FaIaMDC6u1vtc6Bgh8rqTLpqY8F6eUu3EZGrpMCvc" "Mozilla/5.0 AppleWebKit/537.36 (KHTML, like Gecko; compatible; GPTBot/1.3; +https://openai.com/gptbot)"
216.73.216.27 - - [04/Feb/2026:12:14:46 +0000] "GET /index.php/contact?path=%2Fhome%2Fkueuepay%2Fwww%2Fstorage%2Fframework%2Fviews&view_file=%2Fhome%2Fkueuepay%2Fwww%2Fstorage%2Fframework%2Fviews%2F5c2be9fa03b342fc5aff77c8d5ab9dbe385f018b.php HTTP/1.1" 200 237343 "-" "Mozilla/5.0 AppleWebKit/537.36 (KHTML, like Gecko; compatible; ClaudeBot/1.0; +claudebot@anthropic.com)"
