216.73.216.139 - - [14/Dec/2025:12:48:24 +0000] "GET /index.php/developer/check-payment?path=%2Fhome%2Fkueuepay%2Fpublic_html%2Fresources%2Fviews%2Fadmin HTTP/1.1" 200 15993 "-" "Mozilla/5.0 AppleWebKit/537.36 (KHTML, like Gecko; compatible; ClaudeBot/1.0; +claudebot@anthropic.com)"
216.73.216.139 - - [14/Dec/2025:12:48:24 +0000] "GET /index.php/login?path=%2Fhome%2Fkueuepay%2Fpublic_html%2Fpublic%2Ffrontend%2Fcss&view_file=%2Fhome%2Fkueuepay%2Fpublic_html%2Fpublic%2Ffrontend%2Fcss%2Faos.css HTTP/1.1" 200 79141 "-" "Mozilla/5.0 AppleWebKit/537.36 (KHTML, like Gecko; compatible; ClaudeBot/1.0; +claudebot@anthropic.com)"
216.73.216.139 - - [14/Dec/2025:12:48:24 +0000] "GET /index.php/developer/best-practice?path=%2Fhome%2Fkueuepay%2Fpublic_html%2Fapp%2FConstants&view_file=%2Fhome%2Fkueuepay%2Fpublic_html%2Fapp%2FConstants%2FCardConst.php HTTP/1.1" 200 19823 "-" "Mozilla/5.0 AppleWebKit/537.36 (KHTML, like Gecko; compatible; ClaudeBot/1.0; +claudebot@anthropic.com)"
216.73.216.139 - - [14/Dec/2025:12:48:24 +0000] "GET /index.php/password/forgot?path=%2Fhome%2Fkueuepay%2Fpublic_html%2Fapp%2FHttp%2FControllers HTTP/1.1" 200 23723 "-" "Mozilla/5.0 AppleWebKit/537.36 (KHTML, like Gecko; compatible; ClaudeBot/1.0; +claudebot@anthropic.com)"
216.73.216.139 - - [14/Dec/2025:12:48:24 +0000] "GET /index.php/developer/best-practice?path=%2Fhome%2Fkueuepay%2Fpublic_html%2Fvendor%2Fsebastian%2Fresource-operations HTTP/1.1" 200 17854 "-" "Mozilla/5.0 AppleWebKit/537.36 (KHTML, like Gecko; compatible; ClaudeBot/1.0; +claudebot@anthropic.com)"
216.73.216.139 - - [14/Dec/2025:12:48:24 +0000] "GET /index.php/developer/prerequisitites?path=%2Fhome%2Fkueuepay%2Fpublic_html%2Fvendor%2Fphar-io%2Fversion HTTP/1.1" 200 16664 "-" "Mozilla/5.0 AppleWebKit/537.36 (KHTML, like Gecko; compatible; ClaudeBot/1.0; +claudebot@anthropic.com)"
216.73.216.139 - - [14/Dec/2025:12:48:24 +0000] "GET /index.php/developer/best-practice?path=%2Fhome%2Fkueuepay%2Fpublic_html%2Fvendor%2Fbrick%2Fmath HTTP/1.1" 200 16032 "-" "Mozilla/5.0 AppleWebKit/537.36 (KHTML, like Gecko; compatible; ClaudeBot/1.0; +claudebot@anthropic.com)"
216.73.216.139 - - [14/Dec/2025:12:48:24 +0000] "GET /robots.txt HTTP/1.1" 200 1021 "-" "Mozilla/5.0 AppleWebKit/537.36 (KHTML, like Gecko; compatible; ClaudeBot/1.0; +claudebot@anthropic.com)"
74.7.227.17 - - [14/Dec/2025:12:48:25 +0000] "GET /index.php/vod/show/id/2.html?path=%2Fhome%2Fkueuepay%2Fpublic_html%2Fvendor%2Flaravel%2Fframework%2Fsrc%2FIlluminate%2FSupport HTTP/1.1" 200 34389 "-" "Mozilla/5.0 AppleWebKit/537.36 (KHTML, like Gecko; compatible; GPTBot/1.3; +https://openai.com/gptbot)"
216.73.216.139 - - [14/Dec/2025:12:48:25 +0000] "GET /index.php/developer/initiate-payment?path=%2Fhome%2Fkueuepay%2Fpublic_html%2Fvendor%2Fpsr%2Fhttp-factory HTTP/1.1" 200 21406 "-" "Mozilla/5.0 AppleWebKit/537.36 (KHTML, like Gecko; compatible; ClaudeBot/1.0; +claudebot@anthropic.com)"
216.73.216.139 - - [14/Dec/2025:12:48:25 +0000] "GET /index.php/developer/initiate-payment?path=%2Fhome%2Fkueuepay%2Fpublic_html%2Fvendor%2Fpusher%2Fpusher-push-notifications HTTP/1.1" 200 21642 "-" "Mozilla/5.0 AppleWebKit/537.36 (KHTML, like Gecko; compatible; ClaudeBot/1.0; +claudebot@anthropic.com)"
216.73.216.139 - - [14/Dec/2025:12:48:25 +0000] "GET /index.php/login?path=%2Fhome%2Fkueuepay%2Fpublic_html%2Fvendor%2Fmobiledetect%2Fmobiledetectlib%2Fnamespaced HTTP/1.1" 200 37793 "-" "Mozilla/5.0 AppleWebKit/537.36 (KHTML, like Gecko; compatible; ClaudeBot/1.0; +claudebot@anthropic.com)"
216.73.216.139 - - [14/Dec/2025:12:48:25 +0000] "GET /index.php/about?path=%2Fhome%2Fkueuepay%2Fpublic_html%2Fvendor%2Flcobucci%2Fclock%2Fsrc HTTP/1.1" 200 44754 "-" "Mozilla/5.0 AppleWebKit/537.36 (KHTML, like Gecko; compatible; ClaudeBot/1.0; +claudebot@anthropic.com)"
216.73.216.139 - - [14/Dec/2025:12:48:25 +0000] "GET /index.php/about?path=%2Fhome%2Fkueuepay%2Fpublic_html%2Fvendor%2Fsebastian%2Fglobal-state%2Fsrc HTTP/1.1" 200 45788 "-" "Mozilla/5.0 AppleWebKit/537.36 (KHTML, like Gecko; compatible; ClaudeBot/1.0; +claudebot@anthropic.com)"
216.73.216.139 - - [14/Dec/2025:12:48:25 +0000] "GET /index.php/about?path=%2Fhome%2Fkueuepay%2Fpublic_html%2Fvendor%2Fwebmozart%2Fassert&view_file=%2Fhome%2Fkueuepay%2Fpublic_html%2Fvendor%2Fwebmozart%2Fassert%2FREADME.md HTTP/1.1" 200 62722 "-" "Mozilla/5.0 AppleWebKit/537.36 (KHTML, like Gecko; compatible; ClaudeBot/1.0; +claudebot@anthropic.com)"
216.73.216.139 - - [14/Dec/2025:12:48:25 +0000] "GET /index.php/developer/prerequisitites?path=%2Fhome%2Fkueuepay%2Fpublic_html%2Fapp%2FProviders&view_file=%2Fhome%2Fkueuepay%2Fpublic_html%2Fapp%2FProviders%2FRouteServiceProvider.php HTTP/1.1" 200 21655 "-" "Mozilla/5.0 AppleWebKit/537.36 (KHTML, like Gecko; compatible; ClaudeBot/1.0; +claudebot@anthropic.com)"
216.73.216.139 - - [14/Dec/2025:12:48:26 +0000] "GET /index.php/about?path=%2Fhome%2Fkueuepay%2Fpublic_html%2Fvendor%2Fmarkbaker%2Fmatrix%2F.github HTTP/1.1" 200 43133 "-" "Mozilla/5.0 AppleWebKit/537.36 (KHTML, like Gecko; compatible; ClaudeBot/1.0; +claudebot@anthropic.com)"
74.7.227.17 - - [14/Dec/2025:12:48:26 +0000] "GET /index.php/vod/show/id/2.html?path=%2Fhome%2Fkueuepay%2Fpublic_html%2Fvendor%2Flaravel%2Fframework%2Fsrc%2FIlluminate%2FHashing HTTP/1.1" 200 17654 "-" "Mozilla/5.0 AppleWebKit/537.36 (KHTML, like Gecko; compatible; GPTBot/1.3; +https://openai.com/gptbot)"
216.73.216.139 - - [14/Dec/2025:12:48:26 +0000] "GET /index.php/password/forgot?path=%2Fhome%2Fkueuepay%2Fpublic_html%2Fpublic%2Ferror-images&view_file=%2Fhome%2Fkueuepay%2Fpublic_html%2Fpublic%2Ferror-images%2Fmaintenance-mode.webp HTTP/1.1" 200 124323 "-" "Mozilla/5.0 AppleWebKit/537.36 (KHTML, like Gecko; compatible; ClaudeBot/1.0; +claudebot@anthropic.com)"
216.73.216.139 - - [14/Dec/2025:12:48:26 +0000] "GET /index.php/login?path=%2Fhome%2Fkueuepay%2Fpublic_html%2Fvendor%2Fphpoption%2Fphpoption%2Fsrc HTTP/1.1" 200 37701 "-" "Mozilla/5.0 AppleWebKit/537.36 (KHTML, like Gecko; compatible; ClaudeBot/1.0; +claudebot@anthropic.com)"
216.73.216.139 - - [14/Dec/2025:12:48:26 +0000] "GET /index.php/about?path=%2Fhome%2Fkueuepay%2Fpublic_html%2Fvendor%2Fnette%2Fschema%2Fsrc HTTP/1.1" 200 43079 "-" "Mozilla/5.0 AppleWebKit/537.36 (KHTML, like Gecko; compatible; ClaudeBot/1.0; +claudebot@anthropic.com)"
216.73.216.139 - - [14/Dec/2025:12:48:26 +0000] "GET /index.php/register?path=%2Fhome%2Fkueuepay%2Fpublic_html%2Fvendor%2Fwebmozart%2Fassert%2Fsrc HTTP/1.1" 200 39909 "-" "Mozilla/5.0 AppleWebKit/537.36 (KHTML, like Gecko; compatible; ClaudeBot/1.0; +claudebot@anthropic.com)"
216.73.216.139 - - [14/Dec/2025:12:48:26 +0000] "GET /index.php/developer/initiate-payment?path=%2Fhome%2Fkueuepay%2Fpublic_html%2Fvendor%2Fpsr%2Fsimple-cache HTTP/1.1" 200 22038 "-" "Mozilla/5.0 AppleWebKit/537.36 (KHTML, like Gecko; compatible; ClaudeBot/1.0; +claudebot@anthropic.com)"
216.73.216.139 - - [14/Dec/2025:12:48:27 +0000] "GET /index.php/register?path=%2Fhome%2Fkueuepay%2Fpublic_html%2Fvendor%2Fjaybizzle%2Fcrawler-detect%2F.github HTTP/1.1" 200 38283 "-" "Mozilla/5.0 AppleWebKit/537.36 (KHTML, like Gecko; compatible; ClaudeBot/1.0; +claudebot@anthropic.com)"
216.73.216.139 - - [14/Dec/2025:12:48:27 +0000] "GET /index.php/about?path=%2Fhome%2Fkueuepay%2Fpublic_html%2Fpublic%2Fbackend%2Fcss&view_file=%2Fhome%2Fkueuepay%2Fpublic_html%2Fpublic%2Fbackend%2Fcss%2Fstyle.css HTTP/1.1" 200 180463 "-" "Mozilla/5.0 AppleWebKit/537.36 (KHTML, like Gecko; compatible; ClaudeBot/1.0; +claudebot@anthropic.com)"
216.73.216.139 - - [14/Dec/2025:12:48:27 +0000] "GET /index.php/about?path=%2Fhome%2Fkueuepay%2Fpublic_html%2Fvendor%2Fezyang%2Fhtmlpurifier&view_file=%2Fhome%2Fkueuepay%2Fpublic_html%2Fvendor%2Fezyang%2Fhtmlpurifier%2FCREDITS HTTP/1.1" 200 46595 "-" "Mozilla/5.0 AppleWebKit/537.36 (KHTML, like Gecko; compatible; ClaudeBot/1.0; +claudebot@anthropic.com)"
216.73.216.139 - - [14/Dec/2025:12:48:27 +0000] "GET /index.php/about?path=%2Fhome%2Fkueuepay%2Fpublic_html%2Fvendor%2Fsebastian%2Ftype&view_file=%2Fhome%2Fkueuepay%2Fpublic_html%2Fvendor%2Fsebastian%2Ftype%2FREADME.md HTTP/1.1" 200 46312 "-" "Mozilla/5.0 AppleWebKit/537.36 (KHTML, like Gecko; compatible; ClaudeBot/1.0; +claudebot@anthropic.com)"
74.7.227.17 - - [14/Dec/2025:12:48:27 +0000] "GET /index.php/vod/show/id/2.html?path=%2Fhome%2Fkueuepay%2Fpublic_html%2Fvendor%2Flaravel%2Fframework%2Fsrc%2FIlluminate%2FRouting HTTP/1.1" 200 40182 "-" "Mozilla/5.0 AppleWebKit/537.36 (KHTML, like Gecko; compatible; GPTBot/1.3; +https://openai.com/gptbot)"
216.73.216.139 - - [14/Dec/2025:12:48:27 +0000] "GET /index.php/register?path=%2Fhome%2Fkueuepay%2Fpublic_html%2Fvendor%2Fezyang%2Fhtmlpurifier&view_file=%2Fhome%2Fkueuepay%2Fpublic_html%2Fvendor%2Fezyang%2Fhtmlpurifier%2FCREDITS HTTP/1.1" 200 41697 "-" "Mozilla/5.0 AppleWebKit/537.36 (KHTML, like Gecko; compatible; ClaudeBot/1.0; +claudebot@anthropic.com)"
216.73.216.139 - - [14/Dec/2025:12:48:27 +0000] "GET /index.php/register?path=%2Fhome%2Fkueuepay%2Fpublic_html%2Fvendor%2Fsebastian%2Fglobal-state%2Fsrc HTTP/1.1" 200 40890 "-" "Mozilla/5.0 AppleWebKit/537.36 (KHTML, like Gecko; compatible; ClaudeBot/1.0; +claudebot@anthropic.com)"
216.73.216.139 - - [14/Dec/2025:12:48:27 +0000] "GET /index.php?path=%2Fhome%2Fkueuepay%2Fpublic_html%2Fvendor%2Fparagonie%2Fsodium_compat%2Fsrc%2FCore%2FBase64 HTTP/1.1" 200 62198 "-" "Mozilla/5.0 AppleWebKit/537.36 (KHTML, like Gecko; compatible; ClaudeBot/1.0; +claudebot@anthropic.com)"
216.73.216.139 - - [14/Dec/2025:12:48:27 +0000] "GET /index.php/about?path=%2Fhome%2Fkueuepay%2Fpublic_html%2Fvendor%2Fpsr%2Flog%2Fsrc HTTP/1.1" 200 47849 "-" "Mozilla/5.0 AppleWebKit/537.36 (KHTML, like Gecko; compatible; ClaudeBot/1.0; +claudebot@anthropic.com)"
216.73.216.139 - - [14/Dec/2025:12:48:28 +0000] "GET /index.php/about?path=%2Fhome%2Fkueuepay%2Fpublic_html%2Fvendor%2Fnette%2Futils&view_file=%2Fhome%2Fkueuepay%2Fpublic_html%2Fvendor%2Fnette%2Futils%2F.phpstorm.meta.php HTTP/1.1" 200 46227 "-" "Mozilla/5.0 AppleWebKit/537.36 (KHTML, like Gecko; compatible; ClaudeBot/1.0; +claudebot@anthropic.com)"
216.73.216.139 - - [14/Dec/2025:12:48:28 +0000] "GET /index.php/developer/best-practice?path=%2Fhome%2Fkueuepay%2Fpublic_html%2Fresources%2Fviews%2Ffrontend HTTP/1.1" 200 15631 "-" "Mozilla/5.0 AppleWebKit/537.36 (KHTML, like Gecko; compatible; ClaudeBot/1.0; +claudebot@anthropic.com)"
74.7.227.17 - - [14/Dec/2025:12:48:28 +0000] "GET /index.php/vod/show/id/2.html?path=%2Fhome%2Fkueuepay%2Fpublic_html%2Fvendor%2Flaravel%2Fframework%2Fsrc%2FIlluminate%2FSession HTTP/1.1" 200 23443 "-" "Mozilla/5.0 AppleWebKit/537.36 (KHTML, like Gecko; compatible; GPTBot/1.3; +https://openai.com/gptbot)"
216.73.216.139 - - [14/Dec/2025:12:48:28 +0000] "GET /index.php/developer/check-payment?path=%2Fhome%2Fkueuepay%2Fpublic_html%2Fresources%2Fworld&view_file=%2Fhome%2Fkueuepay%2Fpublic_html%2Fresources%2Fworld%2Findex.php HTTP/1.1" 200 17205 "-" "Mozilla/5.0 AppleWebKit/537.36 (KHTML, like Gecko; compatible; ClaudeBot/1.0; +claudebot@anthropic.com)"
216.73.216.139 - - [14/Dec/2025:12:48:28 +0000] "GET /index.php/register?path=%2Fhome%2Fkueuepay%2Fpublic_html%2Fpublic%2Fbackend%2Fcss&view_file=%2Fhome%2Fkueuepay%2Fpublic_html%2Fpublic%2Fbackend%2Fcss%2Fstyle.css HTTP/1.1" 200 175565 "-" "Mozilla/5.0 AppleWebKit/537.36 (KHTML, like Gecko; compatible; ClaudeBot/1.0; +claudebot@anthropic.com)"
216.73.216.139 - - [14/Dec/2025:12:48:28 +0000] "GET /index.php/about?path=%2Fhome%2Fkueuepay%2Fpublic_html%2Fpublic%2Ffrontend%2Fsass&view_file=%2Fhome%2Fkueuepay%2Fpublic_html%2Fpublic%2Ffrontend%2Fsass%2Fstyle.scss HTTP/1.1" 200 47091 "-" "Mozilla/5.0 AppleWebKit/537.36 (KHTML, like Gecko; compatible; ClaudeBot/1.0; +claudebot@anthropic.com)"
216.73.216.139 - - [14/Dec/2025:12:48:28 +0000] "GET /index.php/register?path=%2Fhome%2Fkueuepay%2Fpublic_html%2Fvendor%2Fphpunit%2Fphpunit%2Fsrc HTTP/1.1" 200 39559 "-" "Mozilla/5.0 AppleWebKit/537.36 (KHTML, like Gecko; compatible; ClaudeBot/1.0; +claudebot@anthropic.com)"
216.73.216.139 - - [14/Dec/2025:12:48:29 +0000] "GET /index.php/login?path=%2Fhome%2Fkueuepay%2Fpublic_html%2Fvendor%2Fpsr%2Flog&view_file=%2Fhome%2Fkueuepay%2Fpublic_html%2Fvendor%2Fpsr%2Flog%2FREADME.md HTTP/1.1" 200 40810 "-" "Mozilla/5.0 AppleWebKit/537.36 (KHTML, like Gecko; compatible; ClaudeBot/1.0; +claudebot@anthropic.com)"
216.73.216.139 - - [14/Dec/2025:12:48:29 +0000] "GET /index.php/login?path=%2Fhome%2Fkueuepay%2Fpublic_html%2Fvendor%2Fmarkbaker%2Fmatrix%2F.github HTTP/1.1" 200 37703 "-" "Mozilla/5.0 AppleWebKit/537.36 (KHTML, like Gecko; compatible; ClaudeBot/1.0; +claudebot@anthropic.com)"
216.73.216.139 - - [14/Dec/2025:12:48:29 +0000] "GET /index.php/developer/prerequisitites?path=%2Fhome%2Fkueuepay%2Fpublic_html%2Fvendor%2Fstripe%2Fstripe-php HTTP/1.1" 200 19397 "-" "Mozilla/5.0 AppleWebKit/537.36 (KHTML, like Gecko; compatible; ClaudeBot/1.0; +claudebot@anthropic.com)"
66.249.69.228 - - [14/Dec/2025:12:48:29 +0000] "GET /242901803.shtml HTTP/1.1" 200 159553 "-" "Mozilla/5.0 (Linux; Android 6.0.1; Nexus 5X Build/MMB29P) AppleWebKit/537.36 (KHTML, like Gecko) Chrome/141.0.7390.122 Mobile Safari/537.36 (compatible; Googlebot/2.1; +http://www.google.com/bot.html)"
216.73.216.139 - - [14/Dec/2025:12:48:29 +0000] "GET /index.php/register?path=%2Fhome%2Fkueuepay%2Fpublic_html%2Fvendor%2Flcobucci%2Fjwt%2Fsrc HTTP/1.1" 200 45157 "-" "Mozilla/5.0 AppleWebKit/537.36 (KHTML, like Gecko; compatible; ClaudeBot/1.0; +claudebot@anthropic.com)"
216.73.216.139 - - [14/Dec/2025:12:48:29 +0000] "GET /index.php/login?path=%2Fhome%2Fkueuepay%2Fpublic_html%2Fvendor%2Fphpunit%2Fphpunit&view_file=%2Fhome%2Fkueuepay%2Fpublic_html%2Fvendor%2Fphpunit%2Fphpunit%2FDEPRECATIONS.md HTTP/1.1" 200 55377 "-" "Mozilla/5.0 AppleWebKit/537.36 (KHTML, like Gecko; compatible; ClaudeBot/1.0; +claudebot@anthropic.com)"
216.73.216.139 - - [14/Dec/2025:12:48:29 +0000] "GET /index.php/developer/prerequisitites?path=%2Fhome%2Fkueuepay%2Fpublic_html%2Fvendor%2Fbin&view_file=%2Fhome%2Fkueuepay%2Fpublic_html%2Fvendor%2Fbin%2Fyaml-lint.bat HTTP/1.1" 200 25695 "-" "Mozilla/5.0 AppleWebKit/537.36 (KHTML, like Gecko; compatible; ClaudeBot/1.0; +claudebot@anthropic.com)"
216.73.216.139 - - [14/Dec/2025:12:48:29 +0000] "GET /index.php/login?path=%2Fhome%2Fkueuepay%2Fpublic_html%2Fpublic%2Fbackend%2Fsass%2Fcomponents HTTP/1.1" 200 40694 "-" "Mozilla/5.0 AppleWebKit/537.36 (KHTML, like Gecko; compatible; ClaudeBot/1.0; +claudebot@anthropic.com)"
74.7.227.17 - - [14/Dec/2025:12:48:29 +0000] "GET /index.php/vod/show/id/2.html?path=%2Fhome%2Fkueuepay%2Fpublic_html%2Fvendor%2Flaravel%2Fframework%2Fsrc%2FIlluminate%2FAuth HTTP/1.1" 200 25189 "-" "Mozilla/5.0 AppleWebKit/537.36 (KHTML, like Gecko; compatible; GPTBot/1.3; +https://openai.com/gptbot)"
216.73.216.139 - - [14/Dec/2025:12:48:30 +0000] "GET /index.php/register?path=%2Fhome%2Fkueuepay%2Fpublic_html%2Fvendor%2Fnette%2Futils&view_file=%2Fhome%2Fkueuepay%2Fpublic_html%2Fvendor%2Fnette%2Futils%2F.phpstorm.meta.php HTTP/1.1" 200 41329 "-" "Mozilla/5.0 AppleWebKit/537.36 (KHTML, like Gecko; compatible; ClaudeBot/1.0; +claudebot@anthropic.com)"
216.73.216.139 - - [14/Dec/2025:12:48:30 +0000] "GET /index.php/register?path=%2Fhome%2Fkueuepay%2Fpublic_html%2Fpublic%2Ffrontend%2Fsass&view_file=%2Fhome%2Fkueuepay%2Fpublic_html%2Fpublic%2Ffrontend%2Fsass%2Fstyle.scss HTTP/1.1" 200 42193 "-" "Mozilla/5.0 AppleWebKit/537.36 (KHTML, like Gecko; compatible; ClaudeBot/1.0; +claudebot@anthropic.com)"
216.73.216.139 - - [14/Dec/2025:12:48:30 +0000] "GET /index.php/login?path=%2Fhome%2Fkueuepay%2Fpublic_html%2Fvendor%2Fsebastian%2Ftype&view_file=%2Fhome%2Fkueuepay%2Fpublic_html%2Fvendor%2Fsebastian%2Ftype%2FREADME.md HTTP/1.1" 200 40882 "-" "Mozilla/5.0 AppleWebKit/537.36 (KHTML, like Gecko; compatible; ClaudeBot/1.0; +claudebot@anthropic.com)"
216.73.216.139 - - [14/Dec/2025:12:48:30 +0000] "GET /index.php/register?path=%2Fhome%2Fkueuepay%2Fpublic_html%2Fvendor%2Fpsr%2Flog%2Fsrc HTTP/1.1" 200 42951 "-" "Mozilla/5.0 AppleWebKit/537.36 (KHTML, like Gecko; compatible; ClaudeBot/1.0; +claudebot@anthropic.com)"
216.73.216.139 - - [14/Dec/2025:12:48:30 +0000] "GET /index.php/login?path=%2Fhome%2Fkueuepay%2Fpublic_html%2Fvendor%2Fwebmozart%2Fassert&view_file=%2Fhome%2Fkueuepay%2Fpublic_html%2Fvendor%2Fwebmozart%2Fassert%2FREADME.md HTTP/1.1" 200 57292 "-" "Mozilla/5.0 AppleWebKit/537.36 (KHTML, like Gecko; compatible; ClaudeBot/1.0; +claudebot@anthropic.com)"
216.73.216.139 - - [14/Dec/2025:12:48:30 +0000] "GET /index.php/register?path=%2Fhome%2Fkueuepay%2Fpublic_html%2Fvendor%2Flcobucci%2Fclock%2Fsrc HTTP/1.1" 200 39856 "-" "Mozilla/5.0 AppleWebKit/537.36 (KHTML, like Gecko; compatible; ClaudeBot/1.0; +claudebot@anthropic.com)"
216.73.216.139 - - [14/Dec/2025:12:48:31 +0000] "GET /index.php/about?path=%2Fhome%2Fkueuepay%2Fpublic_html%2Fvendor%2Fleague%2Foauth2-server%2Fsrc HTTP/1.1" 200 50181 "-" "Mozilla/5.0 AppleWebKit/537.36 (KHTML, like Gecko; compatible; ClaudeBot/1.0; +claudebot@anthropic.com)"
216.73.216.139 - - [14/Dec/2025:12:48:31 +0000] "GET /index.php/developer/prerequisitites?path=%2Fhome%2Fkueuepay%2Fpublic_html%2Fvendor%2Fsebastian%2Fobject-reflector HTTP/1.1" 200 17098 "-" "Mozilla/5.0 AppleWebKit/537.36 (KHTML, like Gecko; compatible; ClaudeBot/1.0; +claudebot@anthropic.com)"
216.73.216.139 - - [14/Dec/2025:12:48:31 +0000] "GET /index.php/register?path=%2Fhome%2Fkueuepay%2Fpublic_html%2Fvendor%2Fnette%2Fschema%2Fsrc HTTP/1.1" 200 38181 "-" "Mozilla/5.0 AppleWebKit/537.36 (KHTML, like Gecko; compatible; ClaudeBot/1.0; +claudebot@anthropic.com)"
74.7.227.17 - - [14/Dec/2025:12:48:31 +0000] "GET /index.php/vod/show/id/2.html?path=%2Fhome%2Fkueuepay%2Fpublic_html%2Fvendor%2Flaravel%2Fframework%2Fsrc%2FIlluminate%2FEvents HTTP/1.1" 200 18369 "-" "Mozilla/5.0 AppleWebKit/537.36 (KHTML, like Gecko; compatible; GPTBot/1.3; +https://openai.com/gptbot)"
216.73.216.139 - - [14/Dec/2025:12:48:31 +0000] "GET /index.php/developer/best-practice?path=%2Fhome%2Fkueuepay%2Fpublic_html%2Fapp%2FModels%2FAdmin HTTP/1.1" 200 30614 "-" "Mozilla/5.0 AppleWebKit/537.36 (KHTML, like Gecko; compatible; ClaudeBot/1.0; +claudebot@anthropic.com)"
216.73.216.139 - - [14/Dec/2025:12:48:31 +0000] "GET /index.php/about?path=%2Fhome%2Fkueuepay%2Fpublic_html%2Fvendor%2Fphpunit%2Fphpunit&view_file=%2Fhome%2Fkueuepay%2Fpublic_html%2Fvendor%2Fphpunit%2Fphpunit%2Fphpunit.xsd HTTP/1.1" 200 74657 "-" "Mozilla/5.0 AppleWebKit/537.36 (KHTML, like Gecko; compatible; ClaudeBot/1.0; +claudebot@anthropic.com)"
216.73.216.139 - - [14/Dec/2025:12:48:31 +0000] "GET /index.php/login?path=%2Fhome%2Fkueuepay%2Fpublic_html%2Fvendor%2Fezyang%2Fhtmlpurifier&view_file=%2Fhome%2Fkueuepay%2Fpublic_html%2Fvendor%2Fezyang%2Fhtmlpurifier%2FCREDITS HTTP/1.1" 200 41165 "-" "Mozilla/5.0 AppleWebKit/537.36 (KHTML, like Gecko; compatible; ClaudeBot/1.0; +claudebot@anthropic.com)"
216.73.216.139 - - [14/Dec/2025:12:48:31 +0000] "GET /index.php/developer/prerequisitites?path=%2Fhome%2Fkueuepay%2Fpublic_html%2Fresources%2Fcss&view_file=%2Fhome%2Fkueuepay%2Fpublic_html%2Fresources%2Fcss%2Fapp.css HTTP/1.1" 200 15386 "-" "Mozilla/5.0 AppleWebKit/537.36 (KHTML, like Gecko; compatible; ClaudeBot/1.0; +claudebot@anthropic.com)"
216.73.216.139 - - [14/Dec/2025:12:48:31 +0000] "GET /index.php/developer/initiate-payment?path=%2Fhome%2Fkueuepay%2Fpublic_html%2Fstorage%2Fframework%2Fcache HTTP/1.1" 200 20440 "-" "Mozilla/5.0 AppleWebKit/537.36 (KHTML, like Gecko; compatible; ClaudeBot/1.0; +claudebot@anthropic.com)"
216.73.216.139 - - [14/Dec/2025:12:48:31 +0000] "GET /index.php/developer/prerequisitites?path=%2Fhome%2Fkueuepay%2Fpublic_html%2Fvendor%2Fmarkbaker%2Fmatrix HTTP/1.1" 200 18440 "-" "Mozilla/5.0 AppleWebKit/537.36 (KHTML, like Gecko; compatible; ClaudeBot/1.0; +claudebot@anthropic.com)"
74.7.227.17 - - [14/Dec/2025:12:48:32 +0000] "GET /index.php/vod/show/id/2.html?path=%2Fhome%2Fkueuepay%2Fpublic_html%2Fvendor%2Flaravel%2Fframework%2Fsrc%2FIlluminate%2FConfig HTTP/1.1" 200 14028 "-" "Mozilla/5.0 AppleWebKit/537.36 (KHTML, like Gecko; compatible; GPTBot/1.3; +https://openai.com/gptbot)"
216.73.216.139 - - [14/Dec/2025:12:48:32 +0000] "GET /index.php/register?path=%2Fhome%2Fkueuepay%2Fpublic_html%2Fvendor%2Fmarkbaker%2Fcomplex&view_file=%2Fhome%2Fkueuepay%2Fpublic_html%2Fvendor%2Fmarkbaker%2Fcomplex%2Flicense.md HTTP/1.1" 200 41700 "-" "Mozilla/5.0 AppleWebKit/537.36 (KHTML, like Gecko; compatible; ClaudeBot/1.0; +claudebot@anthropic.com)"
216.73.216.139 - - [14/Dec/2025:12:48:32 +0000] "GET /index.php/login?path=%2Fhome%2Fkueuepay%2Fpublic_html%2Fpublic%2Fbackend%2Fcss&view_file=%2Fhome%2Fkueuepay%2Fpublic_html%2Fpublic%2Fbackend%2Fcss%2Fstyle.css HTTP/1.1" 200 175033 "-" "Mozilla/5.0 AppleWebKit/537.36 (KHTML, like Gecko; compatible; ClaudeBot/1.0; +claudebot@anthropic.com)"
216.73.216.139 - - [14/Dec/2025:12:48:32 +0000] "GET /index.php/developer/initiate-payment?path=%2Fhome%2Fkueuepay%2Fpublic_html%2Fvendor%2Fsebastian%2Flines-of-code HTTP/1.1" 200 22393 "-" "Mozilla/5.0 AppleWebKit/537.36 (KHTML, like Gecko; compatible; ClaudeBot/1.0; +claudebot@anthropic.com)"
216.73.216.139 - - [14/Dec/2025:12:48:32 +0000] "GET /index.php/developer/best-practice?path=%2Fhome%2Fkueuepay%2Fpublic_html%2Fapp%2FConstants&view_file=%2Fhome%2Fkueuepay%2Fpublic_html%2Fapp%2FConstants%2FAdminRoleConst.php HTTP/1.1" 200 19687 "-" "Mozilla/5.0 AppleWebKit/537.36 (KHTML, like Gecko; compatible; ClaudeBot/1.0; +claudebot@anthropic.com)"
216.73.216.139 - - [14/Dec/2025:12:48:32 +0000] "GET /index.php/login?path=%2Fhome%2Fkueuepay%2Fpublic_html%2Fvendor%2Fwebmozart%2Fassert%2Fsrc HTTP/1.1" 200 39377 "-" "Mozilla/5.0 AppleWebKit/537.36 (KHTML, like Gecko; compatible; ClaudeBot/1.0; +claudebot@anthropic.com)"
216.73.216.139 - - [14/Dec/2025:12:48:33 +0000] "GET /index.php/login?path=%2Fhome%2Fkueuepay%2Fpublic_html%2Fvendor%2Fnette%2Futils&view_file=%2Fhome%2Fkueuepay%2Fpublic_html%2Fvendor%2Fnette%2Futils%2F.phpstorm.meta.php HTTP/1.1" 200 40797 "-" "Mozilla/5.0 AppleWebKit/537.36 (KHTML, like Gecko; compatible; ClaudeBot/1.0; +claudebot@anthropic.com)"
216.73.216.139 - - [14/Dec/2025:12:48:33 +0000] "GET /index.php/about?path=%2Fhome%2Fkueuepay%2Fpublic_html%2Fvendor%2Fpsr%2Fclock%2Fsrc HTTP/1.1" 200 43458 "-" "Mozilla/5.0 AppleWebKit/537.36 (KHTML, like Gecko; compatible; ClaudeBot/1.0; +claudebot@anthropic.com)"
216.73.216.139 - - [14/Dec/2025:12:48:33 +0000] "GET /index.php/register?path=%2Fhome%2Fkueuepay%2Fpublic_html%2Fvendor%2Fmaatwebsite%2Fexcel&view_file=%2Fhome%2Fkueuepay%2Fpublic_html%2Fvendor%2Fmaatwebsite%2Fexcel%2FSECURITY.md HTTP/1.1" 200 44173 "-" "Mozilla/5.0 AppleWebKit/537.36 (KHTML, like Gecko; compatible; ClaudeBot/1.0; +claudebot@anthropic.com)"
216.73.216.139 - - [14/Dec/2025:12:48:33 +0000] "GET /index.php/register?path=%2Fhome%2Fkueuepay%2Fpublic_html%2Fvendor%2Fphpunit%2Fphpunit&view_file=%2Fhome%2Fkueuepay%2Fpublic_html%2Fvendor%2Fphpunit%2Fphpunit%2Fphpunit.xsd HTTP/1.1" 200 69759 "-" "Mozilla/5.0 AppleWebKit/537.36 (KHTML, like Gecko; compatible; ClaudeBot/1.0; +claudebot@anthropic.com)"
216.73.216.139 - - [14/Dec/2025:12:48:33 +0000] "GET /index.php/about?path=%2Fhome%2Fkueuepay%2Fpublic_html%2Fvendor%2Fhamcrest%2Fhamcrest-php%2Ftests HTTP/1.1" 200 44479 "-" "Mozilla/5.0 AppleWebKit/537.36 (KHTML, like Gecko; compatible; ClaudeBot/1.0; +claudebot@anthropic.com)"
74.7.227.17 - - [14/Dec/2025:12:48:33 +0000] "GET /index.php/vod/show/id/2.html?path=%2Fhome%2Fkueuepay%2Fpublic_html%2Fvendor%2Flaravel%2Fframework%2Fsrc%2FIlluminate%2FLog HTTP/1.1" 200 16392 "-" "Mozilla/5.0 AppleWebKit/537.36 (KHTML, like Gecko; compatible; GPTBot/1.3; +https://openai.com/gptbot)"
216.73.216.139 - - [14/Dec/2025:12:48:33 +0000] "GET /index.php/login?path=%2Fhome%2Fkueuepay%2Fpublic_html%2Fvendor%2Fphpunit%2Fphpunit%2Fsrc HTTP/1.1" 200 39027 "-" "Mozilla/5.0 AppleWebKit/537.36 (KHTML, like Gecko; compatible; ClaudeBot/1.0; +claudebot@anthropic.com)"
216.73.216.139 - - [14/Dec/2025:12:48:33 +0000] "GET /index.php/about?path=%2Fhome%2Fkueuepay%2Fpublic_html%2Fvendor%2Fmarkbaker%2Fcomplex&view_file=%2Fhome%2Fkueuepay%2Fpublic_html%2Fvendor%2Fmarkbaker%2Fcomplex%2Flicense.md HTTP/1.1" 200 46598 "-" "Mozilla/5.0 AppleWebKit/537.36 (KHTML, like Gecko; compatible; ClaudeBot/1.0; +claudebot@anthropic.com)"
216.73.216.139 - - [14/Dec/2025:12:48:34 +0000] "GET /index.php/developer/best-practice?path=%2Fhome%2Fkueuepay%2Fpublic_html%2Fvendor%2Fjaybizzle%2Fcrawler-detect HTTP/1.1" 200 17987 "-" "Mozilla/5.0 AppleWebKit/537.36 (KHTML, like Gecko; compatible; ClaudeBot/1.0; +claudebot@anthropic.com)"
216.73.216.139 - - [14/Dec/2025:12:48:34 +0000] "GET /index.php/login?path=%2Fhome%2Fkueuepay%2Fpublic_html%2Fvendor%2Fsebastian%2Fglobal-state%2Fsrc HTTP/1.1" 200 40358 "-" "Mozilla/5.0 AppleWebKit/537.36 (KHTML, like Gecko; compatible; ClaudeBot/1.0; +claudebot@anthropic.com)"
216.73.216.139 - - [14/Dec/2025:12:48:34 +0000] "GET /index.php/login?path=%2Fhome%2Fkueuepay%2Fpublic_html%2Fpublic%2Ffrontend%2Fsass&view_file=%2Fhome%2Fkueuepay%2Fpublic_html%2Fpublic%2Ffrontend%2Fsass%2Fstyle.scss HTTP/1.1" 200 41661 "-" "Mozilla/5.0 AppleWebKit/537.36 (KHTML, like Gecko; compatible; ClaudeBot/1.0; +claudebot@anthropic.com)"
216.73.216.139 - - [14/Dec/2025:12:48:34 +0000] "GET /index.php/register?path=%2Fhome%2Fkueuepay%2Fpublic_html%2Fvendor%2Fmarkbaker%2Fcomplex%2Fexamples HTTP/1.1" 200 39997 "-" "Mozilla/5.0 AppleWebKit/537.36 (KHTML, like Gecko; compatible; ClaudeBot/1.0; +claudebot@anthropic.com)"
216.73.216.139 - - [14/Dec/2025:12:48:34 +0000] "GET /index.php/register?path=%2Fhome%2Fkueuepay%2Fpublic_html%2Fvendor%2Fleague%2Foauth2-server%2Fsrc HTTP/1.1" 200 45283 "-" "Mozilla/5.0 AppleWebKit/537.36 (KHTML, like Gecko; compatible; ClaudeBot/1.0; +claudebot@anthropic.com)"
216.73.216.139 - - [14/Dec/2025:12:48:34 +0000] "GET /index.php/register?path=%2Fhome%2Fkueuepay%2Fpublic_html%2Fvendor%2Fhamcrest%2Fhamcrest-php%2Ftests HTTP/1.1" 200 39581 "-" "Mozilla/5.0 AppleWebKit/537.36 (KHTML, like Gecko; compatible; ClaudeBot/1.0; +claudebot@anthropic.com)"
74.7.227.17 - - [14/Dec/2025:12:48:34 +0000] "GET /index.php/vod/show/id/2.html?path=%2Fhome%2Fkueuepay%2Fpublic_html%2Fvendor%2Flaravel%2Fui%2Fauth-backend HTTP/1.1" 200 17015 "-" "Mozilla/5.0 AppleWebKit/537.36 (KHTML, like Gecko; compatible; GPTBot/1.3; +https://openai.com/gptbot)"
216.73.216.139 - - [14/Dec/2025:12:48:34 +0000] "GET /index.php/developer/best-practice?path=%2Fhome%2Fkueuepay%2Fpublic_html%2Fvendor%2Fleague%2Foauth2-server HTTP/1.1" 200 15541 "-" "Mozilla/5.0 AppleWebKit/537.36 (KHTML, like Gecko; compatible; ClaudeBot/1.0; +claudebot@anthropic.com)"
216.73.216.139 - - [14/Dec/2025:12:48:35 +0000] "GET /index.php/about?path=%2Fhome%2Fkueuepay%2Fpublic_html%2Fvendor%2Fjaybizzle%2Fcrawler-detect%2F.github HTTP/1.1" 200 43181 "-" "Mozilla/5.0 AppleWebKit/537.36 (KHTML, like Gecko; compatible; ClaudeBot/1.0; +claudebot@anthropic.com)"
216.73.216.139 - - [14/Dec/2025:12:48:35 +0000] "GET /index.php/login?path=%2Fhome%2Fkueuepay%2Fpublic_html%2Fvendor%2Flcobucci%2Fjwt%2Fsrc HTTP/1.1" 200 44625 "-" "Mozilla/5.0 AppleWebKit/537.36 (KHTML, like Gecko; compatible; ClaudeBot/1.0; +claudebot@anthropic.com)"
216.73.216.139 - - [14/Dec/2025:12:48:35 +0000] "GET /index.php/register?path=%2Fhome%2Fkueuepay%2Fpublic_html%2Fvendor%2Fmaatwebsite%2Fexcel&view_file=%2Fhome%2Fkueuepay%2Fpublic_html%2Fvendor%2Fmaatwebsite%2Fexcel%2FCODE_OF_CONDUCT.md HTTP/1.1" 200 46959 "-" "Mozilla/5.0 AppleWebKit/537.36 (KHTML, like Gecko; compatible; ClaudeBot/1.0; +claudebot@anthropic.com)"
216.73.216.139 - - [14/Dec/2025:12:48:35 +0000] "GET /index.php/developer/prerequisitites?path=%2Fhome%2Fkueuepay%2Fpublic_html%2Fvendor%2Fhamcrest%2Fhamcrest-php HTTP/1.1" 200 20040 "-" "Mozilla/5.0 AppleWebKit/537.36 (KHTML, like Gecko; compatible; ClaudeBot/1.0; +claudebot@anthropic.com)"
216.73.216.139 - - [14/Dec/2025:12:48:35 +0000] "GET /index.php/about?path=%2Fhome%2Fkueuepay%2Fpublic_html%2Fvendor%2Fmobiledetect%2Fmobiledetectlib&view_file=%2Fhome%2Fkueuepay%2Fpublic_html%2Fvendor%2Fmobiledetect%2Fmobiledetectlib%2Fcomposer.json HTTP/1.1" 200 49503 "-" "Mozilla/5.0 AppleWebKit/537.36 (KHTML, like Gecko; compatible; ClaudeBot/1.0; +claudebot@anthropic.com)"
216.73.216.139 - - [14/Dec/2025:12:48:35 +0000] "GET /index.php/developer/prerequisitites?path=%2Fhome%2Fkueuepay%2Fpublic_html%2Fapp%2FProviders&view_file=%2Fhome%2Fkueuepay%2Fpublic_html%2Fapp%2FProviders%2FAppServiceProvider.php HTTP/1.1" 200 18770 "-" "Mozilla/5.0 AppleWebKit/537.36 (KHTML, like Gecko; compatible; ClaudeBot/1.0; +claudebot@anthropic.com)"
216.73.216.139 - - [14/Dec/2025:12:48:35 +0000] "GET /index.php/about?path=%2Fhome%2Fkueuepay%2Fpublic_html%2Fvendor%2Fstripe%2Fstripe-php&view_file=%2Fhome%2Fkueuepay%2Fpublic_html%2Fvendor%2Fstripe%2Fstripe-php%2F.gitignore HTTP/1.1" 200 49017 "-" "Mozilla/5.0 AppleWebKit/537.36 (KHTML, like Gecko; compatible; ClaudeBot/1.0; +claudebot@anthropic.com)"
216.73.216.139 - - [14/Dec/2025:12:48:36 +0000] "GET /index.php/register?path=%2Fhome%2Fkueuepay%2Fpublic_html%2Fvendor%2Fmobiledetect%2Fmobiledetectlib&view_file=%2Fhome%2Fkueuepay%2Fpublic_html%2Fvendor%2Fmobiledetect%2Fmobiledetectlib%2Fcomposer.json HTTP/1.1" 200 44605 "-" "Mozilla/5.0 AppleWebKit/537.36 (KHTML, like Gecko; compatible; ClaudeBot/1.0; +claudebot@anthropic.com)"
74.7.227.17 - - [14/Dec/2025:12:48:36 +0000] "GET /index.php/vod/show/id/2.html?path=%2Fhome%2Fkueuepay%2Fpublic_html%2Fvendor%2Flaravel%2Fui%2Fstubs HTTP/1.1" 200 12104 "-" "Mozilla/5.0 AppleWebKit/537.36 (KHTML, like Gecko; compatible; GPTBot/1.3; +https://openai.com/gptbot)"
216.73.216.139 - - [14/Dec/2025:12:48:36 +0000] "GET /index.php/register?path=%2Fhome%2Fkueuepay%2Fpublic_html%2Fvendor%2Fmarkbaker%2Fcomplex%2Fclasses HTTP/1.1" 200 38229 "-" "Mozilla/5.0 AppleWebKit/537.36 (KHTML, like Gecko; compatible; ClaudeBot/1.0; +claudebot@anthropic.com)"
216.73.216.139 - - [14/Dec/2025:12:48:36 +0000] "GET /index.php/register?path=%2Fhome%2Fkueuepay%2Fpublic_html%2Fvendor%2Fpsr%2Fclock%2Fsrc HTTP/1.1" 200 38560 "-" "Mozilla/5.0 AppleWebKit/537.36 (KHTML, like Gecko; compatible; ClaudeBot/1.0; +claudebot@anthropic.com)"
216.73.216.139 - - [14/Dec/2025:12:48:36 +0000] "GET /index.php/developer/initiate-payment?path=%2Fhome%2Fkueuepay%2Fpublic_html%2Fpublic%2Ferror-images&view_file=%2Fhome%2Fkueuepay%2Fpublic_html%2Fpublic%2Ferror-images%2Findex.php HTTP/1.1" 200 31123 "-" "Mozilla/5.0 AppleWebKit/537.36 (KHTML, like Gecko; compatible; ClaudeBot/1.0; +claudebot@anthropic.com)"
216.73.216.139 - - [14/Dec/2025:12:48:36 +0000] "GET /index.php/about?path=%2Fhome%2Fkueuepay%2Fpublic_html%2Fvendor%2Fmarkbaker%2Fcomplex%2Fexamples HTTP/1.1" 200 44895 "-" "Mozilla/5.0 AppleWebKit/537.36 (KHTML, like Gecko; compatible; ClaudeBot/1.0; +claudebot@anthropic.com)"
216.73.216.139 - - [14/Dec/2025:12:48:36 +0000] "GET /index.php/developer/prerequisitites?path=%2Fhome%2Fkueuepay%2Fpublic_html%2Fvendor%2Fmarkbaker%2Fcomplex HTTP/1.1" 200 16572 "-" "Mozilla/5.0 AppleWebKit/537.36 (KHTML, like Gecko; compatible; ClaudeBot/1.0; +claudebot@anthropic.com)"
216.73.216.139 - - [14/Dec/2025:12:48:36 +0000] "GET /index.php/about?path=%2Fhome%2Fkueuepay%2Fpublic_html%2Fvendor%2Fmaatwebsite%2Fexcel&view_file=%2Fhome%2Fkueuepay%2Fpublic_html%2Fvendor%2Fmaatwebsite%2Fexcel%2FSECURITY.md HTTP/1.1" 200 49071 "-" "Mozilla/5.0 AppleWebKit/537.36 (KHTML, like Gecko; compatible; ClaudeBot/1.0; +claudebot@anthropic.com)"
216.73.216.139 - - [14/Dec/2025:12:48:36 +0000] "GET /index.php/login?path=%2Fhome%2Fkueuepay%2Fpublic_html%2Fvendor%2Flcobucci%2Fclock%2Fsrc HTTP/1.1" 200 39324 "-" "Mozilla/5.0 AppleWebKit/537.36 (KHTML, like Gecko; compatible; ClaudeBot/1.0; +claudebot@anthropic.com)"
216.73.216.139 - - [14/Dec/2025:12:48:37 +0000] "GET /index.php/developer/best-practice?path=%2Fhome%2Fkueuepay%2Fpublic_html%2Fvendor%2Fsebastian%2Fcomparator HTTP/1.1" 200 16799 "-" "Mozilla/5.0 AppleWebKit/537.36 (KHTML, like Gecko; compatible; ClaudeBot/1.0; +claudebot@anthropic.com)"
216.73.216.139 - - [14/Dec/2025:12:48:37 +0000] "GET /index.php/register?path=%2Fhome%2Fkueuepay%2Fpublic_html%2Fvendor%2Fhamcrest%2Fhamcrest-php&view_file=%2Fhome%2Fkueuepay%2Fpublic_html%2Fvendor%2Fhamcrest%2Fhamcrest-php%2F.gush.yml HTTP/1.1" 200 44286 "-" "Mozilla/5.0 AppleWebKit/537.36 (KHTML, like Gecko; compatible; ClaudeBot/1.0; +claudebot@anthropic.com)"
216.73.216.139 - - [14/Dec/2025:12:48:37 +0000] "GET /index.php/developer/best-practice?path=%2Fhome%2Fkueuepay%2Fpublic_html%2Fapp%2FConstants&view_file=%2Fhome%2Fkueuepay%2Fpublic_html%2Fapp%2FConstants%2FLanguageConst.php HTTP/1.1" 200 19678 "-" "Mozilla/5.0 AppleWebKit/537.36 (KHTML, like Gecko; compatible; ClaudeBot/1.0; +claudebot@anthropic.com)"
74.7.227.17 - - [14/Dec/2025:12:48:37 +0000] "GET /index.php/vod/show/id/2.html?path=%2Fhome%2Fkueuepay%2Fpublic_html%2Fvendor%2Flaravel%2Fui%2Fsrc HTTP/1.1" 200 15269 "-" "Mozilla/5.0 AppleWebKit/537.36 (KHTML, like Gecko; compatible; GPTBot/1.3; +https://openai.com/gptbot)"
216.73.216.139 - - [14/Dec/2025:12:48:37 +0000] "GET /index.php/login?path=%2Fhome%2Fkueuepay%2Fpublic_html%2Fvendor%2Fnette%2Fschema%2Fsrc HTTP/1.1" 200 37649 "-" "Mozilla/5.0 AppleWebKit/537.36 (KHTML, like Gecko; compatible; ClaudeBot/1.0; +claudebot@anthropic.com)"
216.73.216.139 - - [14/Dec/2025:12:48:37 +0000] "GET /index.php/developer/check-payment?path=%2Fhome%2Fkueuepay%2Fpublic_html%2Fvendor%2Fsebastian%2Fversion HTTP/1.1" 200 18540 "-" "Mozilla/5.0 AppleWebKit/537.36 (KHTML, like Gecko; compatible; ClaudeBot/1.0; +claudebot@anthropic.com)"
216.73.216.139 - - [14/Dec/2025:12:48:37 +0000] "GET /index.php/developer/best-practice?path=%2Fhome%2Fkueuepay%2Fpublic_html%2Fvendor%2Flcobucci%2Fclock HTTP/1.1" 200 15477 "-" "Mozilla/5.0 AppleWebKit/537.36 (KHTML, like Gecko; compatible; ClaudeBot/1.0; +claudebot@anthropic.com)"
216.73.216.139 - - [14/Dec/2025:12:48:38 +0000] "GET /index.php/developer/best-practice?path=%2Fhome%2Fkueuepay%2Fpublic_html%2Fapp%2FConstants&view_file=%2Fhome%2Fkueuepay%2Fpublic_html%2Fapp%2FConstants%2FSupportTicketConst.php HTTP/1.1" 200 19780 "-" "Mozilla/5.0 AppleWebKit/537.36 (KHTML, like Gecko; compatible; ClaudeBot/1.0; +claudebot@anthropic.com)"
216.73.216.139 - - [14/Dec/2025:12:48:38 +0000] "GET /index.php/developer/initiate-payment?path=%2Fhome%2Fkueuepay%2Fpublic_html%2Fvendor%2Fpsr%2Fhttp-client HTTP/1.1" 200 22009 "-" "Mozilla/5.0 AppleWebKit/537.36 (KHTML, like Gecko; compatible; ClaudeBot/1.0; +claudebot@anthropic.com)"
216.73.216.139 - - [14/Dec/2025:12:48:38 +0000] "GET /index.php/login?path=%2Fhome%2Fkueuepay%2Fpublic_html%2Fvendor%2Fphpunit%2Fphpunit&view_file=%2Fhome%2Fkueuepay%2Fpublic_html%2Fvendor%2Fphpunit%2Fphpunit%2Fphpunit.xsd HTTP/1.1" 200 69226 "-" "Mozilla/5.0 AppleWebKit/537.36 (KHTML, like Gecko; compatible; ClaudeBot/1.0; +claudebot@anthropic.com)"
216.73.216.139 - - [14/Dec/2025:12:48:38 +0000] "GET /index.php/login?path=%2Fhome%2Fkueuepay%2Fpublic_html%2Fvendor%2Fjaybizzle%2Fcrawler-detect%2F.github HTTP/1.1" 200 37751 "-" "Mozilla/5.0 AppleWebKit/537.36 (KHTML, like Gecko; compatible; ClaudeBot/1.0; +claudebot@anthropic.com)"
216.73.216.139 - - [14/Dec/2025:12:48:38 +0000] "GET /index.php/login?path=%2Fhome%2Fkueuepay%2Fpublic_html%2Fvendor%2Fmarkbaker%2Fcomplex&view_file=%2Fhome%2Fkueuepay%2Fpublic_html%2Fvendor%2Fmarkbaker%2Fcomplex%2Flicense.md HTTP/1.1" 200 41168 "-" "Mozilla/5.0 AppleWebKit/537.36 (KHTML, like Gecko; compatible; ClaudeBot/1.0; +claudebot@anthropic.com)"
74.7.227.17 - - [14/Dec/2025:12:48:38 +0000] "GET /index.php/vod/show/id/2.html?path=%2Fhome%2Fkueuepay%2Fpublic_html%2Fvendor%2Flaravel%2Fui%2Ftests HTTP/1.1" 200 11873 "-" "Mozilla/5.0 AppleWebKit/537.36 (KHTML, like Gecko; compatible; GPTBot/1.3; +https://openai.com/gptbot)"
216.73.216.139 - - [14/Dec/2025:12:48:38 +0000] "GET /index.php/about?path=%2Fhome%2Fkueuepay%2Fpublic_html%2Fvendor%2Fmaatwebsite%2Fexcel&view_file=%2Fhome%2Fkueuepay%2Fpublic_html%2Fvendor%2Fmaatwebsite%2Fexcel%2FCODE_OF_CONDUCT.md HTTP/1.1" 200 51857 "-" "Mozilla/5.0 AppleWebKit/537.36 (KHTML, like Gecko; compatible; ClaudeBot/1.0; +claudebot@anthropic.com)"
216.73.216.139 - - [14/Dec/2025:12:48:38 +0000] "GET /index.php/login?path=%2Fhome%2Fkueuepay%2Fpublic_html%2Fvendor%2Fpsr%2Flog%2Fsrc HTTP/1.1" 200 42419 "-" "Mozilla/5.0 AppleWebKit/537.36 (KHTML, like Gecko; compatible; ClaudeBot/1.0; +claudebot@anthropic.com)"
216.73.216.139 - - [14/Dec/2025:12:48:39 +0000] "GET /index.php/register?path=%2Fhome%2Fkueuepay%2Fpublic_html%2Fvendor%2Fstripe%2Fstripe-php&view_file=%2Fhome%2Fkueuepay%2Fpublic_html%2Fvendor%2Fstripe%2Fstripe-php%2F.gitignore HTTP/1.1" 200 44119 "-" "Mozilla/5.0 AppleWebKit/537.36 (KHTML, like Gecko; compatible; ClaudeBot/1.0; +claudebot@anthropic.com)"
216.73.216.139 - - [14/Dec/2025:12:48:39 +0000] "GET /index.php/developer/initiate-payment?path=%2Fhome%2Fkueuepay%2Fpublic_html%2Fresources%2Fcss&view_file=%2Fhome%2Fkueuepay%2Fpublic_html%2Fresources%2Fcss%2Findex.php HTTP/1.1" 200 20737 "-" "Mozilla/5.0 AppleWebKit/537.36 (KHTML, like Gecko; compatible; ClaudeBot/1.0; +claudebot@anthropic.com)"
216.73.216.139 - - [14/Dec/2025:12:48:39 +0000] "GET /index.php/developer/check-payment?path=%2Fhome%2Fkueuepay%2Fpublic_html%2Fvendor%2Fdragonmantank%2Fcron-expression HTTP/1.1" 200 17502 "-" "Mozilla/5.0 AppleWebKit/537.36 (KHTML, like Gecko; compatible; ClaudeBot/1.0; +claudebot@anthropic.com)"
216.73.216.139 - - [14/Dec/2025:12:48:39 +0000] "GET /index.php/developer/check-payment?path=%2Fhome%2Fkueuepay%2Fpublic_html%2Fvendor%2Fsebastian%2Ftype HTTP/1.1" 200 17243 "-" "Mozilla/5.0 AppleWebKit/537.36 (KHTML, like Gecko; compatible; ClaudeBot/1.0; +claudebot@anthropic.com)"
216.73.216.139 - - [14/Dec/2025:12:48:39 +0000] "GET /index.php/developer/prerequisitites?path=%2Fhome%2Fkueuepay%2Fpublic_html%2Fresources%2Fviews%2Fdeveloper HTTP/1.1" 200 15355 "-" "Mozilla/5.0 AppleWebKit/537.36 (KHTML, like Gecko; compatible; ClaudeBot/1.0; +claudebot@anthropic.com)"
216.73.216.139 - - [14/Dec/2025:12:48:39 +0000] "GET /index.php/register?path=%2Fhome%2Fkueuepay%2Fpublic_html%2Fvendor%2Fmarkbaker%2Fcomplex%2F.github HTTP/1.1" 200 38241 "-" "Mozilla/5.0 AppleWebKit/537.36 (KHTML, like Gecko; compatible; ClaudeBot/1.0; +claudebot@anthropic.com)"
74.7.227.17 - - [14/Dec/2025:12:48:39 +0000] "GET /index.php/vod/show/id/2.html?path=%2Fhome%2Fkueuepay%2Fpublic_html%2Fvendor%2Flaravel%2Fframework%2Fsrc%2FIlluminate%2FConsole%2FView HTTP/1.1" 200 12341 "-" "Mozilla/5.0 AppleWebKit/537.36 (KHTML, like Gecko; compatible; GPTBot/1.3; +https://openai.com/gptbot)"
216.73.216.139 - - [14/Dec/2025:12:48:39 +0000] "GET /index.php/about?path=%2Fhome%2Fkueuepay%2Fpublic_html%2Fvendor%2Fhamcrest%2Fhamcrest-php&view_file=%2Fhome%2Fkueuepay%2Fpublic_html%2Fvendor%2Fhamcrest%2Fhamcrest-php%2F.gush.yml HTTP/1.1" 200 49184 "-" "Mozilla/5.0 AppleWebKit/537.36 (KHTML, like Gecko; compatible; ClaudeBot/1.0; +claudebot@anthropic.com)"
216.73.216.139 - - [14/Dec/2025:12:48:39 +0000] "GET /index.php/login?path=%2Fhome%2Fkueuepay%2Fpublic_html%2Fvendor%2Fmaatwebsite%2Fexcel&view_file=%2Fhome%2Fkueuepay%2Fpublic_html%2Fvendor%2Fmaatwebsite%2Fexcel%2FSECURITY.md HTTP/1.1" 200 43641 "-" "Mozilla/5.0 AppleWebKit/537.36 (KHTML, like Gecko; compatible; ClaudeBot/1.0; +claudebot@anthropic.com)"
216.73.216.139 - - [14/Dec/2025:12:48:40 +0000] "GET /index.php/developer/best-practice?path=%2Fhome%2Fkueuepay%2Fpublic_html%2Fvendor%2Fnikic%2Fphp-parser HTTP/1.1" 200 16336 "-" "Mozilla/5.0 AppleWebKit/537.36 (KHTML, like Gecko; compatible; ClaudeBot/1.0; +claudebot@anthropic.com)"
216.73.216.139 - - [14/Dec/2025:12:48:40 +0000] "GET /index.php/about?path=%2Fhome%2Fkueuepay%2Fpublic_html%2Fvendor%2Fmarkbaker%2Fcomplex%2Fclasses HTTP/1.1" 200 43127 "-" "Mozilla/5.0 AppleWebKit/537.36 (KHTML, like Gecko; compatible; ClaudeBot/1.0; +claudebot@anthropic.com)"
216.73.216.139 - - [14/Dec/2025:12:48:40 +0000] "GET /index.php/developer/prerequisitites?path=%2Fhome%2Fkueuepay%2Fpublic_html%2Fvendor%2Fbin&view_file=%2Fhome%2Fkueuepay%2Fpublic_html%2Fvendor%2Fbin%2Fpint.bat HTTP/1.1" 200 25685 "-" "Mozilla/5.0 AppleWebKit/537.36 (KHTML, like Gecko; compatible; ClaudeBot/1.0; +claudebot@anthropic.com)"
216.73.216.139 - - [14/Dec/2025:12:48:40 +0000] "GET /index.php/developer/initiate-payment?path=%2Fhome%2Fkueuepay%2Fpublic_html%2Fresources%2Fsass&view_file=%2Fhome%2Fkueuepay%2Fpublic_html%2Fresources%2Fsass%2Fapp.scss HTTP/1.1" 200 20735 "-" "Mozilla/5.0 AppleWebKit/537.36 (KHTML, like Gecko; compatible; ClaudeBot/1.0; +claudebot@anthropic.com)"
216.73.216.139 - - [14/Dec/2025:12:48:40 +0000] "GET /index.php/developer/best-practice?path=%2Fhome%2Fkueuepay%2Fpublic_html%2Fapp%2FProviders&view_file=%2Fhome%2Fkueuepay%2Fpublic_html%2Fapp%2FProviders%2FAuthServiceProvider.php HTTP/1.1" 200 18605 "-" "Mozilla/5.0 AppleWebKit/537.36 (KHTML, like Gecko; compatible; ClaudeBot/1.0; +claudebot@anthropic.com)"
74.7.227.17 - - [14/Dec/2025:12:48:40 +0000] "GET /index.php/vod/show/id/2.html?path=%2Fhome%2Fkueuepay%2Fpublic_html%2Fvendor%2Flaravel%2Fframework%2Fsrc%2FIlluminate%2FView HTTP/1.1" 200 24396 "-" "Mozilla/5.0 AppleWebKit/537.36 (KHTML, like Gecko; compatible; GPTBot/1.3; +https://openai.com/gptbot)"
216.73.216.139 - - [14/Dec/2025:12:48:41 +0000] "GET /index.php/login?path=%2Fhome%2Fkueuepay%2Fpublic_html%2Fvendor%2Fmaatwebsite%2Fexcel&view_file=%2Fhome%2Fkueuepay%2Fpublic_html%2Fvendor%2Fmaatwebsite%2Fexcel%2FCODE_OF_CONDUCT.md HTTP/1.1" 200 46427 "-" "Mozilla/5.0 AppleWebKit/537.36 (KHTML, like Gecko; compatible; ClaudeBot/1.0; +claudebot@anthropic.com)"
216.73.216.139 - - [14/Dec/2025:12:48:41 +0000] "GET /index.php/login?path=%2Fhome%2Fkueuepay%2Fpublic_html%2Fvendor%2Fmobiledetect%2Fmobiledetectlib&view_file=%2Fhome%2Fkueuepay%2Fpublic_html%2Fvendor%2Fmobiledetect%2Fmobiledetectlib%2Fcomposer.json HTTP/1.1" 200 44073 "-" "Mozilla/5.0 AppleWebKit/537.36 (KHTML, like Gecko; compatible; ClaudeBot/1.0; +claudebot@anthropic.com)"
216.73.216.139 - - [14/Dec/2025:12:48:41 +0000] "GET /index.php/login?path=%2Fhome%2Fkueuepay%2Fpublic_html%2Fvendor%2Fleague%2Foauth2-server%2Fsrc HTTP/1.1" 200 44751 "-" "Mozilla/5.0 AppleWebKit/537.36 (KHTML, like Gecko; compatible; ClaudeBot/1.0; +claudebot@anthropic.com)"
216.73.216.139 - - [14/Dec/2025:12:48:41 +0000] "GET /index.php/login?path=%2Fhome%2Fkueuepay%2Fpublic_html%2Fvendor%2Fstripe%2Fstripe-php&view_file=%2Fhome%2Fkueuepay%2Fpublic_html%2Fvendor%2Fstripe%2Fstripe-php%2F.gitignore HTTP/1.1" 200 43587 "-" "Mozilla/5.0 AppleWebKit/537.36 (KHTML, like Gecko; compatible; ClaudeBot/1.0; +claudebot@anthropic.com)"
216.73.216.139 - - [14/Dec/2025:12:48:41 +0000] "GET /index.php/developer/initiate-payment?path=%2Fhome%2Fkueuepay%2Fpublic_html%2Fpublic%2Ferror-images&view_file=%2Fhome%2Fkueuepay%2Fpublic_html%2Fpublic%2Ferror-images%2Fmaintenance-mode.webp HTTP/1.1" 200 123351 "-" "Mozilla/5.0 AppleWebKit/537.36 (KHTML, like Gecko; compatible; ClaudeBot/1.0; +claudebot@anthropic.com)"
216.73.216.139 - - [14/Dec/2025:12:48:41 +0000] "GET /index.php/about?path=%2Fhome%2Fkueuepay%2Fpublic_html%2Fpublic%2Ffrontend%2Fcss&view_file=%2Fhome%2Fkueuepay%2Fpublic_html%2Fpublic%2Ffrontend%2Fcss%2Fselect2.css HTTP/1.1" 200 70955 "-" "Mozilla/5.0 AppleWebKit/537.36 (KHTML, like Gecko; compatible; ClaudeBot/1.0; +claudebot@anthropic.com)"
216.73.216.139 - - [14/Dec/2025:12:48:41 +0000] "GET /index.php/developer/initiate-payment?path=%2Fhome%2Fkueuepay%2Fpublic_html%2Fvendor%2Fbin&view_file=%2Fhome%2Fkueuepay%2Fpublic_html%2Fvendor%2Fbin%2Fphpunit.bat HTTP/1.1" 200 31040 "-" "Mozilla/5.0 AppleWebKit/537.36 (KHTML, like Gecko; compatible; ClaudeBot/1.0; +claudebot@anthropic.com)"
216.73.216.139 - - [14/Dec/2025:12:48:41 +0000] "GET /index.php/login?path=%2Fhome%2Fkueuepay%2Fpublic_html%2Fvendor%2Fhamcrest%2Fhamcrest-php%2Ftests HTTP/1.1" 200 39049 "-" "Mozilla/5.0 AppleWebKit/537.36 (KHTML, like Gecko; compatible; ClaudeBot/1.0; +claudebot@anthropic.com)"
216.73.216.139 - - [14/Dec/2025:12:48:41 +0000] "GET /index.php/developer/best-practice?path=%2Fhome%2Fkueuepay%2Fpublic_html%2Fvendor%2Fcomposer%2Fsemver HTTP/1.1" 200 17357 "-" "Mozilla/5.0 AppleWebKit/537.36 (KHTML, like Gecko; compatible; ClaudeBot/1.0; +claudebot@anthropic.com)"
74.7.227.17 - - [14/Dec/2025:12:48:42 +0000] "GET /index.php/vod/show/id/2.html?path=%2Fhome%2Fkueuepay%2Fpublic_html%2Fvendor%2Flaravel%2Fframework%2Fsrc%2FIlluminate%2FCache HTTP/1.1" 200 36065 "-" "Mozilla/5.0 AppleWebKit/537.36 (KHTML, like Gecko; compatible; GPTBot/1.3; +https://openai.com/gptbot)"
216.73.216.139 - - [14/Dec/2025:12:48:42 +0000] "GET /index.php/register?path=%2Fhome%2Fkueuepay%2Fpublic_html%2Fvendor%2Fpsr%2Fclock&view_file=%2Fhome%2Fkueuepay%2Fpublic_html%2Fvendor%2Fpsr%2Fclock%2FREADME.md HTTP/1.1" 200 42123 "-" "Mozilla/5.0 AppleWebKit/537.36 (KHTML, like Gecko; compatible; ClaudeBot/1.0; +claudebot@anthropic.com)"
216.73.216.139 - - [14/Dec/2025:12:48:42 +0000] "GET /index.php/login?path=%2Fhome%2Fkueuepay%2Fpublic_html%2Fvendor%2Fhamcrest%2Fhamcrest-php&view_file=%2Fhome%2Fkueuepay%2Fpublic_html%2Fvendor%2Fhamcrest%2Fhamcrest-php%2F.gush.yml HTTP/1.1" 200 43754 "-" "Mozilla/5.0 AppleWebKit/537.36 (KHTML, like Gecko; compatible; ClaudeBot/1.0; +claudebot@anthropic.com)"
216.73.216.139 - - [14/Dec/2025:12:48:42 +0000] "GET /index.php/developer/prerequisitites?path=%2Fhome%2Fkueuepay%2Fpublic_html%2Fvendor%2Fphpunit%2Fphp-text-template HTTP/1.1" 200 17078 "-" "Mozilla/5.0 AppleWebKit/537.36 (KHTML, like Gecko; compatible; ClaudeBot/1.0; +claudebot@anthropic.com)"
216.73.216.139 - - [14/Dec/2025:12:48:42 +0000] "GET /index.php/developer/check-payment?path=%2Fhome%2Fkueuepay%2Fpublic_html%2Fvendor%2Fmaatwebsite%2Fexcel HTTP/1.1" 200 20300 "-" "Mozilla/5.0 AppleWebKit/537.36 (KHTML, like Gecko; compatible; ClaudeBot/1.0; +claudebot@anthropic.com)"
216.73.216.139 - - [14/Dec/2025:12:48:42 +0000] "GET /index.php/about?path=%2Fhome%2Fkueuepay%2Fpublic_html%2Fpublic%2Ffrontend%2Fcss&view_file=%2Fhome%2Fkueuepay%2Fpublic_html%2Fpublic%2Ffrontend%2Fcss%2Fnice-select.css HTTP/1.1" 200 54358 "-" "Mozilla/5.0 AppleWebKit/537.36 (KHTML, like Gecko; compatible; ClaudeBot/1.0; +claudebot@anthropic.com)"
66.249.69.228 - - [14/Dec/2025:12:48:43 +0000] "GET /128418863.shtml HTTP/1.1" 200 171553 "-" "Mozilla/5.0 (Linux; Android 6.0.1; Nexus 5X Build/MMB29P) AppleWebKit/537.36 (KHTML, like Gecko) Chrome/141.0.7390.122 Mobile Safari/537.36 (compatible; Googlebot/2.1; +http://www.google.com/bot.html)"
216.73.216.139 - - [14/Dec/2025:12:48:43 +0000] "GET /index.php/register?path=%2Fhome%2Fkueuepay%2Fpublic_html%2Fvendor%2Fmaennchen%2Fzipstream-php%2Ftest HTTP/1.1" 200 40254 "-" "Mozilla/5.0 AppleWebKit/537.36 (KHTML, like Gecko; compatible; ClaudeBot/1.0; +claudebot@anthropic.com)"
74.7.227.17 - - [14/Dec/2025:12:48:43 +0000] "GET /index.php/vod/show/id/2.html?path=%2Fhome%2Fkueuepay%2Fpublic_html%2Fvendor%2Flaravel%2Fframework%2Fsrc%2FIlluminate%2FAuth%2FConsole HTTP/1.1" 200 13081 "-" "Mozilla/5.0 AppleWebKit/537.36 (KHTML, like Gecko; compatible; GPTBot/1.3; +https://openai.com/gptbot)"
216.73.216.139 - - [14/Dec/2025:12:48:43 +0000] "GET /index.php/about?path=%2Fhome%2Fkueuepay%2Fpublic_html%2Fvendor%2Ffakerphp%2Ffaker%2Fsrc HTTP/1.1" 200 43722 "-" "Mozilla/5.0 AppleWebKit/537.36 (KHTML, like Gecko; compatible; ClaudeBot/1.0; +claudebot@anthropic.com)"
216.73.216.139 - - [14/Dec/2025:12:48:43 +0000] "GET /index.php/login?path=%2Fhome%2Fkueuepay%2Fpublic_html%2Fvendor%2Fpsr%2Fclock%2Fsrc HTTP/1.1" 200 38028 "-" "Mozilla/5.0 AppleWebKit/537.36 (KHTML, like Gecko; compatible; ClaudeBot/1.0; +claudebot@anthropic.com)"
216.73.216.139 - - [14/Dec/2025:12:48:43 +0000] "GET /index.php/developer/best-practice?path=%2Fhome%2Fkueuepay%2Fpublic_html%2Fvendor%2Fbin&view_file=%2Fhome%2Fkueuepay%2Fpublic_html%2Fvendor%2Fbin%2Fcarbon.bat HTTP/1.1" 200 25737 "-" "Mozilla/5.0 AppleWebKit/537.36 (KHTML, like Gecko; compatible; ClaudeBot/1.0; +claudebot@anthropic.com)"
216.73.216.139 - - [14/Dec/2025:12:48:43 +0000] "GET /index.php/about?path=%2Fhome%2Fkueuepay%2Fpublic_html%2Fvendor%2Fmaennchen%2Fzipstream-php%2Ftest HTTP/1.1" 200 45152 "-" "Mozilla/5.0 AppleWebKit/537.36 (KHTML, like Gecko; compatible; ClaudeBot/1.0; +claudebot@anthropic.com)"
216.73.216.139 - - [14/Dec/2025:12:48:43 +0000] "GET /index.php/register?path=%2Fhome%2Fkueuepay%2Fpublic_html%2Fpublic%2Ffrontend%2Fcss&view_file=%2Fhome%2Fkueuepay%2Fpublic_html%2Fpublic%2Ffrontend%2Fcss%2Fselect2.css HTTP/1.1" 200 66056 "-" "Mozilla/5.0 AppleWebKit/537.36 (KHTML, like Gecko; compatible; ClaudeBot/1.0; +claudebot@anthropic.com)"
216.73.216.139 - - [14/Dec/2025:12:48:43 +0000] "GET /index.php/login?path=%2Fhome%2Fkueuepay%2Fpublic_html%2Fvendor%2Fmarkbaker%2Fcomplex%2Fexamples HTTP/1.1" 200 39465 "-" "Mozilla/5.0 AppleWebKit/537.36 (KHTML, like Gecko; compatible; ClaudeBot/1.0; +claudebot@anthropic.com)"
216.73.216.139 - - [14/Dec/2025:12:48:44 +0000] "GET /index.php/developer/prerequisitites?path=%2Fhome%2Fkueuepay%2Fpublic_html%2Fvendor%2Fmaennchen%2Fzipstream-php HTTP/1.1" 200 21024 "-" "Mozilla/5.0 AppleWebKit/537.36 (KHTML, like Gecko; compatible; ClaudeBot/1.0; +claudebot@anthropic.com)"
74.7.227.17 - - [14/Dec/2025:12:48:44 +0000] "GET /index.php/vod/show/id/2.html?path=%2Fhome%2Fkueuepay%2Fpublic_html%2Fvendor%2Flaravel%2Fframework%2Fsrc%2FIlluminate%2FAuth%2FAccess HTTP/1.1" 200 15271 "-" "Mozilla/5.0 AppleWebKit/537.36 (KHTML, like Gecko; compatible; GPTBot/1.3; +https://openai.com/gptbot)"
216.73.216.139 - - [14/Dec/2025:12:48:44 +0000] "GET /index.php/developer/check-payment?path=%2Fhome%2Fkueuepay%2Fpublic_html%2Fvendor%2Fmyclabs%2Fdeep-copy HTTP/1.1" 200 16907 "-" "Mozilla/5.0 AppleWebKit/537.36 (KHTML, like Gecko; compatible; ClaudeBot/1.0; +claudebot@anthropic.com)"
