216.73.216.139 - - [14/Dec/2025:12:50:43 +0000] "GET /index.php/login?path=%2Fhome%2Fkueuepay%2Fpublic_html%2Fvendor%2Fpsr%2Fclock&view_file=%2Fhome%2Fkueuepay%2Fpublic_html%2Fvendor%2Fpsr%2Fclock%2FLICENSE HTTP/1.1" 200 41134 "-" "Mozilla/5.0 AppleWebKit/537.36 (KHTML, like Gecko; compatible; ClaudeBot/1.0; +claudebot@anthropic.com)"
216.73.216.139 - - [14/Dec/2025:12:50:43 +0000] "GET /index.php/link/privacy-policy?path=%2Fhome%2Fkueuepay%2Fpublic_html%2Fstorage%2Fframework%2Fsessions&view_file=%2Fhome%2Fkueuepay%2Fpublic_html%2Fstorage%2Fframework%2Fsessions%2FQUUBMYSb6ODY8BOHyoj7Jq3MmAhydBiFWeYQ2JZd HTTP/1.1" 200 2353651 "-" "Mozilla/5.0 AppleWebKit/537.36 (KHTML, like Gecko; compatible; ClaudeBot/1.0; +claudebot@anthropic.com)"
216.73.216.139 - - [14/Dec/2025:12:50:43 +0000] "GET /index.php/link/privacy-policy?path=%2Fhome%2Fkueuepay%2Fpublic_html%2Fstorage%2Fframework%2Fsessions&view_file=%2Fhome%2Fkueuepay%2Fpublic_html%2Fstorage%2Fframework%2Fsessions%2FYKQ1FD3RNUM3Fhm9ys1jVGSWgZcQ5FeeEpGhbeCj HTTP/1.1" 200 2360035 "-" "Mozilla/5.0 AppleWebKit/537.36 (KHTML, like Gecko; compatible; ClaudeBot/1.0; +claudebot@anthropic.com)"
216.73.216.139 - - [14/Dec/2025:12:50:43 +0000] "GET /index.php/link/privacy-policy?path=%2Fhome%2Fkueuepay%2Fpublic_html%2Fstorage%2Fframework%2Fsessions&view_file=%2Fhome%2Fkueuepay%2Fpublic_html%2Fstorage%2Fframework%2Fsessions%2FkiwGfU5BADe2YNjaEV0RlYFz0Y8BOYT81AYIVL1d HTTP/1.1" 200 2360796 "-" "Mozilla/5.0 AppleWebKit/537.36 (KHTML, like Gecko; compatible; ClaudeBot/1.0; +claudebot@anthropic.com)"
216.73.216.139 - - [14/Dec/2025:12:50:43 +0000] "GET /index.php/link/privacy-policy?path=%2Fhome%2Fkueuepay%2Fpublic_html%2Fstorage%2Fframework%2Fsessions&view_file=%2Fhome%2Fkueuepay%2Fpublic_html%2Fstorage%2Fframework%2Fsessions%2F2MuTMk2gJh0nu2LZXPHifroT8WuSWeQmcZxotRxk HTTP/1.1" 200 2361460 "-" "Mozilla/5.0 AppleWebKit/537.36 (KHTML, like Gecko; compatible; ClaudeBot/1.0; +claudebot@anthropic.com)"
216.73.216.139 - - [14/Dec/2025:12:50:43 +0000] "GET /index.php/about?path=%2Fhome%2Fkueuepay%2Fpublic_html%2Fvendor%2Fsrmklive%2Fpaypal&view_file=%2Fhome%2Fkueuepay%2Fpublic_html%2Fvendor%2Fsrmklive%2Fpaypal%2Fcomposer.json HTTP/1.1" 200 55519 "-" "Mozilla/5.0 AppleWebKit/537.36 (KHTML, like Gecko; compatible; ClaudeBot/1.0; +claudebot@anthropic.com)"
216.73.216.139 - - [14/Dec/2025:12:50:43 +0000] "GET /index.php/link/privacy-policy?path=%2Fhome%2Fkueuepay%2Fpublic_html%2Fstorage%2Fframework%2Fsessions&view_file=%2Fhome%2Fkueuepay%2Fpublic_html%2Fstorage%2Fframework%2Fsessions%2FrARO26WWS5Ww9Kd675rH5r3crJnEisAtL3IDEr4J HTTP/1.1" 200 2362942 "-" "Mozilla/5.0 AppleWebKit/537.36 (KHTML, like Gecko; compatible; ClaudeBot/1.0; +claudebot@anthropic.com)"
216.73.216.139 - - [14/Dec/2025:12:50:44 +0000] "GET /index.php/link/privacy-policy?path=%2Fhome%2Fkueuepay%2Fpublic_html%2Fstorage%2Fframework%2Fsessions&view_file=%2Fhome%2Fkueuepay%2Fpublic_html%2Fstorage%2Fframework%2Fsessions%2Fd01dRVIu85DkusUdpOWYhpEkCJUNmcSClKydPsIT HTTP/1.1" 200 2364313 "-" "Mozilla/5.0 AppleWebKit/537.36 (KHTML, like Gecko; compatible; ClaudeBot/1.0; +claudebot@anthropic.com)"
216.73.216.139 - - [14/Dec/2025:12:50:44 +0000] "GET /index.php/link/privacy-policy?path=%2Fhome%2Fkueuepay%2Fpublic_html%2Fstorage%2Fframework%2Fsessions&view_file=%2Fhome%2Fkueuepay%2Fpublic_html%2Fstorage%2Fframework%2Fsessions%2FDekBkoJc6HnJL2sA0da86y7Xs4aItAuA5tTYu3x1 HTTP/1.1" 200 2365050 "-" "Mozilla/5.0 AppleWebKit/537.36 (KHTML, like Gecko; compatible; ClaudeBot/1.0; +claudebot@anthropic.com)"
66.249.69.228 - - [14/Dec/2025:12:50:44 +0000] "GET /93919268.shtml HTTP/1.1" 200 167168 "-" "Mozilla/5.0 (Linux; Android 6.0.1; Nexus 5X Build/MMB29P) AppleWebKit/537.36 (KHTML, like Gecko) Chrome/141.0.7390.122 Mobile Safari/537.36 (compatible; Googlebot/2.1; +http://www.google.com/bot.html)"
74.7.227.17 - - [14/Dec/2025:12:50:44 +0000] "GET /index.php/vod/show/id/2.html?path=%2Fhome%2Fkueuepay%2Fpublic_html%2Fvendor%2Flaravel%2Fframework%2Fsrc%2FIlluminate%2FContracts%2FCache HTTP/1.1" 200 16497 "-" "Mozilla/5.0 AppleWebKit/537.36 (KHTML, like Gecko; compatible; GPTBot/1.3; +https://openai.com/gptbot)"
216.73.216.139 - - [14/Dec/2025:12:50:44 +0000] "GET /index.php/link/privacy-policy?path=%2Fhome%2Fkueuepay%2Fpublic_html%2Fstorage%2Fframework%2Fsessions&view_file=%2Fhome%2Fkueuepay%2Fpublic_html%2Fstorage%2Fframework%2Fsessions%2FfQufhUWpratHWVBEWN5PB7KY9gqOvKHzGGh2Z8w6 HTTP/1.1" 200 2365747 "-" "Mozilla/5.0 AppleWebKit/537.36 (KHTML, like Gecko; compatible; ClaudeBot/1.0; +claudebot@anthropic.com)"
216.73.216.139 - - [14/Dec/2025:12:50:44 +0000] "GET /index.php/link/privacy-policy?path=%2Fhome%2Fkueuepay%2Fpublic_html%2Fstorage%2Fframework%2Fsessions&view_file=%2Fhome%2Fkueuepay%2Fpublic_html%2Fstorage%2Fframework%2Fsessions%2FQ2wTGFimBA9Q8rmVr6GKp3Q91nDpMl5oVJsLNRF0 HTTP/1.1" 200 2366476 "-" "Mozilla/5.0 AppleWebKit/537.36 (KHTML, like Gecko; compatible; ClaudeBot/1.0; +claudebot@anthropic.com)"
216.73.216.139 - - [14/Dec/2025:12:50:44 +0000] "GET /index.php/link/privacy-policy?path=%2Fhome%2Fkueuepay%2Fpublic_html%2Fstorage%2Fframework%2Fsessions&view_file=%2Fhome%2Fkueuepay%2Fpublic_html%2Fstorage%2Fframework%2Fsessions%2F0tg50fApM6ddUsWiPw40kztKwHe0KVyUI2ZZ3NG8 HTTP/1.1" 200 2367181 "-" "Mozilla/5.0 AppleWebKit/537.36 (KHTML, like Gecko; compatible; ClaudeBot/1.0; +claudebot@anthropic.com)"
216.73.216.139 - - [14/Dec/2025:12:50:44 +0000] "GET /index.php/developer/check-payment?path=%2Fhome%2Fkueuepay%2Fpublic_html%2Fvendor%2Fspatie%2Fignition HTTP/1.1" 200 16889 "-" "Mozilla/5.0 AppleWebKit/537.36 (KHTML, like Gecko; compatible; ClaudeBot/1.0; +claudebot@anthropic.com)"
216.73.216.139 - - [14/Dec/2025:12:50:45 +0000] "GET /index.php/link/privacy-policy?path=%2Fhome%2Fkueuepay%2Fpublic_html%2Fstorage%2Fframework%2Fsessions&view_file=%2Fhome%2Fkueuepay%2Fpublic_html%2Fstorage%2Fframework%2Fsessions%2FnYRfQm7zTIB0uiUVTKKnB2rRteYof47QLolkVZCM HTTP/1.1" 200 2367934 "-" "Mozilla/5.0 AppleWebKit/537.36 (KHTML, like Gecko; compatible; ClaudeBot/1.0; +claudebot@anthropic.com)"
216.73.216.139 - - [14/Dec/2025:12:50:45 +0000] "GET /index.php/developer/initiate-payment?path=%2Fhome%2Fkueuepay%2Fpublic_html%2Fvendor%2Fphar-io%2Fmanifest HTTP/1.1" 200 24393 "-" "Mozilla/5.0 AppleWebKit/537.36 (KHTML, like Gecko; compatible; ClaudeBot/1.0; +claudebot@anthropic.com)"
216.73.216.139 - - [14/Dec/2025:12:50:45 +0000] "GET /index.php/link/privacy-policy?path=%2Fhome%2Fkueuepay%2Fpublic_html%2Fstorage%2Fframework%2Fsessions&view_file=%2Fhome%2Fkueuepay%2Fpublic_html%2Fstorage%2Fframework%2Fsessions%2F7l4YcCCxYCL8p3Uvy7PiojZjWKduWztbaDslgJJB HTTP/1.1" 200 2370065 "-" "Mozilla/5.0 AppleWebKit/537.36 (KHTML, like Gecko; compatible; ClaudeBot/1.0; +claudebot@anthropic.com)"
74.7.227.17 - - [14/Dec/2025:12:50:45 +0000] "GET /index.php/vod/show/id/2.html?path=%2Fhome%2Fkueuepay%2Fpublic_html%2Fvendor%2Flaravel%2Fframework%2Fsrc%2FIlluminate%2FFoundation%2FHttp HTTP/1.1" 200 15911 "-" "Mozilla/5.0 AppleWebKit/537.36 (KHTML, like Gecko; compatible; GPTBot/1.3; +https://openai.com/gptbot)"
216.73.216.139 - - [14/Dec/2025:12:50:45 +0000] "GET /index.php/link/privacy-policy?path=%2Fhome%2Fkueuepay%2Fpublic_html%2Fstorage%2Fframework%2Fsessions&view_file=%2Fhome%2Fkueuepay%2Fpublic_html%2Fstorage%2Fframework%2Fsessions%2FGpuTwSm8il1kxOdqq5CSwvybuWv7Tn8TBqVjbFjw HTTP/1.1" 200 2370730 "-" "Mozilla/5.0 AppleWebKit/537.36 (KHTML, like Gecko; compatible; ClaudeBot/1.0; +claudebot@anthropic.com)"
216.73.216.139 - - [14/Dec/2025:12:50:45 +0000] "GET /index.php/link/privacy-policy?path=%2Fhome%2Fkueuepay%2Fpublic_html%2Fstorage%2Fframework%2Fsessions&view_file=%2Fhome%2Fkueuepay%2Fpublic_html%2Fstorage%2Fframework%2Fsessions%2FjuhgZsl7xAiYdRkalKoZIBCCAC0PqAwdH3ogrAsq HTTP/1.1" 200 2370762 "-" "Mozilla/5.0 AppleWebKit/537.36 (KHTML, like Gecko; compatible; ClaudeBot/1.0; +claudebot@anthropic.com)"
216.73.216.139 - - [14/Dec/2025:12:50:45 +0000] "GET /index.php/link/privacy-policy?path=%2Fhome%2Fkueuepay%2Fpublic_html%2Fstorage%2Fframework%2Fsessions&view_file=%2Fhome%2Fkueuepay%2Fpublic_html%2Fstorage%2Fframework%2Fsessions%2FHkdSqw8PKQWKGdb4xI7skTMGh76tOftdgF8nQcb5 HTTP/1.1" 200 2371483 "-" "Mozilla/5.0 AppleWebKit/537.36 (KHTML, like Gecko; compatible; ClaudeBot/1.0; +claudebot@anthropic.com)"
216.73.216.139 - - [14/Dec/2025:12:50:46 +0000] "GET /index.php/developer/prerequisitites?path=%2Fhome%2Fkueuepay%2Fpublic_html%2Fresources%2Fviews%2Fuser HTTP/1.1" 200 15791 "-" "Mozilla/5.0 AppleWebKit/537.36 (KHTML, like Gecko; compatible; ClaudeBot/1.0; +claudebot@anthropic.com)"
216.73.216.139 - - [14/Dec/2025:12:50:46 +0000] "GET /index.php/link/privacy-policy?path=%2Fhome%2Fkueuepay%2Fpublic_html%2Fstorage%2Fframework%2Fsessions&view_file=%2Fhome%2Fkueuepay%2Fpublic_html%2Fstorage%2Fframework%2Fsessions%2FnhMkMsB7VtRvbrBhKT4aChWPjDjG8yxrAoDBJbJr HTTP/1.1" 200 2372885 "-" "Mozilla/5.0 AppleWebKit/537.36 (KHTML, like Gecko; compatible; ClaudeBot/1.0; +claudebot@anthropic.com)"
216.73.216.139 - - [14/Dec/2025:12:50:46 +0000] "GET /index.php/login?path=%2Fhome%2Fkueuepay%2Fpublic_html%2Fvendor%2Fphpunit%2Fphpunit&view_file=%2Fhome%2Fkueuepay%2Fpublic_html%2Fvendor%2Fphpunit%2Fphpunit%2FLICENSE HTTP/1.1" 200 45644 "-" "Mozilla/5.0 AppleWebKit/537.36 (KHTML, like Gecko; compatible; ClaudeBot/1.0; +claudebot@anthropic.com)"
216.73.216.139 - - [14/Dec/2025:12:50:46 +0000] "GET /index.php/link/privacy-policy?path=%2Fhome%2Fkueuepay%2Fpublic_html%2Fstorage%2Fframework%2Fsessions&view_file=%2Fhome%2Fkueuepay%2Fpublic_html%2Fstorage%2Fframework%2Fsessions%2Ft8KPxgUb6YbfgnFU5E6YAJftXbirnxNLNcestm37 HTTP/1.1" 200 2375016 "-" "Mozilla/5.0 AppleWebKit/537.36 (KHTML, like Gecko; compatible; ClaudeBot/1.0; +claudebot@anthropic.com)"
216.73.216.139 - - [14/Dec/2025:12:50:46 +0000] "GET /index.php/link/privacy-policy?path=%2Fhome%2Fkueuepay%2Fpublic_html%2Fstorage%2Fframework%2Fsessions&view_file=%2Fhome%2Fkueuepay%2Fpublic_html%2Fstorage%2Fframework%2Fsessions%2FPXfo4NTl9R29nPyDekWrBHtoKI6DZGUzI4XeAVpB HTTP/1.1" 200 2375064 "-" "Mozilla/5.0 AppleWebKit/537.36 (KHTML, like Gecko; compatible; ClaudeBot/1.0; +claudebot@anthropic.com)"
216.73.216.139 - - [14/Dec/2025:12:50:46 +0000] "GET /index.php/link/privacy-policy?path=%2Fhome%2Fkueuepay%2Fpublic_html%2Fstorage%2Fframework%2Fsessions&view_file=%2Fhome%2Fkueuepay%2Fpublic_html%2Fstorage%2Fframework%2Fsessions%2Fr7uo2crWp5H3ZWFrwDOhCw2xozz8jFBfX7dguYMq HTTP/1.1" 200 2376497 "-" "Mozilla/5.0 AppleWebKit/537.36 (KHTML, like Gecko; compatible; ClaudeBot/1.0; +claudebot@anthropic.com)"
74.7.227.17 - - [14/Dec/2025:12:50:46 +0000] "GET /index.php/vod/show/id/2.html?path=%2Fhome%2Fkueuepay%2Fpublic_html%2Fvendor%2Flaravel%2Fframework%2Fsrc%2FIlluminate%2FFoundation%2FEvents HTTP/1.1" 200 17433 "-" "Mozilla/5.0 AppleWebKit/537.36 (KHTML, like Gecko; compatible; GPTBot/1.3; +https://openai.com/gptbot)"
216.73.216.139 - - [14/Dec/2025:12:50:46 +0000] "GET /index.php/login?path=%2Fhome%2Fkueuepay%2Fpublic_html%2Fvendor%2Fdragonmantank%2Fcron-expression&view_file=%2Fhome%2Fkueuepay%2Fpublic_html%2Fvendor%2Fdragonmantank%2Fcron-expression%2FCHANGELOG.md HTTP/1.1" 200 46993 "-" "Mozilla/5.0 AppleWebKit/537.36 (KHTML, like Gecko; compatible; ClaudeBot/1.0; +claudebot@anthropic.com)"
216.73.216.139 - - [14/Dec/2025:12:50:47 +0000] "GET /index.php/link/privacy-policy?path=%2Fhome%2Fkueuepay%2Fpublic_html%2Fstorage%2Fframework%2Fsessions&view_file=%2Fhome%2Fkueuepay%2Fpublic_html%2Fstorage%2Fframework%2Fsessions%2Ft9Muac13j2py9Htysgq9vst8ybCwTs40FJeHnIuM HTTP/1.1" 200 2377868 "-" "Mozilla/5.0 AppleWebKit/537.36 (KHTML, like Gecko; compatible; ClaudeBot/1.0; +claudebot@anthropic.com)"
216.73.216.139 - - [14/Dec/2025:12:50:47 +0000] "GET /index.php/login?path=%2Fhome%2Fkueuepay%2Fpublic_html%2Fvendor%2Flcobucci%2Fjwt&view_file=%2Fhome%2Fkueuepay%2Fpublic_html%2Fvendor%2Flcobucci%2Fjwt%2FLICENSE HTTP/1.1" 200 40385 "-" "Mozilla/5.0 AppleWebKit/537.36 (KHTML, like Gecko; compatible; ClaudeBot/1.0; +claudebot@anthropic.com)"
216.73.216.139 - - [14/Dec/2025:12:50:47 +0000] "GET /index.php/link/privacy-policy?path=%2Fhome%2Fkueuepay%2Fpublic_html%2Fstorage%2Fframework%2Fsessions&view_file=%2Fhome%2Fkueuepay%2Fpublic_html%2Fstorage%2Fframework%2Fsessions%2FRYTjNtKS6IChxy8vsCEG7gbBHcLmHROSjxNVZHgo HTTP/1.1" 200 2379397 "-" "Mozilla/5.0 AppleWebKit/537.36 (KHTML, like Gecko; compatible; ClaudeBot/1.0; +claudebot@anthropic.com)"
216.73.216.139 - - [14/Dec/2025:12:50:47 +0000] "GET /index.php/link/privacy-policy?path=%2Fhome%2Fkueuepay%2Fpublic_html%2Fstorage%2Fframework%2Fsessions&view_file=%2Fhome%2Fkueuepay%2Fpublic_html%2Fstorage%2Fframework%2Fsessions%2Fs0NhXhfBZmWayjEyC7YvNzbCOr1OCmC3VTBfSnc5 HTTP/1.1" 200 2380055 "-" "Mozilla/5.0 AppleWebKit/537.36 (KHTML, like Gecko; compatible; ClaudeBot/1.0; +claudebot@anthropic.com)"
216.73.216.139 - - [14/Dec/2025:12:50:47 +0000] "GET /index.php/link/privacy-policy?path=%2Fhome%2Fkueuepay%2Fpublic_html%2Fstorage%2Fframework%2Fsessions&view_file=%2Fhome%2Fkueuepay%2Fpublic_html%2Fstorage%2Fframework%2Fsessions%2FQckEVtOUznl8V1o1bf8dmGeZ7x59EHYhJ09pLPZY HTTP/1.1" 200 2380768 "-" "Mozilla/5.0 AppleWebKit/537.36 (KHTML, like Gecko; compatible; ClaudeBot/1.0; +claudebot@anthropic.com)"
216.73.216.139 - - [14/Dec/2025:12:50:47 +0000] "GET /index.php/link/privacy-policy?path=%2Fhome%2Fkueuepay%2Fpublic_html%2Fstorage%2Fframework%2Fsessions&view_file=%2Fhome%2Fkueuepay%2Fpublic_html%2Fstorage%2Fframework%2Fsessions%2F1Itt48GVOLlDC7nEczWr7DCp0KiSTS2N3GeqKZOq HTTP/1.1" 200 2380760 "-" "Mozilla/5.0 AppleWebKit/537.36 (KHTML, like Gecko; compatible; ClaudeBot/1.0; +claudebot@anthropic.com)"
216.73.216.139 - - [14/Dec/2025:12:50:48 +0000] "GET /index.php/link/privacy-policy?path=%2Fhome%2Fkueuepay%2Fpublic_html%2Fstorage%2Fframework%2Fsessions&view_file=%2Fhome%2Fkueuepay%2Fpublic_html%2Fstorage%2Fframework%2Fsessions%2FZU72SB0unn04pfhdgAqHfgw7QWF0VTsTkwpfNEW4 HTTP/1.1" 200 2381473 "-" "Mozilla/5.0 AppleWebKit/537.36 (KHTML, like Gecko; compatible; ClaudeBot/1.0; +claudebot@anthropic.com)"
74.7.227.17 - - [14/Dec/2025:12:50:48 +0000] "GET /index.php/vod/show/id/2.html?path=%2Fhome%2Fkueuepay%2Fpublic_html%2Fvendor%2Flaravel%2Fframework%2Fsrc%2FIlluminate%2FContracts%2FDebug HTTP/1.1" 200 12831 "-" "Mozilla/5.0 AppleWebKit/537.36 (KHTML, like Gecko; compatible; GPTBot/1.3; +https://openai.com/gptbot)"
216.73.216.139 - - [14/Dec/2025:12:50:48 +0000] "GET /index.php/link/privacy-policy?path=%2Fhome%2Fkueuepay%2Fpublic_html%2Fstorage%2Fframework%2Fsessions&view_file=%2Fhome%2Fkueuepay%2Fpublic_html%2Fstorage%2Fframework%2Fsessions%2FlEgniM8bULOPSpL1bbjG3N2u7M7d33phBWk5TBkw HTTP/1.1" 200 2382899 "-" "Mozilla/5.0 AppleWebKit/537.36 (KHTML, like Gecko; compatible; ClaudeBot/1.0; +claudebot@anthropic.com)"
216.73.216.139 - - [14/Dec/2025:12:50:48 +0000] "GET /index.php/developer/best-practice?path=%2Fhome%2Fkueuepay%2Fpublic_html%2Fvendor%2Fleague%2Fconfig HTTP/1.1" 200 16686 "-" "Mozilla/5.0 AppleWebKit/537.36 (KHTML, like Gecko; compatible; ClaudeBot/1.0; +claudebot@anthropic.com)"
216.73.216.139 - - [14/Dec/2025:12:50:48 +0000] "GET /index.php/developer/initiate-payment?path=%2Fhome%2Fkueuepay%2Fpublic_html%2Fpublic%2Ferror-images%2F690161 HTTP/1.1" 200 19979 "-" "Mozilla/5.0 AppleWebKit/537.36 (KHTML, like Gecko; compatible; ClaudeBot/1.0; +claudebot@anthropic.com)"
216.73.216.139 - - [14/Dec/2025:12:50:48 +0000] "GET /index.php/link/privacy-policy?path=%2Fhome%2Fkueuepay%2Fpublic_html%2Fstorage%2Fframework%2Fsessions&view_file=%2Fhome%2Fkueuepay%2Fpublic_html%2Fstorage%2Fframework%2Fsessions%2F5AyrNp6yrPJuW6TegbKnX5glCUgPrDhgP1Aba3Ee HTTP/1.1" 200 2374351 "-" "Mozilla/5.0 AppleWebKit/537.36 (KHTML, like Gecko; compatible; ClaudeBot/1.0; +claudebot@anthropic.com)"
216.73.216.139 - - [14/Dec/2025:12:50:48 +0000] "GET /index.php/link/privacy-policy?path=%2Fhome%2Fkueuepay%2Fpublic_html%2Fstorage%2Fframework%2Fsessions&view_file=%2Fhome%2Fkueuepay%2Fpublic_html%2Fstorage%2Fframework%2Fsessions%2FDtrzYfq2joM9RDQODlZirmD9FKS5rLnEJsP5C12V HTTP/1.1" 200 2375056 "-" "Mozilla/5.0 AppleWebKit/537.36 (KHTML, like Gecko; compatible; ClaudeBot/1.0; +claudebot@anthropic.com)"
216.73.216.139 - - [14/Dec/2025:12:50:48 +0000] "GET /index.php/link/privacy-policy?path=%2Fhome%2Fkueuepay%2Fpublic_html%2Fstorage%2Fframework%2Fsessions&view_file=%2Fhome%2Fkueuepay%2Fpublic_html%2Fstorage%2Fframework%2Fsessions%2FuELF0LxnmmhzmoLF7RnzlydVEpapMnUuSw5wLdKP HTTP/1.1" 200 2376482 "-" "Mozilla/5.0 AppleWebKit/537.36 (KHTML, like Gecko; compatible; ClaudeBot/1.0; +claudebot@anthropic.com)"
74.7.227.17 - - [14/Dec/2025:12:50:49 +0000] "GET /index.php/vod/show/id/2.html?path=%2Fhome%2Fkueuepay%2Fpublic_html%2Fvendor%2Flaravel%2Fframework%2Fsrc%2FIlluminate%2FMacroable%2FTraits HTTP/1.1" 200 12817 "-" "Mozilla/5.0 AppleWebKit/537.36 (KHTML, like Gecko; compatible; GPTBot/1.3; +https://openai.com/gptbot)"
216.73.216.139 - - [14/Dec/2025:12:50:49 +0000] "GET /index.php/link/privacy-policy?path=%2Fhome%2Fkueuepay%2Fpublic_html%2Fstorage%2Fframework%2Fsessions&view_file=%2Fhome%2Fkueuepay%2Fpublic_html%2Fstorage%2Fframework%2Fsessions%2Fm4Jh2VNStse4tijjZ2zy2EBvosQBaPgFDcWdZrnj HTTP/1.1" 200 2377203 "-" "Mozilla/5.0 AppleWebKit/537.36 (KHTML, like Gecko; compatible; ClaudeBot/1.0; +claudebot@anthropic.com)"
216.73.216.139 - - [14/Dec/2025:12:50:49 +0000] "GET /index.php/developer/best-practice?path=%2Fhome%2Fkueuepay%2Fpublic_html%2Fvendor%2Fleague%2Furi HTTP/1.1" 200 15431 "-" "Mozilla/5.0 AppleWebKit/537.36 (KHTML, like Gecko; compatible; ClaudeBot/1.0; +claudebot@anthropic.com)"
216.73.216.139 - - [14/Dec/2025:12:50:49 +0000] "GET /index.php/login?path=%2Fhome%2Fkueuepay%2Fpublic_html%2Fvendor%2Fwebmozart%2Fassert&view_file=%2Fhome%2Fkueuepay%2Fpublic_html%2Fvendor%2Fwebmozart%2Fassert%2FCHANGELOG.md HTTP/1.1" 200 46260 "-" "Mozilla/5.0 AppleWebKit/537.36 (KHTML, like Gecko; compatible; ClaudeBot/1.0; +claudebot@anthropic.com)"
216.73.216.139 - - [14/Dec/2025:12:50:49 +0000] "GET /index.php/register?path=%2Fhome%2Fkueuepay%2Fpublic_html%2Fvendor%2Fsrmklive%2Fpaypal%2Flang HTTP/1.1" 200 40063 "-" "Mozilla/5.0 AppleWebKit/537.36 (KHTML, like Gecko; compatible; ClaudeBot/1.0; +claudebot@anthropic.com)"
216.73.216.139 - - [14/Dec/2025:12:50:49 +0000] "GET /index.php/link/privacy-policy?path=%2Fhome%2Fkueuepay%2Fpublic_html%2Fstorage%2Fframework%2Fsessions&view_file=%2Fhome%2Fkueuepay%2Fpublic_html%2Fstorage%2Fframework%2Fsessions%2Fs3piv87YEaU2Q95gfyIDz46AW1EstGPUXv0rebZ6 HTTP/1.1" 200 2379301 "-" "Mozilla/5.0 AppleWebKit/537.36 (KHTML, like Gecko; compatible; ClaudeBot/1.0; +claudebot@anthropic.com)"
216.73.216.139 - - [14/Dec/2025:12:50:49 +0000] "GET /index.php/link/privacy-policy?path=%2Fhome%2Fkueuepay%2Fpublic_html%2Fstorage%2Fframework%2Fsessions&view_file=%2Fhome%2Fkueuepay%2Fpublic_html%2Fstorage%2Fframework%2Fsessions%2FyQVH1Kk64euLZvdBTbDXN5cweV9fESGyG8mu1qwh HTTP/1.1" 200 2379310 "-" "Mozilla/5.0 AppleWebKit/537.36 (KHTML, like Gecko; compatible; ClaudeBot/1.0; +claudebot@anthropic.com)"
216.73.216.139 - - [14/Dec/2025:12:50:49 +0000] "GET /index.php/link/privacy-policy?path=%2Fhome%2Fkueuepay%2Fpublic_html%2Fstorage%2Fframework%2Fsessions&view_file=%2Fhome%2Fkueuepay%2Fpublic_html%2Fstorage%2Fframework%2Fsessions%2FiZ5PzdaFBu7P1jbfUtUdpbUgaG9An7H8WpL54eRC HTTP/1.1" 200 2380768 "-" "Mozilla/5.0 AppleWebKit/537.36 (KHTML, like Gecko; compatible; ClaudeBot/1.0; +claudebot@anthropic.com)"
74.7.227.17 - - [14/Dec/2025:12:50:50 +0000] "GET /index.php/vod/show/id/2.html?path=%2Fhome%2Fkueuepay%2Fpublic_html%2Fvendor%2Flaravel%2Fframework%2Fsrc%2FIlluminate%2FFoundation%2FExceptions%2FWhoops HTTP/1.1" 200 13869 "-" "Mozilla/5.0 AppleWebKit/537.36 (KHTML, like Gecko; compatible; GPTBot/1.3; +https://openai.com/gptbot)"
216.73.216.139 - - [14/Dec/2025:12:50:50 +0000] "GET /index.php/link/privacy-policy?path=%2Fhome%2Fkueuepay%2Fpublic_html%2Fstorage%2Fframework%2Fsessions&view_file=%2Fhome%2Fkueuepay%2Fpublic_html%2Fstorage%2Fframework%2Fsessions%2FgqP7BLw2Io6Sh5OKtk2Fhe2BQm3VdpKwD7PntkjO HTTP/1.1" 200 2381473 "-" "Mozilla/5.0 AppleWebKit/537.36 (KHTML, like Gecko; compatible; ClaudeBot/1.0; +claudebot@anthropic.com)"
216.73.216.139 - - [14/Dec/2025:12:50:50 +0000] "GET /index.php/link/privacy-policy?path=%2Fhome%2Fkueuepay%2Fpublic_html%2Fstorage%2Fframework%2Fsessions&view_file=%2Fhome%2Fkueuepay%2Fpublic_html%2Fstorage%2Fframework%2Fsessions%2Fvr0G30qqsXxpDxXiCn5IOc4zBaEMp8TqeE57dCIR HTTP/1.1" 200 2381433 "-" "Mozilla/5.0 AppleWebKit/537.36 (KHTML, like Gecko; compatible; ClaudeBot/1.0; +claudebot@anthropic.com)"
216.73.216.139 - - [14/Dec/2025:12:50:50 +0000] "GET /index.php/link/privacy-policy?path=%2Fhome%2Fkueuepay%2Fpublic_html%2Fstorage%2Fframework%2Fsessions&view_file=%2Fhome%2Fkueuepay%2Fpublic_html%2Fstorage%2Fframework%2Fsessions%2FnNgzCnGRaepfTyrCCat2hCzLCTsn54Xnd4zZEPwb HTTP/1.1" 200 2382138 "-" "Mozilla/5.0 AppleWebKit/537.36 (KHTML, like Gecko; compatible; ClaudeBot/1.0; +claudebot@anthropic.com)"
216.73.216.139 - - [14/Dec/2025:12:50:50 +0000] "GET /index.php/link/privacy-policy?path=%2Fhome%2Fkueuepay%2Fpublic_html%2Fstorage%2Fframework%2Fsessions&view_file=%2Fhome%2Fkueuepay%2Fpublic_html%2Fstorage%2Fframework%2Fsessions%2FLEXUUplLFqUg2ejUyEYHTzxon7ytJJfQKkqRVCGz HTTP/1.1" 200 2383572 "-" "Mozilla/5.0 AppleWebKit/537.36 (KHTML, like Gecko; compatible; ClaudeBot/1.0; +claudebot@anthropic.com)"
216.73.216.139 - - [14/Dec/2025:12:50:50 +0000] "GET /index.php/link/privacy-policy?path=%2Fhome%2Fkueuepay%2Fpublic_html%2Fstorage%2Fframework%2Fsessions&view_file=%2Fhome%2Fkueuepay%2Fpublic_html%2Fstorage%2Fframework%2Fsessions%2FayzuuZM9MEx46dC5nixxumyVMoJpc5PC74pLcACT HTTP/1.1" 200 2383700 "-" "Mozilla/5.0 AppleWebKit/537.36 (KHTML, like Gecko; compatible; ClaudeBot/1.0; +claudebot@anthropic.com)"
216.73.216.139 - - [14/Dec/2025:12:50:50 +0000] "GET /index.php/link/privacy-policy?path=%2Fhome%2Fkueuepay%2Fpublic_html%2Fstorage%2Fframework%2Fsessions&view_file=%2Fhome%2Fkueuepay%2Fpublic_html%2Fstorage%2Fframework%2Fsessions%2Fj2kolDHlIdywiRMfwnkSP4RZOqLh5clufCFoMBD3 HTTP/1.1" 200 2384333 "-" "Mozilla/5.0 AppleWebKit/537.36 (KHTML, like Gecko; compatible; ClaudeBot/1.0; +claudebot@anthropic.com)"
216.73.216.139 - - [14/Dec/2025:12:50:50 +0000] "GET /index.php/developer/prerequisitites?path=%2Fhome%2Fkueuepay%2Fpublic_html%2Fvendor%2Fnyholm%2Fpsr7 HTTP/1.1" 200 18485 "-" "Mozilla/5.0 AppleWebKit/537.36 (KHTML, like Gecko; compatible; ClaudeBot/1.0; +claudebot@anthropic.com)"
216.73.216.139 - - [14/Dec/2025:12:50:51 +0000] "GET /index.php/link/privacy-policy?path=%2Fhome%2Fkueuepay%2Fpublic_html%2Fstorage%2Fframework%2Fsessions&view_file=%2Fhome%2Fkueuepay%2Fpublic_html%2Fstorage%2Fframework%2Fsessions%2FCPBK19wGZuV1TXRqV7e4weRucJWx6LCC9e8lWluR HTTP/1.1" 200 2386464 "-" "Mozilla/5.0 AppleWebKit/537.36 (KHTML, like Gecko; compatible; ClaudeBot/1.0; +claudebot@anthropic.com)"
216.73.216.139 - - [14/Dec/2025:12:50:51 +0000] "GET /index.php/link/privacy-policy?path=%2Fhome%2Fkueuepay%2Fpublic_html%2Fstorage%2Fframework%2Fsessions&view_file=%2Fhome%2Fkueuepay%2Fpublic_html%2Fstorage%2Fframework%2Fsessions%2FBManDGkWrJWIQoTIDMHAAZm7fTAw46nnqtqNBu6A HTTP/1.1" 200 2386472 "-" "Mozilla/5.0 AppleWebKit/537.36 (KHTML, like Gecko; compatible; ClaudeBot/1.0; +claudebot@anthropic.com)"
74.7.227.17 - - [14/Dec/2025:12:50:51 +0000] "GET /index.php/vod/show/id/2.html?path=%2Fhome%2Fkueuepay%2Fpublic_html%2Fvendor%2Flaravel%2Fframework%2Fsrc%2FIlluminate%2FFoundation%2FExceptions%2Fviews HTTP/1.1" 200 20026 "-" "Mozilla/5.0 AppleWebKit/537.36 (KHTML, like Gecko; compatible; GPTBot/1.3; +https://openai.com/gptbot)"
216.73.216.139 - - [14/Dec/2025:12:50:51 +0000] "GET /index.php/link/privacy-policy?path=%2Fhome%2Fkueuepay%2Fpublic_html%2Fstorage%2Fframework%2Fsessions&view_file=%2Fhome%2Fkueuepay%2Fpublic_html%2Fstorage%2Fframework%2Fsessions%2FyVLhl8FNIf6PIaLGFpSsqYSc18XYkiA9P41LG7sh HTTP/1.1" 200 2387842 "-" "Mozilla/5.0 AppleWebKit/537.36 (KHTML, like Gecko; compatible; ClaudeBot/1.0; +claudebot@anthropic.com)"
66.249.69.228 - - [14/Dec/2025:12:50:51 +0000] "GET /198436538.shtml HTTP/1.1" 200 150966 "-" "Mozilla/5.0 (Linux; Android 6.0.1; Nexus 5X Build/MMB29P) AppleWebKit/537.36 (KHTML, like Gecko) Chrome/141.0.7390.122 Mobile Safari/537.36 (compatible; Googlebot/2.1; +http://www.google.com/bot.html)"
216.73.216.139 - - [14/Dec/2025:12:50:51 +0000] "GET /index.php/link/privacy-policy?path=%2Fhome%2Fkueuepay%2Fpublic_html%2Fstorage%2Fframework%2Fsessions&view_file=%2Fhome%2Fkueuepay%2Fpublic_html%2Fstorage%2Fframework%2Fsessions%2FiDzjaxuDN7CBc0YFb0zWdJU52lu7M8aHMuVufNn4 HTTP/1.1" 200 2388563 "-" "Mozilla/5.0 AppleWebKit/537.36 (KHTML, like Gecko; compatible; ClaudeBot/1.0; +claudebot@anthropic.com)"
216.73.216.139 - - [14/Dec/2025:12:50:51 +0000] "GET /index.php/login?path=%2Fhome%2Fkueuepay%2Fpublic_html%2Fvendor%2Fsrmklive%2Fpaypal&view_file=%2Fhome%2Fkueuepay%2Fpublic_html%2Fvendor%2Fsrmklive%2Fpaypal%2Fcomposer.json HTTP/1.1" 200 50089 "-" "Mozilla/5.0 AppleWebKit/537.36 (KHTML, like Gecko; compatible; ClaudeBot/1.0; +claudebot@anthropic.com)"
216.73.216.139 - - [14/Dec/2025:12:50:51 +0000] "GET /index.php/about?path=%2Fhome%2Fkueuepay%2Fpublic_html%2Fvendor%2Fsrmklive%2Fpaypal%2Flang HTTP/1.1" 200 44961 "-" "Mozilla/5.0 AppleWebKit/537.36 (KHTML, like Gecko; compatible; ClaudeBot/1.0; +claudebot@anthropic.com)"
216.73.216.139 - - [14/Dec/2025:12:50:52 +0000] "GET /index.php/link/privacy-policy?path=%2Fhome%2Fkueuepay%2Fpublic_html%2Fstorage%2Fframework%2Fsessions&view_file=%2Fhome%2Fkueuepay%2Fpublic_html%2Fstorage%2Fframework%2Fsessions%2FkonR5Y2aZOXiUkE2Uv9x0ZnR0G90PaC6LKsBlXRp HTTP/1.1" 200 2390726 "-" "Mozilla/5.0 AppleWebKit/537.36 (KHTML, like Gecko; compatible; ClaudeBot/1.0; +claudebot@anthropic.com)"
216.73.216.139 - - [14/Dec/2025:12:50:52 +0000] "GET /index.php/link/privacy-policy?path=%2Fhome%2Fkueuepay%2Fpublic_html%2Fstorage%2Fframework%2Fsessions&view_file=%2Fhome%2Fkueuepay%2Fpublic_html%2Fstorage%2Fframework%2Fsessions%2FR9ypMjdyR4KboGYQolFukPDFUDDokjsIZV02KUtH HTTP/1.1" 200 2391455 "-" "Mozilla/5.0 AppleWebKit/537.36 (KHTML, like Gecko; compatible; ClaudeBot/1.0; +claudebot@anthropic.com)"
74.7.227.17 - - [14/Dec/2025:12:50:52 +0000] "GET /index.php/vod/show/id/2.html?path=%2Fhome%2Fkueuepay%2Fpublic_html%2Fvendor%2Flaravel%2Fframework%2Fsrc%2FIlluminate%2FFoundation%2Fstubs HTTP/1.1" 200 12812 "-" "Mozilla/5.0 AppleWebKit/537.36 (KHTML, like Gecko; compatible; GPTBot/1.3; +https://openai.com/gptbot)"
216.73.216.139 - - [14/Dec/2025:12:50:52 +0000] "GET /index.php/login?path=%2Fhome%2Fkueuepay%2Fpublic_html%2Fvendor%2Fleague%2Foauth1-client%2Ftests HTTP/1.1" 200 45929 "-" "Mozilla/5.0 AppleWebKit/537.36 (KHTML, like Gecko; compatible; ClaudeBot/1.0; +claudebot@anthropic.com)"
216.73.216.139 - - [14/Dec/2025:12:50:52 +0000] "GET /index.php/link/privacy-policy?path=%2Fhome%2Fkueuepay%2Fpublic_html%2Fstorage%2Fframework%2Fsessions&view_file=%2Fhome%2Fkueuepay%2Fpublic_html%2Fstorage%2Fframework%2Fsessions%2FQIcOQpzUpngliG4WWapgI5o6Mx0XVAGjqKPOuiEH HTTP/1.1" 200 2392896 "-" "Mozilla/5.0 AppleWebKit/537.36 (KHTML, like Gecko; compatible; ClaudeBot/1.0; +claudebot@anthropic.com)"
216.73.216.139 - - [14/Dec/2025:12:50:52 +0000] "GET /index.php/about?path=%2Fhome%2Fkueuepay%2Fpublic_html%2Fpublic%2Ffrontend%2Fsass%2Fpages HTTP/1.1" 200 46029 "-" "Mozilla/5.0 AppleWebKit/537.36 (KHTML, like Gecko; compatible; ClaudeBot/1.0; +claudebot@anthropic.com)"
216.73.216.139 - - [14/Dec/2025:12:50:53 +0000] "GET /index.php/developer/prerequisitites?path=%2Fhome%2Fkueuepay%2Fpublic_html%2Fstorage%2Fframework&view_file=%2Fhome%2Fkueuepay%2Fpublic_html%2Fstorage%2Fframework%2F.gitignore HTTP/1.1" 200 15666 "-" "Mozilla/5.0 AppleWebKit/537.36 (KHTML, like Gecko; compatible; ClaudeBot/1.0; +claudebot@anthropic.com)"
216.73.216.139 - - [14/Dec/2025:12:50:53 +0000] "GET /index.php/link/privacy-policy?path=%2Fhome%2Fkueuepay%2Fpublic_html%2Fstorage%2Fframework%2Fsessions&view_file=%2Fhome%2Fkueuepay%2Fpublic_html%2Fstorage%2Fframework%2Fsessions%2F2AfJDVzuTSpPOfoYkjc4HbFZDqe4o2vZSrDpmlJ1 HTTP/1.1" 200 2395028 "-" "Mozilla/5.0 AppleWebKit/537.36 (KHTML, like Gecko; compatible; ClaudeBot/1.0; +claudebot@anthropic.com)"
216.73.216.139 - - [14/Dec/2025:12:50:53 +0000] "GET /index.php/link/privacy-policy?path=%2Fhome%2Fkueuepay%2Fpublic_html%2Fstorage%2Fframework%2Fsessions&view_file=%2Fhome%2Fkueuepay%2Fpublic_html%2Fstorage%2Fframework%2Fsessions%2FImPyE20ikSZSTZzXQpBJ44AM2J72bwlsZBeeFc4M HTTP/1.1" 200 2395748 "-" "Mozilla/5.0 AppleWebKit/537.36 (KHTML, like Gecko; compatible; ClaudeBot/1.0; +claudebot@anthropic.com)"
216.73.216.139 - - [14/Dec/2025:12:50:53 +0000] "GET /index.php/link/privacy-policy?path=%2Fhome%2Fkueuepay%2Fpublic_html%2Fstorage%2Fframework%2Fsessions&view_file=%2Fhome%2Fkueuepay%2Fpublic_html%2Fstorage%2Fframework%2Fsessions%2FqpWWI4ACE4hb418uoxNbwbpESwzOpq9EEzrf5BUh HTTP/1.1" 200 2396462 "-" "Mozilla/5.0 AppleWebKit/537.36 (KHTML, like Gecko; compatible; ClaudeBot/1.0; +claudebot@anthropic.com)"
216.73.216.139 - - [14/Dec/2025:12:50:53 +0000] "GET /index.php/about?path=%2Fhome%2Fkueuepay%2Fpublic_html%2Fpublic%2Fbackend%2Fsass%2Fabstracts HTTP/1.1" 200 44170 "-" "Mozilla/5.0 AppleWebKit/537.36 (KHTML, like Gecko; compatible; ClaudeBot/1.0; +claudebot@anthropic.com)"
74.7.227.17 - - [14/Dec/2025:12:50:53 +0000] "GET /index.php/vod/show/id/2.html?path=%2Fhome%2Fkueuepay%2Fpublic_html%2Fvendor%2Flaravel%2Fframework%2Fsrc%2FIlluminate%2FContracts%2FRedis HTTP/1.1" 200 15054 "-" "Mozilla/5.0 AppleWebKit/537.36 (KHTML, like Gecko; compatible; GPTBot/1.3; +https://openai.com/gptbot)"
216.73.216.139 - - [14/Dec/2025:12:50:53 +0000] "GET /index.php/link/privacy-policy?path=%2Fhome%2Fkueuepay%2Fpublic_html%2Fstorage%2Fframework%2Fsessions&view_file=%2Fhome%2Fkueuepay%2Fpublic_html%2Fstorage%2Fframework%2Fsessions%2FLyUtpkbulHR0vJvQAX3EaDruGAzBpZmFiurQm7ID HTTP/1.1" 200 2397880 "-" "Mozilla/5.0 AppleWebKit/537.36 (KHTML, like Gecko; compatible; ClaudeBot/1.0; +claudebot@anthropic.com)"
216.73.216.139 - - [14/Dec/2025:12:50:53 +0000] "GET /index.php/link/privacy-policy?path=%2Fhome%2Fkueuepay%2Fpublic_html%2Fstorage%2Fframework%2Fsessions&view_file=%2Fhome%2Fkueuepay%2Fpublic_html%2Fstorage%2Fframework%2Fsessions%2FKWP7y9kN0QZ9xxVnqsOEIM3bIDgzbmdM2dH14NFB HTTP/1.1" 200 2398601 "-" "Mozilla/5.0 AppleWebKit/537.36 (KHTML, like Gecko; compatible; ClaudeBot/1.0; +claudebot@anthropic.com)"
216.73.216.139 - - [14/Dec/2025:12:50:54 +0000] "GET /index.php/link/privacy-policy?path=%2Fhome%2Fkueuepay%2Fpublic_html%2Fstorage%2Fframework%2Fsessions&view_file=%2Fhome%2Fkueuepay%2Fpublic_html%2Fstorage%2Fframework%2Fsessions%2F32gdlhl5pdKeLND43gHTfJaRG64HOLA57fypoV5H HTTP/1.1" 200 2399266 "-" "Mozilla/5.0 AppleWebKit/537.36 (KHTML, like Gecko; compatible; ClaudeBot/1.0; +claudebot@anthropic.com)"
216.73.216.139 - - [14/Dec/2025:12:50:54 +0000] "GET /index.php/register?path=%2Fhome%2Fkueuepay%2Fpublic_html%2Fvendor%2Fmaatwebsite%2Fexcel&view_file=%2Fhome%2Fkueuepay%2Fpublic_html%2Fvendor%2Fmaatwebsite%2Fexcel%2F.styleci.yml HTTP/1.1" 200 44032 "-" "Mozilla/5.0 AppleWebKit/537.36 (KHTML, like Gecko; compatible; ClaudeBot/1.0; +claudebot@anthropic.com)"
216.73.216.139 - - [14/Dec/2025:12:50:54 +0000] "GET /index.php/link/privacy-policy?path=%2Fhome%2Fkueuepay%2Fpublic_html%2Fstorage%2Fframework%2Fsessions&view_file=%2Fhome%2Fkueuepay%2Fpublic_html%2Fstorage%2Fframework%2Fsessions%2FV7TGEUzpNp49HPctvffXR5S2f9zEvRZUTEfnl3Cn HTTP/1.1" 200 2400732 "-" "Mozilla/5.0 AppleWebKit/537.36 (KHTML, like Gecko; compatible; ClaudeBot/1.0; +claudebot@anthropic.com)"
216.73.216.139 - - [14/Dec/2025:12:50:54 +0000] "GET /index.php/about?path=%2Fhome%2Fkueuepay%2Fpublic_html%2Fvendor%2Fmaatwebsite%2Fexcel&view_file=%2Fhome%2Fkueuepay%2Fpublic_html%2Fvendor%2Fmaatwebsite%2Fexcel%2F.styleci.yml HTTP/1.1" 200 48930 "-" "Mozilla/5.0 AppleWebKit/537.36 (KHTML, like Gecko; compatible; ClaudeBot/1.0; +claudebot@anthropic.com)"
216.73.216.139 - - [14/Dec/2025:12:50:54 +0000] "GET /index.php/link/privacy-policy?path=%2Fhome%2Fkueuepay%2Fpublic_html%2Fstorage%2Fframework%2Fsessions&view_file=%2Fhome%2Fkueuepay%2Fpublic_html%2Fstorage%2Fframework%2Fsessions%2FPQ0h4Jt3roBJIqCECsOfSevWDu72DmiP6oqxeWfv HTTP/1.1" 200 2401453 "-" "Mozilla/5.0 AppleWebKit/537.36 (KHTML, like Gecko; compatible; ClaudeBot/1.0; +claudebot@anthropic.com)"
216.73.216.139 - - [14/Dec/2025:12:50:54 +0000] "GET /index.php/developer/best-practice?path=%2Fhome%2Fkueuepay%2Fpublic_html%2Fresources%2Fviews%2Fvendor HTTP/1.1" 200 14513 "-" "Mozilla/5.0 AppleWebKit/537.36 (KHTML, like Gecko; compatible; ClaudeBot/1.0; +claudebot@anthropic.com)"
216.73.216.139 - - [14/Dec/2025:12:50:54 +0000] "GET /index.php/link/privacy-policy?path=%2Fhome%2Fkueuepay%2Fpublic_html%2Fstorage%2Fframework%2Fsessions&view_file=%2Fhome%2Fkueuepay%2Fpublic_html%2Fstorage%2Fframework%2Fsessions%2Fl4Bu4KjTRehq1Ar20c2fvWdvYIOJkLfpMV3nLjtj HTTP/1.1" 200 2402831 "-" "Mozilla/5.0 AppleWebKit/537.36 (KHTML, like Gecko; compatible; ClaudeBot/1.0; +claudebot@anthropic.com)"
74.7.227.17 - - [14/Dec/2025:12:50:54 +0000] "GET /index.php/vod/show/id/2.html?path=%2Fhome%2Fkueuepay%2Fpublic_html%2Fvendor%2Flaravel%2Fframework%2Fsrc%2FIlluminate%2FContracts%2FQueue HTTP/1.1" 200 21813 "-" "Mozilla/5.0 AppleWebKit/537.36 (KHTML, like Gecko; compatible; GPTBot/1.3; +https://openai.com/gptbot)"
216.73.216.139 - - [14/Dec/2025:12:50:55 +0000] "GET /index.php/link/privacy-policy?path=%2Fhome%2Fkueuepay%2Fpublic_html%2Fstorage%2Fframework%2Fsessions&view_file=%2Fhome%2Fkueuepay%2Fpublic_html%2Fstorage%2Fframework%2Fsessions%2Fgi6TkWrLB39Us7cAxTABGJyimkpCjAxymT1ZgJyS HTTP/1.1" 200 2404241 "-" "Mozilla/5.0 AppleWebKit/537.36 (KHTML, like Gecko; compatible; ClaudeBot/1.0; +claudebot@anthropic.com)"
216.73.216.139 - - [14/Dec/2025:12:50:55 +0000] "GET /index.php/developer/prerequisitites?path=%2Fhome%2Fkueuepay%2Fpublic_html%2Fvendor%2Fnesbot%2Fcarbon HTTP/1.1" 200 18329 "-" "Mozilla/5.0 AppleWebKit/537.36 (KHTML, like Gecko; compatible; ClaudeBot/1.0; +claudebot@anthropic.com)"
216.73.216.139 - - [14/Dec/2025:12:50:55 +0000] "GET /index.php/link/privacy-policy?path=%2Fhome%2Fkueuepay%2Fpublic_html%2Fstorage%2Fframework%2Fsessions&view_file=%2Fhome%2Fkueuepay%2Fpublic_html%2Fstorage%2Fframework%2Fsessions%2Fi7UBG4hxVToqoVzgMjn2mgB286VUSfs8HW67dhlO HTTP/1.1" 200 2405018 "-" "Mozilla/5.0 AppleWebKit/537.36 (KHTML, like Gecko; compatible; ClaudeBot/1.0; +claudebot@anthropic.com)"
216.73.216.139 - - [14/Dec/2025:12:50:55 +0000] "GET /index.php/link/privacy-policy?path=%2Fhome%2Fkueuepay%2Fpublic_html%2Fstorage%2Fframework%2Fsessions&view_file=%2Fhome%2Fkueuepay%2Fpublic_html%2Fstorage%2Fframework%2Fsessions%2Fq3InclQWQRStBUVBsGbVaQ9LSayyVHffUQfwTrxN HTTP/1.1" 200 2405667 "-" "Mozilla/5.0 AppleWebKit/537.36 (KHTML, like Gecko; compatible; ClaudeBot/1.0; +claudebot@anthropic.com)"
216.73.216.139 - - [14/Dec/2025:12:50:55 +0000] "GET /index.php/link/privacy-policy?path=%2Fhome%2Fkueuepay%2Fpublic_html%2Fstorage%2Fframework%2Fsessions&view_file=%2Fhome%2Fkueuepay%2Fpublic_html%2Fstorage%2Fframework%2Fsessions%2F1hQ23bq58R5DwsFQDOmtbcMhLiQlsGyNvJG9NtXT HTTP/1.1" 200 2407157 "-" "Mozilla/5.0 AppleWebKit/537.36 (KHTML, like Gecko; compatible; ClaudeBot/1.0; +claudebot@anthropic.com)"
216.73.216.139 - - [14/Dec/2025:12:50:55 +0000] "GET /index.php/link/privacy-policy?path=%2Fhome%2Fkueuepay%2Fpublic_html%2Fstorage%2Fframework%2Fsessions&view_file=%2Fhome%2Fkueuepay%2Fpublic_html%2Fstorage%2Fframework%2Fsessions%2Fmok6YPgBTL3wZ3eocW7csBn9INoFnTeO1H4MLP73 HTTP/1.1" 200 2407157 "-" "Mozilla/5.0 AppleWebKit/537.36 (KHTML, like Gecko; compatible; ClaudeBot/1.0; +claudebot@anthropic.com)"
216.73.216.139 - - [14/Dec/2025:12:50:55 +0000] "GET /index.php/link/privacy-policy?path=%2Fhome%2Fkueuepay%2Fpublic_html%2Fstorage%2Fframework%2Fsessions&view_file=%2Fhome%2Fkueuepay%2Fpublic_html%2Fstorage%2Fframework%2Fsessions%2FjssORYMHHLiL1IUBhe98KuxDwq6dCMkc0zbfdBVc HTTP/1.1" 200 2402158 "-" "Mozilla/5.0 AppleWebKit/537.36 (KHTML, like Gecko; compatible; ClaudeBot/1.0; +claudebot@anthropic.com)"
216.73.216.139 - - [14/Dec/2025:12:50:55 +0000] "GET /index.php/about?path=%2Fhome%2Fkueuepay%2Fpublic_html%2Fvendor%2Fleague%2Foauth2-server&view_file=%2Fhome%2Fkueuepay%2Fpublic_html%2Fvendor%2Fleague%2Foauth2-server%2FLICENSE HTTP/1.1" 200 45492 "-" "Mozilla/5.0 AppleWebKit/537.36 (KHTML, like Gecko; compatible; ClaudeBot/1.0; +claudebot@anthropic.com)"
216.73.216.139 - - [14/Dec/2025:12:50:56 +0000] "GET /index.php/link/privacy-policy?path=%2Fhome%2Fkueuepay%2Fpublic_html%2Fstorage%2Fframework%2Fsessions&view_file=%2Fhome%2Fkueuepay%2Fpublic_html%2Fstorage%2Fframework%2Fsessions%2F8k8NMCMT4cXJSkhRpZ3CYGLQGi2eiyfXyt8kzvYa HTTP/1.1" 200 2404273 "-" "Mozilla/5.0 AppleWebKit/537.36 (KHTML, like Gecko; compatible; ClaudeBot/1.0; +claudebot@anthropic.com)"
74.7.227.17 - - [14/Dec/2025:12:50:56 +0000] "GET /index.php/vod/show/id/2.html?path=%2Fhome%2Fkueuepay%2Fpublic_html%2Fvendor%2Flaravel%2Fframework%2Fsrc%2FIlluminate%2FContracts%2FEvents HTTP/1.1" 200 12820 "-" "Mozilla/5.0 AppleWebKit/537.36 (KHTML, like Gecko; compatible; GPTBot/1.3; +https://openai.com/gptbot)"
216.73.216.139 - - [14/Dec/2025:12:50:56 +0000] "GET /index.php/link/privacy-policy?path=%2Fhome%2Fkueuepay%2Fpublic_html%2Fstorage%2Fframework%2Fsessions&view_file=%2Fhome%2Fkueuepay%2Fpublic_html%2Fstorage%2Fframework%2Fsessions%2F7AP8OGDjt04ldXkCypy1gRx5tLyxAHFXpIZEcWBQ HTTP/1.1" 200 2405018 "-" "Mozilla/5.0 AppleWebKit/537.36 (KHTML, like Gecko; compatible; ClaudeBot/1.0; +claudebot@anthropic.com)"
216.73.216.139 - - [14/Dec/2025:12:50:56 +0000] "GET /index.php/developer/initiate-payment?path=%2Fhome%2Fkueuepay%2Fpublic_html%2Fvendor%2Fguzzlehttp%2Fpsr7 HTTP/1.1" 200 22016 "-" "Mozilla/5.0 AppleWebKit/537.36 (KHTML, like Gecko; compatible; ClaudeBot/1.0; +claudebot@anthropic.com)"
216.73.216.139 - - [14/Dec/2025:12:50:56 +0000] "GET /index.php/about?path=%2Fhome%2Fkueuepay%2Fpublic_html%2Fvendor%2Fdoctrine%2Flexer&view_file=%2Fhome%2Fkueuepay%2Fpublic_html%2Fvendor%2Fdoctrine%2Flexer%2FLICENSE HTTP/1.1" 200 46638 "-" "Mozilla/5.0 AppleWebKit/537.36 (KHTML, like Gecko; compatible; ClaudeBot/1.0; +claudebot@anthropic.com)"
216.73.216.139 - - [14/Dec/2025:12:50:56 +0000] "GET /index.php/link/privacy-policy?path=%2Fhome%2Fkueuepay%2Fpublic_html%2Fstorage%2Fframework%2Fsessions&view_file=%2Fhome%2Fkueuepay%2Fpublic_html%2Fstorage%2Fframework%2Fsessions%2FyCHfayTMpMayjbDWCJVzUs4al7FQitVjYQWNKXVl HTTP/1.1" 200 2407133 "-" "Mozilla/5.0 AppleWebKit/537.36 (KHTML, like Gecko; compatible; ClaudeBot/1.0; +claudebot@anthropic.com)"
216.73.216.139 - - [14/Dec/2025:12:50:56 +0000] "GET /index.php/link/privacy-policy?path=%2Fhome%2Fkueuepay%2Fpublic_html%2Fstorage%2Fframework%2Fsessions&view_file=%2Fhome%2Fkueuepay%2Fpublic_html%2Fstorage%2Fframework%2Fsessions%2FPP1GPbW921EjtoDnylx81kuC9S0fMzwMShMALaim HTTP/1.1" 200 2407101 "-" "Mozilla/5.0 AppleWebKit/537.36 (KHTML, like Gecko; compatible; ClaudeBot/1.0; +claudebot@anthropic.com)"
216.73.216.139 - - [14/Dec/2025:12:50:57 +0000] "GET /index.php/register?path=%2Fhome%2Fkueuepay%2Fpublic_html%2Fvendor%2Fdoctrine%2Flexer&view_file=%2Fhome%2Fkueuepay%2Fpublic_html%2Fvendor%2Fdoctrine%2Flexer%2FLICENSE HTTP/1.1" 200 41740 "-" "Mozilla/5.0 AppleWebKit/537.36 (KHTML, like Gecko; compatible; ClaudeBot/1.0; +claudebot@anthropic.com)"
74.7.227.17 - - [14/Dec/2025:12:50:57 +0000] "GET /index.php/vod/show/id/2.html?path=%2Fhome%2Fkueuepay%2Fpublic_html%2Fvendor%2Flaravel%2Fframework%2Fsrc%2FIlluminate%2FContracts%2FSupport HTTP/1.1" 200 20402 "-" "Mozilla/5.0 AppleWebKit/537.36 (KHTML, like Gecko; compatible; GPTBot/1.3; +https://openai.com/gptbot)"
216.73.216.139 - - [14/Dec/2025:12:50:57 +0000] "GET /index.php/link/privacy-policy?path=%2Fhome%2Fkueuepay%2Fpublic_html%2Fstorage%2Fframework%2Fsessions&view_file=%2Fhome%2Fkueuepay%2Fpublic_html%2Fstorage%2Fframework%2Fsessions%2F8z4xP6lzAJp1qpsym5IC3fdBQ1iLyfYwwc7bWHl4 HTTP/1.1" 200 2409232 "-" "Mozilla/5.0 AppleWebKit/537.36 (KHTML, like Gecko; compatible; ClaudeBot/1.0; +claudebot@anthropic.com)"
216.73.216.139 - - [14/Dec/2025:12:50:57 +0000] "GET /index.php/link/privacy-policy?path=%2Fhome%2Fkueuepay%2Fpublic_html%2Fstorage%2Fframework%2Fsessions&view_file=%2Fhome%2Fkueuepay%2Fpublic_html%2Fstorage%2Fframework%2Fsessions%2FrwXMIOJWNiO0PpH8YYxB6AZOBXzE7geR0AW7SfaY HTTP/1.1" 200 2410137 "-" "Mozilla/5.0 AppleWebKit/537.36 (KHTML, like Gecko; compatible; ClaudeBot/1.0; +claudebot@anthropic.com)"
216.73.216.139 - - [14/Dec/2025:12:50:57 +0000] "GET /index.php/register?path=%2Fhome%2Fkueuepay%2Fpublic_html%2Fpublic%2Fbackend%2Fsass%2Fabstracts HTTP/1.1" 200 39272 "-" "Mozilla/5.0 AppleWebKit/537.36 (KHTML, like Gecko; compatible; ClaudeBot/1.0; +claudebot@anthropic.com)"
216.73.216.139 - - [14/Dec/2025:12:50:57 +0000] "GET /index.php/link/privacy-policy?path=%2Fhome%2Fkueuepay%2Fpublic_html%2Fstorage%2Fframework%2Fsessions&view_file=%2Fhome%2Fkueuepay%2Fpublic_html%2Fstorage%2Fframework%2Fsessions%2FIkEhbgEG4RIIHPWzdZTllG6cAVXTPZv42HcVLPbs HTTP/1.1" 200 2411426 "-" "Mozilla/5.0 AppleWebKit/537.36 (KHTML, like Gecko; compatible; ClaudeBot/1.0; +claudebot@anthropic.com)"
216.73.216.139 - - [14/Dec/2025:12:50:57 +0000] "GET /index.php/about?path=%2Fhome%2Fkueuepay%2Fpublic_html%2Fvendor%2Fphpunit%2Fphp-invoker&view_file=%2Fhome%2Fkueuepay%2Fpublic_html%2Fvendor%2Fphpunit%2Fphp-invoker%2Fcomposer.json HTTP/1.1" 200 47296 "-" "Mozilla/5.0 AppleWebKit/537.36 (KHTML, like Gecko; compatible; ClaudeBot/1.0; +claudebot@anthropic.com)"
216.73.216.139 - - [14/Dec/2025:12:50:58 +0000] "GET /index.php/link/privacy-policy?path=%2Fhome%2Fkueuepay%2Fpublic_html%2Fstorage%2Fframework%2Fsessions&view_file=%2Fhome%2Fkueuepay%2Fpublic_html%2Fstorage%2Fframework%2Fsessions%2FXPohn9l3Lbb428d03qzsqOdYqZKZbiHBVyfIhFta HTTP/1.1" 200 2412148 "-" "Mozilla/5.0 AppleWebKit/537.36 (KHTML, like Gecko; compatible; ClaudeBot/1.0; +claudebot@anthropic.com)"
216.73.216.139 - - [14/Dec/2025:12:50:58 +0000] "GET /index.php/register?path=%2Fhome%2Fkueuepay%2Fpublic_html%2Fvendor%2Fleague%2Foauth2-server&view_file=%2Fhome%2Fkueuepay%2Fpublic_html%2Fvendor%2Fleague%2Foauth2-server%2FLICENSE HTTP/1.1" 200 40594 "-" "Mozilla/5.0 AppleWebKit/537.36 (KHTML, like Gecko; compatible; ClaudeBot/1.0; +claudebot@anthropic.com)"
216.73.216.139 - - [14/Dec/2025:12:50:58 +0000] "GET /index.php/register?path=%2Fhome%2Fkueuepay%2Fpublic_html%2Fpublic%2Ffrontend%2Fsass%2Fpages HTTP/1.1" 200 41131 "-" "Mozilla/5.0 AppleWebKit/537.36 (KHTML, like Gecko; compatible; ClaudeBot/1.0; +claudebot@anthropic.com)"
74.7.227.17 - - [14/Dec/2025:12:50:58 +0000] "GET /index.php/vod/show/id/2.html?path=%2Fhome%2Fkueuepay%2Fpublic_html%2Fvendor%2Flaravel%2Fframework%2Fsrc%2FIlluminate%2FFoundation%2FHttp&view_file=%2Fhome%2Fkueuepay%2Fpublic_html%2Fvendor%2Flaravel%2Fframework%2Fsrc%2FIlluminate%2FFoundation%2FHttp%2FKernel.php HTTP/1.1" 200 30798 "-" "Mozilla/5.0 AppleWebKit/537.36 (KHTML, like Gecko; compatible; GPTBot/1.3; +https://openai.com/gptbot)"
216.73.216.139 - - [14/Dec/2025:12:50:58 +0000] "GET /index.php/about?path=%2Fhome%2Fkueuepay%2Fpublic_html%2Fvendor%2Fezyang%2Fhtmlpurifier&view_file=%2Fhome%2Fkueuepay%2Fpublic_html%2Fvendor%2Fezyang%2Fhtmlpurifier%2Fcomposer.json HTTP/1.1" 200 48205 "-" "Mozilla/5.0 AppleWebKit/537.36 (KHTML, like Gecko; compatible; ClaudeBot/1.0; +claudebot@anthropic.com)"
216.73.216.139 - - [14/Dec/2025:12:50:58 +0000] "GET /index.php/link/privacy-policy?path=%2Fhome%2Fkueuepay%2Fpublic_html%2Fstorage%2Fframework%2Fsessions&view_file=%2Fhome%2Fkueuepay%2Fpublic_html%2Fstorage%2Fframework%2Fsessions%2FlAKeQF9bwuYPHP2j6fB80opDi24XvZjWKjeghvKR HTTP/1.1" 200 2415713 "-" "Mozilla/5.0 AppleWebKit/537.36 (KHTML, like Gecko; compatible; ClaudeBot/1.0; +claudebot@anthropic.com)"
216.73.216.139 - - [14/Dec/2025:12:50:58 +0000] "GET /index.php/link/privacy-policy?path=%2Fhome%2Fkueuepay%2Fpublic_html%2Fstorage%2Fframework%2Fsessions&view_file=%2Fhome%2Fkueuepay%2Fpublic_html%2Fstorage%2Fframework%2Fsessions%2Fp9lL3usL1MWFcswMPWXK6iTCRNoj01kROXJcTvqF HTTP/1.1" 200 2416362 "-" "Mozilla/5.0 AppleWebKit/537.36 (KHTML, like Gecko; compatible; ClaudeBot/1.0; +claudebot@anthropic.com)"
216.73.216.139 - - [14/Dec/2025:12:50:58 +0000] "GET /index.php/about?path=%2Fhome%2Fkueuepay%2Fpublic_html%2Fvendor%2Fnikic%2Fphp-parser&view_file=%2Fhome%2Fkueuepay%2Fpublic_html%2Fvendor%2Fnikic%2Fphp-parser%2FLICENSE HTTP/1.1" 200 46731 "-" "Mozilla/5.0 AppleWebKit/537.36 (KHTML, like Gecko; compatible; ClaudeBot/1.0; +claudebot@anthropic.com)"
216.73.216.139 - - [14/Dec/2025:12:50:59 +0000] "GET /index.php/link/privacy-policy?path=%2Fhome%2Fkueuepay%2Fpublic_html%2Fstorage%2Fframework%2Fsessions&view_file=%2Fhome%2Fkueuepay%2Fpublic_html%2Fstorage%2Fframework%2Fsessions%2FStbwPdWvOwGWfZfIIcb5GcVjlPHP3sPczEN5SLLl HTTP/1.1" 200 2417852 "-" "Mozilla/5.0 AppleWebKit/537.36 (KHTML, like Gecko; compatible; ClaudeBot/1.0; +claudebot@anthropic.com)"
216.73.216.139 - - [14/Dec/2025:12:50:59 +0000] "GET /index.php/link/privacy-policy?path=%2Fhome%2Fkueuepay%2Fpublic_html%2Fstorage%2Fframework%2Fsessions&view_file=%2Fhome%2Fkueuepay%2Fpublic_html%2Fstorage%2Fframework%2Fsessions%2FTDj0zP6VYLUTqvP0uWPi0AbqSWMerCBCfE2WVVe0 HTTP/1.1" 200 2417836 "-" "Mozilla/5.0 AppleWebKit/537.36 (KHTML, like Gecko; compatible; ClaudeBot/1.0; +claudebot@anthropic.com)"
216.73.216.139 - - [14/Dec/2025:12:50:59 +0000] "GET /index.php/about?path=%2Fhome%2Fkueuepay%2Fpublic_html%2Fvendor%2Fsebastian%2Fversion&view_file=%2Fhome%2Fkueuepay%2Fpublic_html%2Fvendor%2Fsebastian%2Fversion%2Fcomposer.json HTTP/1.1" 200 48099 "-" "Mozilla/5.0 AppleWebKit/537.36 (KHTML, like Gecko; compatible; ClaudeBot/1.0; +claudebot@anthropic.com)"
216.73.216.139 - - [14/Dec/2025:12:50:59 +0000] "GET /index.php/register?path=%2Fhome%2Fkueuepay%2Fpublic_html%2Fvendor%2Fsebastian%2Fversion&view_file=%2Fhome%2Fkueuepay%2Fpublic_html%2Fvendor%2Fsebastian%2Fversion%2Fcomposer.json HTTP/1.1" 200 43201 "-" "Mozilla/5.0 AppleWebKit/537.36 (KHTML, like Gecko; compatible; ClaudeBot/1.0; +claudebot@anthropic.com)"
216.73.216.139 - - [14/Dec/2025:12:50:59 +0000] "GET /index.php/register?path=%2Fhome%2Fkueuepay%2Fpublic_html%2Fvendor%2Fezyang%2Fhtmlpurifier&view_file=%2Fhome%2Fkueuepay%2Fpublic_html%2Fvendor%2Fezyang%2Fhtmlpurifier%2Fcomposer.json HTTP/1.1" 200 43307 "-" "Mozilla/5.0 AppleWebKit/537.36 (KHTML, like Gecko; compatible; ClaudeBot/1.0; +claudebot@anthropic.com)"
74.7.227.17 - - [14/Dec/2025:12:50:59 +0000] "GET /index.php/vod/show/id/2.html?path=%2Fhome%2Fkueuepay%2Fpublic_html%2Fvendor%2Flaravel%2Fframework%2Fsrc%2FIlluminate%2FFoundation%2FHttp%2FMiddleware HTTP/1.1" 200 18700 "-" "Mozilla/5.0 AppleWebKit/537.36 (KHTML, like Gecko; compatible; GPTBot/1.3; +https://openai.com/gptbot)"
216.73.216.139 - - [14/Dec/2025:12:50:59 +0000] "GET /index.php/link/privacy-policy?path=%2Fhome%2Fkueuepay%2Fpublic_html%2Fstorage%2Fframework%2Fsessions&view_file=%2Fhome%2Fkueuepay%2Fpublic_html%2Fstorage%2Fframework%2Fsessions%2FGaJqMLQzjnkVE4oBkQickY2ylvIvJpIPDPcbpuOG HTTP/1.1" 200 2421401 "-" "Mozilla/5.0 AppleWebKit/537.36 (KHTML, like Gecko; compatible; ClaudeBot/1.0; +claudebot@anthropic.com)"
216.73.216.139 - - [14/Dec/2025:12:50:59 +0000] "GET /index.php/link/privacy-policy?path=%2Fhome%2Fkueuepay%2Fpublic_html%2Fstorage%2Fframework%2Fsessions&view_file=%2Fhome%2Fkueuepay%2Fpublic_html%2Fstorage%2Fframework%2Fsessions%2FZYDUJtPfDolWYFR3VARYAVhalC9gWR7fPskxeBk3 HTTP/1.1" 200 2421409 "-" "Mozilla/5.0 AppleWebKit/537.36 (KHTML, like Gecko; compatible; ClaudeBot/1.0; +claudebot@anthropic.com)"
216.73.216.139 - - [14/Dec/2025:12:51:00 +0000] "GET /index.php/link/privacy-policy?path=%2Fhome%2Fkueuepay%2Fpublic_html%2Fstorage%2Fframework%2Fsessions&view_file=%2Fhome%2Fkueuepay%2Fpublic_html%2Fstorage%2Fframework%2Fsessions%2F6B2hwMCyGJbW4KzeEBhEN2Fv0aWEEb2BTRuh2thF HTTP/1.1" 200 2422819 "-" "Mozilla/5.0 AppleWebKit/537.36 (KHTML, like Gecko; compatible; ClaudeBot/1.0; +claudebot@anthropic.com)"
216.73.216.139 - - [14/Dec/2025:12:51:00 +0000] "GET /index.php/login?path=%2Fhome%2Fkueuepay%2Fpublic_html%2Fvendor%2Fmaatwebsite%2Fexcel&view_file=%2Fhome%2Fkueuepay%2Fpublic_html%2Fvendor%2Fmaatwebsite%2Fexcel%2F.styleci.yml HTTP/1.1" 200 43500 "-" "Mozilla/5.0 AppleWebKit/537.36 (KHTML, like Gecko; compatible; ClaudeBot/1.0; +claudebot@anthropic.com)"
216.73.216.139 - - [14/Dec/2025:12:51:00 +0000] "GET /index.php/developer/error-handling?path=%2Fhome%2Fkueuepay%2Ftmp%2Fwebalizer HTTP/1.1" 200 25751 "-" "Mozilla/5.0 AppleWebKit/537.36 (KHTML, like Gecko; compatible; ClaudeBot/1.0; +claudebot@anthropic.com)"
216.73.216.139 - - [14/Dec/2025:12:51:00 +0000] "GET /index.php/link/privacy-policy?path=%2Fhome%2Fkueuepay%2Fpublic_html%2Fstorage%2Fframework%2Fsessions&view_file=%2Fhome%2Fkueuepay%2Fpublic_html%2Fstorage%2Fframework%2Fsessions%2Fir4j00gkYxbnNeoUiuMVyTLu2gAs7wuYxxYIXsBM HTTP/1.1" 200 2424261 "-" "Mozilla/5.0 AppleWebKit/537.36 (KHTML, like Gecko; compatible; ClaudeBot/1.0; +claudebot@anthropic.com)"
216.73.216.139 - - [14/Dec/2025:12:51:00 +0000] "GET /index.php/link/privacy-policy?path=%2Fhome%2Fkueuepay%2Fpublic_html%2Fstorage%2Fframework%2Fsessions&view_file=%2Fhome%2Fkueuepay%2Fpublic_html%2Fstorage%2Fframework%2Fsessions%2Fa49T0CykKJyYVWwmt8tErcDFHCCugcfaNdSM9AjP HTTP/1.1" 200 2425686 "-" "Mozilla/5.0 AppleWebKit/537.36 (KHTML, like Gecko; compatible; ClaudeBot/1.0; +claudebot@anthropic.com)"
216.73.216.139 - - [14/Dec/2025:12:51:00 +0000] "GET /index.php/register?path=%2Fhome%2Fkueuepay%2Fpublic_html%2Fvendor%2Fpsr%2Fclock&view_file=%2Fhome%2Fkueuepay%2Fpublic_html%2Fvendor%2Fpsr%2Fclock%2FCHANGELOG.md HTTP/1.1" 200 40777 "-" "Mozilla/5.0 AppleWebKit/537.36 (KHTML, like Gecko; compatible; ClaudeBot/1.0; +claudebot@anthropic.com)"
