74.7.227.17 - - [14/Dec/2025:12:51:00 +0000] "GET /index.php/vod/show/id/2.html?path=%2Fhome%2Fkueuepay%2Fpublic_html%2Fvendor%2Flaravel%2Fframework%2Fsrc%2FIlluminate%2FContracts%2FSession HTTP/1.1" 200 13103 "-" "Mozilla/5.0 AppleWebKit/537.36 (KHTML, like Gecko; compatible; GPTBot/1.3; +https://openai.com/gptbot)"
216.73.216.139 - - [14/Dec/2025:12:51:01 +0000] "GET /index.php/link/privacy-policy?path=%2Fhome%2Fkueuepay%2Fpublic_html%2Fstorage%2Fframework%2Fsessions&view_file=%2Fhome%2Fkueuepay%2Fpublic_html%2Fstorage%2Fframework%2Fsessions%2F14ICgcQlavAvKzakF0xuakrLJK4f6bSWCBj1rUsr HTTP/1.1" 200 2427089 "-" "Mozilla/5.0 AppleWebKit/537.36 (KHTML, like Gecko; compatible; ClaudeBot/1.0; +claudebot@anthropic.com)"
216.73.216.139 - - [14/Dec/2025:12:51:01 +0000] "GET /index.php/register?path=%2Fhome%2Fkueuepay%2Fpublic_html%2Fvendor%2Fphpunit%2Fphp-invoker&view_file=%2Fhome%2Fkueuepay%2Fpublic_html%2Fvendor%2Fphpunit%2Fphp-invoker%2Fcomposer.json HTTP/1.1" 200 42398 "-" "Mozilla/5.0 AppleWebKit/537.36 (KHTML, like Gecko; compatible; ClaudeBot/1.0; +claudebot@anthropic.com)"
216.73.216.139 - - [14/Dec/2025:12:51:01 +0000] "GET /index.php/link/privacy-policy?path=%2Fhome%2Fkueuepay%2Fpublic_html%2Fstorage%2Fframework%2Fsessions&view_file=%2Fhome%2Fkueuepay%2Fpublic_html%2Fstorage%2Fframework%2Fsessions%2FrNbuB6EbbGbTY883w4HAoNLcmDEodr0lC3VIkKL1 HTTP/1.1" 200 2427818 "-" "Mozilla/5.0 AppleWebKit/537.36 (KHTML, like Gecko; compatible; ClaudeBot/1.0; +claudebot@anthropic.com)"
216.73.216.139 - - [14/Dec/2025:12:51:01 +0000] "GET /index.php/link/privacy-policy?path=%2Fhome%2Fkueuepay%2Fpublic_html%2Fstorage%2Fframework%2Fsessions&view_file=%2Fhome%2Fkueuepay%2Fpublic_html%2Fstorage%2Fframework%2Fsessions%2FtTIaDSsH2gXDiVEB4lULbOJZ2VU2fVFvMBFvARlY HTTP/1.1" 200 2428507 "-" "Mozilla/5.0 AppleWebKit/537.36 (KHTML, like Gecko; compatible; ClaudeBot/1.0; +claudebot@anthropic.com)"
216.73.216.139 - - [14/Dec/2025:12:51:01 +0000] "GET /index.php/link/privacy-policy?path=%2Fhome%2Fkueuepay%2Fpublic_html%2Fstorage%2Fframework%2Fsessions&view_file=%2Fhome%2Fkueuepay%2Fpublic_html%2Fstorage%2Fframework%2Fsessions%2FfcxRpHR1q0YMH1xPLpSdbmIpLpuRyr52VbWpuibw HTTP/1.1" 200 2423556 "-" "Mozilla/5.0 AppleWebKit/537.36 (KHTML, like Gecko; compatible; ClaudeBot/1.0; +claudebot@anthropic.com)"
216.73.216.139 - - [14/Dec/2025:12:51:01 +0000] "GET /index.php/link/privacy-policy?path=%2Fhome%2Fkueuepay%2Fpublic_html%2Fstorage%2Fframework%2Fsessions&view_file=%2Fhome%2Fkueuepay%2Fpublic_html%2Fstorage%2Fframework%2Fsessions%2FKYRH66DWYEW5sm3WAYp5rys76DSmCvFtLmHHaGts HTTP/1.1" 200 2424245 "-" "Mozilla/5.0 AppleWebKit/537.36 (KHTML, like Gecko; compatible; ClaudeBot/1.0; +claudebot@anthropic.com)"
216.73.216.139 - - [14/Dec/2025:12:51:01 +0000] "GET /index.php/register?path=%2Fhome%2Fkueuepay%2Fpublic_html%2Fvendor%2Fnikic%2Fphp-parser&view_file=%2Fhome%2Fkueuepay%2Fpublic_html%2Fvendor%2Fnikic%2Fphp-parser%2FLICENSE HTTP/1.1" 200 41833 "-" "Mozilla/5.0 AppleWebKit/537.36 (KHTML, like Gecko; compatible; ClaudeBot/1.0; +claudebot@anthropic.com)"
74.7.227.17 - - [14/Dec/2025:12:51:01 +0000] "GET /index.php/vod/show/id/2.html?path=%2Fhome%2Fkueuepay%2Fpublic_html%2Fvendor%2Flaravel%2Fframework%2Fsrc%2FIlluminate%2FValidation%2FRules HTTP/1.1" 200 21614 "-" "Mozilla/5.0 AppleWebKit/537.36 (KHTML, like Gecko; compatible; GPTBot/1.3; +https://openai.com/gptbot)"
216.73.216.139 - - [14/Dec/2025:12:51:02 +0000] "GET /index.php/link/privacy-policy?path=%2Fhome%2Fkueuepay%2Fpublic_html%2Fstorage%2Fframework%2Fsessions&view_file=%2Fhome%2Fkueuepay%2Fpublic_html%2Fstorage%2Fframework%2Fsessions%2Fs2MYKmHbsKMS8h3JbV7S3t5it0JqrVrAdQ5Gkwxt HTTP/1.1" 200 2426392 "-" "Mozilla/5.0 AppleWebKit/537.36 (KHTML, like Gecko; compatible; ClaudeBot/1.0; +claudebot@anthropic.com)"
216.73.216.139 - - [14/Dec/2025:12:51:02 +0000] "GET /index.php/about?path=%2Fhome%2Fkueuepay%2Fpublic_html%2Fvendor%2Fpsr%2Flog&view_file=%2Fhome%2Fkueuepay%2Fpublic_html%2Fvendor%2Fpsr%2Flog%2Fcomposer.json HTTP/1.1" 200 45679 "-" "Mozilla/5.0 AppleWebKit/537.36 (KHTML, like Gecko; compatible; ClaudeBot/1.0; +claudebot@anthropic.com)"
216.73.216.139 - - [14/Dec/2025:12:51:02 +0000] "GET /index.php/login?path=%2Fhome%2Fkueuepay%2Fpublic_html%2Fvendor%2Fsrmklive%2Fpaypal%2Flang HTTP/1.1" 200 39531 "-" "Mozilla/5.0 AppleWebKit/537.36 (KHTML, like Gecko; compatible; ClaudeBot/1.0; +claudebot@anthropic.com)"
216.73.216.139 - - [14/Dec/2025:12:51:02 +0000] "GET /index.php/link/privacy-policy?path=%2Fhome%2Fkueuepay%2Fpublic_html%2Fstorage%2Fframework%2Fsessions&view_file=%2Fhome%2Fkueuepay%2Fpublic_html%2Fstorage%2Fframework%2Fsessions%2FHZAuGLvUJQ1TWMMv98v8g9WP3lI4ar5vsgs5jUDT HTTP/1.1" 200 2427841 "-" "Mozilla/5.0 AppleWebKit/537.36 (KHTML, like Gecko; compatible; ClaudeBot/1.0; +claudebot@anthropic.com)"
216.73.216.139 - - [14/Dec/2025:12:51:02 +0000] "GET /index.php/link/privacy-policy?path=%2Fhome%2Fkueuepay%2Fpublic_html%2Fstorage%2Fframework%2Fsessions&view_file=%2Fhome%2Fkueuepay%2Fpublic_html%2Fstorage%2Fframework%2Fsessions%2FaoshyNwAOe5Kj7WLwR1Jz6JpOd0NbddruU7QWIH6 HTTP/1.1" 200 2428554 "-" "Mozilla/5.0 AppleWebKit/537.36 (KHTML, like Gecko; compatible; ClaudeBot/1.0; +claudebot@anthropic.com)"
216.73.216.139 - - [14/Dec/2025:12:51:02 +0000] "GET /index.php/link/privacy-policy?path=%2Fhome%2Fkueuepay%2Fpublic_html%2Fstorage%2Fframework%2Fsessions&view_file=%2Fhome%2Fkueuepay%2Fpublic_html%2Fstorage%2Fframework%2Fsessions%2F2VCt4TL7TC3RlR9jgj2Dw0rfuW2sGl8IZfrOhFey HTTP/1.1" 200 2429973 "-" "Mozilla/5.0 AppleWebKit/537.36 (KHTML, like Gecko; compatible; ClaudeBot/1.0; +claudebot@anthropic.com)"
216.73.216.139 - - [14/Dec/2025:12:51:02 +0000] "GET /index.php/link/privacy-policy?path=%2Fhome%2Fkueuepay%2Fpublic_html%2Fstorage%2Fframework%2Fsessions&view_file=%2Fhome%2Fkueuepay%2Fpublic_html%2Fstorage%2Fframework%2Fsessions%2FAcoBhxaIutngm4hwDLHIXIqgaMptCKglKIKUS5wc HTTP/1.1" 200 2429965 "-" "Mozilla/5.0 AppleWebKit/537.36 (KHTML, like Gecko; compatible; ClaudeBot/1.0; +claudebot@anthropic.com)"
74.7.227.17 - - [14/Dec/2025:12:51:03 +0000] "GET /index.php/vod/show/id/2.html?path=%2Fhome%2Fkueuepay%2Fpublic_html%2Fvendor%2Flaravel%2Fframework%2Fsrc%2FIlluminate%2FContracts%2FRouting HTTP/1.1" 200 15842 "-" "Mozilla/5.0 AppleWebKit/537.36 (KHTML, like Gecko; compatible; GPTBot/1.3; +https://openai.com/gptbot)"
216.73.216.139 - - [14/Dec/2025:12:51:03 +0000] "GET /index.php/link/privacy-policy?path=%2Fhome%2Fkueuepay%2Fpublic_html%2Fstorage%2Fframework%2Fsessions&view_file=%2Fhome%2Fkueuepay%2Fpublic_html%2Fstorage%2Fframework%2Fsessions%2FrH9UNlJ4IDyGSGYrw2YrSOvGplGRcELkvNv8foX3 HTTP/1.1" 200 2431407 "-" "Mozilla/5.0 AppleWebKit/537.36 (KHTML, like Gecko; compatible; ClaudeBot/1.0; +claudebot@anthropic.com)"
216.73.216.139 - - [14/Dec/2025:12:51:03 +0000] "GET /index.php/about?path=%2Fhome%2Fkueuepay%2Fpublic_html%2Fvendor%2Fpsr%2Fclock&view_file=%2Fhome%2Fkueuepay%2Fpublic_html%2Fvendor%2Fpsr%2Fclock%2FCHANGELOG.md HTTP/1.1" 200 45675 "-" "Mozilla/5.0 AppleWebKit/537.36 (KHTML, like Gecko; compatible; ClaudeBot/1.0; +claudebot@anthropic.com)"
216.73.216.139 - - [14/Dec/2025:12:51:03 +0000] "GET /index.php/login?path=%2Fhome%2Fkueuepay%2Fpublic_html%2Fpublic%2Ffrontend%2Fuser&view_file=%2Fhome%2Fkueuepay%2Fpublic_html%2Fpublic%2Ffrontend%2Fuser%2F7892c16b-0c37-4064-828e-55a629ded778.webp HTTP/1.1" 200 58072 "-" "Mozilla/5.0 AppleWebKit/537.36 (KHTML, like Gecko; compatible; ClaudeBot/1.0; +claudebot@anthropic.com)"
216.73.216.139 - - [14/Dec/2025:12:51:03 +0000] "GET /index.php/about?path=%2Fhome%2Fkueuepay%2Fpublic_html%2Fvendor%2Fmaatwebsite%2Fexcel&view_file=%2Fhome%2Fkueuepay%2Fpublic_html%2Fvendor%2Fmaatwebsite%2Fexcel%2FLICENSE HTTP/1.1" 200 49700 "-" "Mozilla/5.0 AppleWebKit/537.36 (KHTML, like Gecko; compatible; ClaudeBot/1.0; +claudebot@anthropic.com)"
216.73.216.139 - - [14/Dec/2025:12:51:03 +0000] "GET /index.php/link/privacy-policy?path=%2Fhome%2Fkueuepay%2Fpublic_html%2Fstorage%2Fframework%2Fsessions&view_file=%2Fhome%2Fkueuepay%2Fpublic_html%2Fstorage%2Fframework%2Fsessions%2FFd8NpkI0Glar9G4dRNcdDmZCtYKiBgFPNDiM9j2P HTTP/1.1" 200 2434323 "-" "Mozilla/5.0 AppleWebKit/537.36 (KHTML, like Gecko; compatible; ClaudeBot/1.0; +claudebot@anthropic.com)"
216.73.216.139 - - [14/Dec/2025:12:51:03 +0000] "GET /index.php/link/privacy-policy?path=%2Fhome%2Fkueuepay%2Fpublic_html%2Fstorage%2Fframework%2Fsessions&view_file=%2Fhome%2Fkueuepay%2Fpublic_html%2Fstorage%2Fframework%2Fsessions%2FT9aQKxWssgRSydv0PFsGsEozCCvqZGoGpKx2zqO8 HTTP/1.1" 200 2435172 "-" "Mozilla/5.0 AppleWebKit/537.36 (KHTML, like Gecko; compatible; ClaudeBot/1.0; +claudebot@anthropic.com)"
216.73.216.139 - - [14/Dec/2025:12:51:03 +0000] "GET /index.php/login?path=%2Fhome%2Fkueuepay%2Fpublic_html%2Fvendor%2Fdoctrine%2Flexer&view_file=%2Fhome%2Fkueuepay%2Fpublic_html%2Fvendor%2Fdoctrine%2Flexer%2FLICENSE HTTP/1.1" 200 41208 "-" "Mozilla/5.0 AppleWebKit/537.36 (KHTML, like Gecko; compatible; ClaudeBot/1.0; +claudebot@anthropic.com)"
216.73.216.139 - - [14/Dec/2025:12:51:04 +0000] "GET /index.php/register?path=%2Fhome%2Fkueuepay%2Fpublic_html%2Fvendor%2Fmaatwebsite%2Fexcel&view_file=%2Fhome%2Fkueuepay%2Fpublic_html%2Fvendor%2Fmaatwebsite%2Fexcel%2FLICENSE HTTP/1.1" 200 44802 "-" "Mozilla/5.0 AppleWebKit/537.36 (KHTML, like Gecko; compatible; ClaudeBot/1.0; +claudebot@anthropic.com)"
74.7.227.17 - - [14/Dec/2025:12:51:04 +0000] "GET /index.php/vod/show/id/2.html?path=%2Fhome%2Fkueuepay%2Fpublic_html%2Fvendor%2Flaravel%2Fframework%2Fsrc%2FIlluminate%2FFoundation%2FHttp%2FExceptions HTTP/1.1" 200 13062 "-" "Mozilla/5.0 AppleWebKit/537.36 (KHTML, like Gecko; compatible; GPTBot/1.3; +https://openai.com/gptbot)"
216.73.216.139 - - [14/Dec/2025:12:51:04 +0000] "GET /index.php/link/privacy-policy?path=%2Fhome%2Fkueuepay%2Fpublic_html%2Fstorage%2Fframework%2Fsessions&view_file=%2Fhome%2Fkueuepay%2Fpublic_html%2Fstorage%2Fframework%2Fsessions%2F4ZXjZDYMsdpbLkraWfL9H9KVQPdY0UCqIJM2NEft HTTP/1.1" 200 2437063 "-" "Mozilla/5.0 AppleWebKit/537.36 (KHTML, like Gecko; compatible; ClaudeBot/1.0; +claudebot@anthropic.com)"
216.73.216.139 - - [14/Dec/2025:12:51:04 +0000] "GET /index.php/login?path=%2Fhome%2Fkueuepay%2Fpublic_html%2Fvendor%2Fleague%2Foauth2-server&view_file=%2Fhome%2Fkueuepay%2Fpublic_html%2Fvendor%2Fleague%2Foauth2-server%2FLICENSE HTTP/1.1" 200 40062 "-" "Mozilla/5.0 AppleWebKit/537.36 (KHTML, like Gecko; compatible; ClaudeBot/1.0; +claudebot@anthropic.com)"
216.73.216.139 - - [14/Dec/2025:12:51:04 +0000] "GET /index.php/developer/initiate-payment?path=%2Fhome%2Fkueuepay%2Fpublic_html%2Fvendor%2Fmockery%2Fmockery HTTP/1.1" 200 25992 "-" "Mozilla/5.0 AppleWebKit/537.36 (KHTML, like Gecko; compatible; ClaudeBot/1.0; +claudebot@anthropic.com)"
216.73.216.139 - - [14/Dec/2025:12:51:04 +0000] "GET /index.php/about?path=%2Fhome%2Fkueuepay%2Fpublic_html%2Fvendor%2Fbrick%2Fmath&view_file=%2Fhome%2Fkueuepay%2Fpublic_html%2Fvendor%2Fbrick%2Fmath%2FLICENSE HTTP/1.1" 200 46000 "-" "Mozilla/5.0 AppleWebKit/537.36 (KHTML, like Gecko; compatible; ClaudeBot/1.0; +claudebot@anthropic.com)"
216.73.216.139 - - [14/Dec/2025:12:51:04 +0000] "GET /index.php/about?path=%2Fhome%2Fkueuepay%2Fpublic_html%2Fvendor%2Ffakerphp%2Ffaker&view_file=%2Fhome%2Fkueuepay%2Fpublic_html%2Fvendor%2Ffakerphp%2Ffaker%2FLICENSE HTTP/1.1" 200 47397 "-" "Mozilla/5.0 AppleWebKit/537.36 (KHTML, like Gecko; compatible; ClaudeBot/1.0; +claudebot@anthropic.com)"
216.73.216.139 - - [14/Dec/2025:12:51:05 +0000] "GET /index.php/link/privacy-policy?path=%2Fhome%2Fkueuepay%2Fpublic_html%2Fstorage%2Fframework%2Fsessions&view_file=%2Fhome%2Fkueuepay%2Fpublic_html%2Fstorage%2Fframework%2Fsessions%2FmZlmcxZLitqcQt8Q6fgd5cNhH1vChLRIHzUUxEw6 HTTP/1.1" 200 2440620 "-" "Mozilla/5.0 AppleWebKit/537.36 (KHTML, like Gecko; compatible; ClaudeBot/1.0; +claudebot@anthropic.com)"
216.73.216.139 - - [14/Dec/2025:12:51:05 +0000] "GET /index.php/link/privacy-policy?path=%2Fhome%2Fkueuepay%2Fpublic_html%2Fstorage%2Fframework%2Fsessions&view_file=%2Fhome%2Fkueuepay%2Fpublic_html%2Fstorage%2Fframework%2Fsessions%2FEddw0XRJkVEVUkMAlHSvBNlKCbDDqZzhDnBghpL9 HTTP/1.1" 200 2440644 "-" "Mozilla/5.0 AppleWebKit/537.36 (KHTML, like Gecko; compatible; ClaudeBot/1.0; +claudebot@anthropic.com)"
74.7.227.17 - - [14/Dec/2025:12:51:05 +0000] "GET /index.php/vod/show/id/2.html?path=%2Fhome%2Fkueuepay%2Fpublic_html%2Fvendor%2Flaravel%2Fframework%2Fsrc%2FIlluminate%2FPagination%2Fresources%2Fviews HTTP/1.1" 200 19456 "-" "Mozilla/5.0 AppleWebKit/537.36 (KHTML, like Gecko; compatible; GPTBot/1.3; +https://openai.com/gptbot)"
216.73.216.139 - - [14/Dec/2025:12:51:05 +0000] "GET /index.php/link/privacy-policy?path=%2Fhome%2Fkueuepay%2Fpublic_html%2Fstorage%2Fframework%2Fsessions&view_file=%2Fhome%2Fkueuepay%2Fpublic_html%2Fstorage%2Fframework%2Fsessions%2FWAsi96b5kAXWYq3Vs5E3thDjnfKZer4hvEpYBy0R HTTP/1.1" 200 2442038 "-" "Mozilla/5.0 AppleWebKit/537.36 (KHTML, like Gecko; compatible; ClaudeBot/1.0; +claudebot@anthropic.com)"
216.73.216.139 - - [14/Dec/2025:12:51:05 +0000] "GET /index.php/register?path=%2Fhome%2Fkueuepay%2Fpublic_html%2Fvendor%2Fsebastian%2Fenvironment&view_file=%2Fhome%2Fkueuepay%2Fpublic_html%2Fvendor%2Fsebastian%2Fenvironment%2Fcomposer.json HTTP/1.1" 200 42100 "-" "Mozilla/5.0 AppleWebKit/537.36 (KHTML, like Gecko; compatible; ClaudeBot/1.0; +claudebot@anthropic.com)"
216.73.216.139 - - [14/Dec/2025:12:51:05 +0000] "GET /index.php/developer/initiate-payment?path=%2Fhome%2Fkueuepay%2Fpublic_html%2Fvendor%2Fegulias%2Femail-validator HTTP/1.1" 200 22167 "-" "Mozilla/5.0 AppleWebKit/537.36 (KHTML, like Gecko; compatible; ClaudeBot/1.0; +claudebot@anthropic.com)"
216.73.216.139 - - [14/Dec/2025:12:51:05 +0000] "GET /index.php/about?path=%2Fhome%2Fkueuepay%2Fpublic_html%2Fvendor%2Fsebastian%2Fenvironment&view_file=%2Fhome%2Fkueuepay%2Fpublic_html%2Fvendor%2Fsebastian%2Fenvironment%2Fcomposer.json HTTP/1.1" 200 46998 "-" "Mozilla/5.0 AppleWebKit/537.36 (KHTML, like Gecko; compatible; ClaudeBot/1.0; +claudebot@anthropic.com)"
216.73.216.139 - - [14/Dec/2025:12:51:06 +0000] "GET /index.php/developer/initiate-payment?path=%2Fhome%2Fkueuepay%2Fpublic_html%2Fvendor%2Fleague%2Fevent HTTP/1.1" 200 20754 "-" "Mozilla/5.0 AppleWebKit/537.36 (KHTML, like Gecko; compatible; ClaudeBot/1.0; +claudebot@anthropic.com)"
216.73.216.139 - - [14/Dec/2025:12:51:06 +0000] "GET /index.php/register?path=%2Fhome%2Fkueuepay%2Fpublic_html%2Fvendor%2Fpsr%2Flog&view_file=%2Fhome%2Fkueuepay%2Fpublic_html%2Fvendor%2Fpsr%2Flog%2Fcomposer.json HTTP/1.1" 200 40781 "-" "Mozilla/5.0 AppleWebKit/537.36 (KHTML, like Gecko; compatible; ClaudeBot/1.0; +claudebot@anthropic.com)"
216.73.216.139 - - [14/Dec/2025:12:51:06 +0000] "GET /index.php/link/privacy-policy?path=%2Fhome%2Fkueuepay%2Fpublic_html%2Fstorage%2Fframework%2Fsessions&view_file=%2Fhome%2Fkueuepay%2Fpublic_html%2Fstorage%2Fframework%2Fsessions%2FTir3EpioL0wEnpa3vZkRpDn4FPCwoZJMfRyEklZp HTTP/1.1" 200 2446348 "-" "Mozilla/5.0 AppleWebKit/537.36 (KHTML, like Gecko; compatible; ClaudeBot/1.0; +claudebot@anthropic.com)"
216.73.216.139 - - [14/Dec/2025:12:51:06 +0000] "GET /index.php/register?path=%2Fhome%2Fkueuepay%2Fpublic_html%2Fvendor%2Fbrick%2Fmath&view_file=%2Fhome%2Fkueuepay%2Fpublic_html%2Fvendor%2Fbrick%2Fmath%2FLICENSE HTTP/1.1" 200 41102 "-" "Mozilla/5.0 AppleWebKit/537.36 (KHTML, like Gecko; compatible; ClaudeBot/1.0; +claudebot@anthropic.com)"
216.73.216.139 - - [14/Dec/2025:12:51:06 +0000] "GET /index.php/about?path=%2Fhome%2Fkueuepay%2Fpublic_html%2Fvendor%2Fpsr%2Fcontainer&view_file=%2Fhome%2Fkueuepay%2Fpublic_html%2Fvendor%2Fpsr%2Fcontainer%2Fcomposer.json HTTP/1.1" 200 46514 "-" "Mozilla/5.0 AppleWebKit/537.36 (KHTML, like Gecko; compatible; ClaudeBot/1.0; +claudebot@anthropic.com)"
74.7.227.17 - - [14/Dec/2025:12:51:06 +0000] "GET /index.php/vod/show/id/2.html?path=%2Fhome%2Fkueuepay%2Fpublic_html%2Fvendor%2Flaravel%2Fframework%2Fsrc%2FIlluminate%2FEncryption HTTP/1.1" 200 15596 "-" "Mozilla/5.0 AppleWebKit/537.36 (KHTML, like Gecko; compatible; GPTBot/1.3; +https://openai.com/gptbot)"
216.73.216.139 - - [14/Dec/2025:12:51:06 +0000] "GET /index.php/login?path=%2Fhome%2Fkueuepay%2Fpublic_html%2Fvendor%2Fezyang%2Fhtmlpurifier&view_file=%2Fhome%2Fkueuepay%2Fpublic_html%2Fvendor%2Fezyang%2Fhtmlpurifier%2Fcomposer.json HTTP/1.1" 200 42775 "-" "Mozilla/5.0 AppleWebKit/537.36 (KHTML, like Gecko; compatible; ClaudeBot/1.0; +claudebot@anthropic.com)"
216.73.216.139 - - [14/Dec/2025:12:51:06 +0000] "GET /index.php/link/privacy-policy?path=%2Fhome%2Fkueuepay%2Fpublic_html%2Fstorage%2Fframework%2Fsessions&view_file=%2Fhome%2Fkueuepay%2Fpublic_html%2Fstorage%2Fframework%2Fsessions%2Fcw3E47h1D7Vsa8OYlVeLmsp2c1ehskSAGnHsCTgh HTTP/1.1" 200 2448455 "-" "Mozilla/5.0 AppleWebKit/537.36 (KHTML, like Gecko; compatible; ClaudeBot/1.0; +claudebot@anthropic.com)"
216.73.216.139 - - [14/Dec/2025:12:51:07 +0000] "GET /index.php/register?path=%2Fhome%2Fkueuepay%2Fpublic_html%2Fvendor%2Fpsr%2Fcontainer&view_file=%2Fhome%2Fkueuepay%2Fpublic_html%2Fvendor%2Fpsr%2Fcontainer%2Fcomposer.json HTTP/1.1" 200 41616 "-" "Mozilla/5.0 AppleWebKit/537.36 (KHTML, like Gecko; compatible; ClaudeBot/1.0; +claudebot@anthropic.com)"
216.73.216.139 - - [14/Dec/2025:12:51:07 +0000] "GET /index.php/login?path=%2Fhome%2Fkueuepay%2Fpublic_html%2Fvendor%2Fphpunit%2Fphp-invoker&view_file=%2Fhome%2Fkueuepay%2Fpublic_html%2Fvendor%2Fphpunit%2Fphp-invoker%2Fcomposer.json HTTP/1.1" 200 41866 "-" "Mozilla/5.0 AppleWebKit/537.36 (KHTML, like Gecko; compatible; ClaudeBot/1.0; +claudebot@anthropic.com)"
216.73.216.139 - - [14/Dec/2025:12:51:07 +0000] "GET /index.php/login?path=%2Fhome%2Fkueuepay%2Fpublic_html%2Fvendor%2Fsebastian%2Fversion&view_file=%2Fhome%2Fkueuepay%2Fpublic_html%2Fvendor%2Fsebastian%2Fversion%2Fcomposer.json HTTP/1.1" 200 42669 "-" "Mozilla/5.0 AppleWebKit/537.36 (KHTML, like Gecko; compatible; ClaudeBot/1.0; +claudebot@anthropic.com)"
216.73.216.139 - - [14/Dec/2025:12:51:07 +0000] "GET /index.php/link/refund-policy?path=%2Fhome%2Fkueuepay%2Fpublic_html%2Fdatabase%2Fseeders%2FUser%2F859811&view_file=%2Fhome%2Fkueuepay%2Fpublic_html%2Fdatabase%2Fseeders%2FUser%2F859811%2F.htaccess HTTP/1.1" 200 39275 "-" "Mozilla/5.0 AppleWebKit/537.36 (KHTML, like Gecko; compatible; ClaudeBot/1.0; +claudebot@anthropic.com)"
216.73.216.139 - - [14/Dec/2025:12:51:07 +0000] "GET /index.php/register?path=%2Fhome%2Fkueuepay%2Fpublic_html%2Fvendor%2Ffakerphp%2Ffaker&view_file=%2Fhome%2Fkueuepay%2Fpublic_html%2Fvendor%2Ffakerphp%2Ffaker%2FLICENSE HTTP/1.1" 200 42499 "-" "Mozilla/5.0 AppleWebKit/537.36 (KHTML, like Gecko; compatible; ClaudeBot/1.0; +claudebot@anthropic.com)"
216.73.216.139 - - [14/Dec/2025:12:51:07 +0000] "GET /index.php/link/privacy-policy?path=%2Fhome%2Fkueuepay%2Fpublic_html%2Fstorage%2Fframework%2Fsessions&view_file=%2Fhome%2Fkueuepay%2Fpublic_html%2Fstorage%2Fframework%2Fsessions%2FNFlWWAqP62oQLmBH3cyJJOJev1seoOYFVeKHCam8 HTTP/1.1" 200 2453470 "-" "Mozilla/5.0 AppleWebKit/537.36 (KHTML, like Gecko; compatible; ClaudeBot/1.0; +claudebot@anthropic.com)"
216.73.216.139 - - [14/Dec/2025:12:51:07 +0000] "GET /index.php/login?path=%2Fhome%2Fkueuepay%2Fpublic_html%2Fvendor%2Fnikic%2Fphp-parser&view_file=%2Fhome%2Fkueuepay%2Fpublic_html%2Fvendor%2Fnikic%2Fphp-parser%2FLICENSE HTTP/1.1" 200 41301 "-" "Mozilla/5.0 AppleWebKit/537.36 (KHTML, like Gecko; compatible; ClaudeBot/1.0; +claudebot@anthropic.com)"
74.7.227.17 - - [14/Dec/2025:12:51:07 +0000] "GET /index.php/vod/show/id/2.html?path=%2Fhome%2Fkueuepay%2Fpublic_html%2Fvendor%2Flaravel%2Fsail%2Fstubs HTTP/1.1" 200 19862 "-" "Mozilla/5.0 AppleWebKit/537.36 (KHTML, like Gecko; compatible; GPTBot/1.3; +https://openai.com/gptbot)"
216.73.216.139 - - [14/Dec/2025:12:51:07 +0000] "GET /index.php/login?path=%2Fhome%2Fkueuepay%2Fpublic_html%2Fpublic%2Fbackend%2Fsass%2Fabstracts HTTP/1.1" 200 38740 "-" "Mozilla/5.0 AppleWebKit/537.36 (KHTML, like Gecko; compatible; ClaudeBot/1.0; +claudebot@anthropic.com)"
216.73.216.139 - - [14/Dec/2025:12:51:08 +0000] "GET /index.php/link/privacy-policy?path=%2Fhome%2Fkueuepay%2Fpublic_html%2Fstorage%2Fframework%2Fsessions&view_file=%2Fhome%2Fkueuepay%2Fpublic_html%2Fstorage%2Fframework%2Fsessions%2FaXsKwgp3WslHXu5H6dYu9vnc5lrMeHuMVUiddEX1 HTTP/1.1" 200 2454936 "-" "Mozilla/5.0 AppleWebKit/537.36 (KHTML, like Gecko; compatible; ClaudeBot/1.0; +claudebot@anthropic.com)"
216.73.216.139 - - [14/Dec/2025:12:51:08 +0000] "GET /index.php/link/privacy-policy?path=%2Fhome%2Fkueuepay%2Fpublic_html%2Fstorage%2Fframework%2Fsessions&view_file=%2Fhome%2Fkueuepay%2Fpublic_html%2Fstorage%2Fframework%2Fsessions%2FZPgoHvWFOhXZ7aBqfjbWaM9cfHWqSmJDgpH6f788 HTTP/1.1" 200 2456306 "-" "Mozilla/5.0 AppleWebKit/537.36 (KHTML, like Gecko; compatible; ClaudeBot/1.0; +claudebot@anthropic.com)"
216.73.216.139 - - [14/Dec/2025:12:51:08 +0000] "GET /index.php/link/privacy-policy?path=%2Fhome%2Fkueuepay%2Fpublic_html%2Fstorage%2Fframework%2Fsessions&view_file=%2Fhome%2Fkueuepay%2Fpublic_html%2Fstorage%2Fframework%2Fsessions%2FCG0XPynG9gxOzG5lhArIPOc45hMv7NsZ7OJaSslI HTTP/1.1" 200 2456362 "-" "Mozilla/5.0 AppleWebKit/537.36 (KHTML, like Gecko; compatible; ClaudeBot/1.0; +claudebot@anthropic.com)"
216.73.216.139 - - [14/Dec/2025:12:51:08 +0000] "GET /index.php/login?path=%2Fhome%2Fkueuepay%2Fpublic_html%2Fpublic%2Ffrontend%2Fsass%2Fpages HTTP/1.1" 200 40599 "-" "Mozilla/5.0 AppleWebKit/537.36 (KHTML, like Gecko; compatible; ClaudeBot/1.0; +claudebot@anthropic.com)"
216.73.216.139 - - [14/Dec/2025:12:51:08 +0000] "GET /index.php/link/privacy-policy?path=%2Fhome%2Fkueuepay%2Fpublic_html%2Fstorage%2Fframework%2Fsessions&view_file=%2Fhome%2Fkueuepay%2Fpublic_html%2Fstorage%2Fframework%2Fsessions%2FMO6MZtVmLr6ftKQNOD4I2MKuMAQG2NlluuWPg7hV HTTP/1.1" 200 2457795 "-" "Mozilla/5.0 AppleWebKit/537.36 (KHTML, like Gecko; compatible; ClaudeBot/1.0; +claudebot@anthropic.com)"
216.73.216.139 - - [14/Dec/2025:12:51:08 +0000] "GET /index.php/developer/prerequisitites?path=%2Fhome%2Fkueuepay%2Fpublic_html%2Fvendor%2Ffilp%2Fwhoops HTTP/1.1" 200 17201 "-" "Mozilla/5.0 AppleWebKit/537.36 (KHTML, like Gecko; compatible; ClaudeBot/1.0; +claudebot@anthropic.com)"
216.73.216.139 - - [14/Dec/2025:12:51:09 +0000] "GET /index.php/link/privacy-policy?path=%2Fhome%2Fkueuepay%2Fpublic_html%2Fstorage%2Fframework%2Fsessions&view_file=%2Fhome%2Fkueuepay%2Fpublic_html%2Fstorage%2Fframework%2Fsessions%2FOOqzyETc2NPf5Gxs2xl1F4zjwhpwGc0x0v6dChjU HTTP/1.1" 200 2459919 "-" "Mozilla/5.0 AppleWebKit/537.36 (KHTML, like Gecko; compatible; ClaudeBot/1.0; +claudebot@anthropic.com)"
74.7.227.17 - - [14/Dec/2025:12:51:09 +0000] "GET /index.php/vod/show/id/2.html?path=%2Fhome%2Fkueuepay%2Fpublic_html%2Fvendor%2Flaravel%2Fsail%2Fsrc HTTP/1.1" 200 12524 "-" "Mozilla/5.0 AppleWebKit/537.36 (KHTML, like Gecko; compatible; GPTBot/1.3; +https://openai.com/gptbot)"
216.73.216.139 - - [14/Dec/2025:12:51:09 +0000] "GET /index.php/link/privacy-policy?path=%2Fhome%2Fkueuepay%2Fpublic_html%2Fstorage%2Fframework%2Fsessions&view_file=%2Fhome%2Fkueuepay%2Fpublic_html%2Fstorage%2Fframework%2Fsessions%2Feg75L6RW1HXee1Gdbszts7gaJWbkXvy5yWiQSC4h HTTP/1.1" 200 2461336 "-" "Mozilla/5.0 AppleWebKit/537.36 (KHTML, like Gecko; compatible; ClaudeBot/1.0; +claudebot@anthropic.com)"
216.73.216.139 - - [14/Dec/2025:12:51:09 +0000] "GET /index.php/developer/prerequisitites?path=%2Fhome%2Fkueuepay%2Fpublic_html%2Fresources%2Fviews%2Fmail-templates HTTP/1.1" 200 14265 "-" "Mozilla/5.0 AppleWebKit/537.36 (KHTML, like Gecko; compatible; ClaudeBot/1.0; +claudebot@anthropic.com)"
216.73.216.139 - - [14/Dec/2025:12:51:09 +0000] "GET /index.php/link/privacy-policy?path=%2Fhome%2Fkueuepay%2Fpublic_html%2Fstorage%2Fframework%2Fsessions&view_file=%2Fhome%2Fkueuepay%2Fpublic_html%2Fstorage%2Fframework%2Fsessions%2FlcemtMqSJlO1HlXgMSw5t6OBUOYoxuys5oLos1dB HTTP/1.1" 200 2458919 "-" "Mozilla/5.0 AppleWebKit/537.36 (KHTML, like Gecko; compatible; ClaudeBot/1.0; +claudebot@anthropic.com)"
216.73.216.139 - - [14/Dec/2025:12:51:09 +0000] "GET /index.php/login?path=%2Fhome%2Fkueuepay%2Fpublic_html%2Fvendor%2Fpsr%2Fclock&view_file=%2Fhome%2Fkueuepay%2Fpublic_html%2Fvendor%2Fpsr%2Fclock%2FCHANGELOG.md HTTP/1.1" 200 40245 "-" "Mozilla/5.0 AppleWebKit/537.36 (KHTML, like Gecko; compatible; ClaudeBot/1.0; +claudebot@anthropic.com)"
216.73.216.139 - - [14/Dec/2025:12:51:09 +0000] "GET /index.php/link/privacy-policy?path=%2Fhome%2Fkueuepay%2Fpublic_html%2Fstorage%2Fframework%2Fsessions&view_file=%2Fhome%2Fkueuepay%2Fpublic_html%2Fstorage%2Fframework%2Fsessions%2FTFWuA3JX2oKbEUPRkCFvoNzWkySKOq1TUR5ZX6t3 HTTP/1.1" 200 2463476 "-" "Mozilla/5.0 AppleWebKit/537.36 (KHTML, like Gecko; compatible; ClaudeBot/1.0; +claudebot@anthropic.com)"
74.7.227.17 - - [14/Dec/2025:12:51:10 +0000] "GET /index.php/vod/show/id/2.html?path=%2Fhome%2Fkueuepay%2Fpublic_html%2Fvendor%2Flaravel%2Fframework%2Fsrc%2FIlluminate%2FRouting%2FControllers HTTP/1.1" 200 13598 "-" "Mozilla/5.0 AppleWebKit/537.36 (KHTML, like Gecko; compatible; GPTBot/1.3; +https://openai.com/gptbot)"
216.73.216.139 - - [14/Dec/2025:12:51:10 +0000] "GET /index.php/link/privacy-policy?path=%2Fhome%2Fkueuepay%2Fpublic_html%2Fstorage%2Fframework%2Fsessions&view_file=%2Fhome%2Fkueuepay%2Fpublic_html%2Fstorage%2Fframework%2Fsessions%2FD2EPkVGJ4GAsSjVIoKoKtpnUAI0BGUtXjm3jEZeu HTTP/1.1" 200 2464878 "-" "Mozilla/5.0 AppleWebKit/537.36 (KHTML, like Gecko; compatible; ClaudeBot/1.0; +claudebot@anthropic.com)"
216.73.216.139 - - [14/Dec/2025:12:51:10 +0000] "GET /index.php/link/privacy-policy?path=%2Fhome%2Fkueuepay%2Fpublic_html%2Fstorage%2Fframework%2Fsessions&view_file=%2Fhome%2Fkueuepay%2Fpublic_html%2Fstorage%2Fframework%2Fsessions%2FQEwTp2eE64oyiHt0TSOfBG2fD9CYfAgAJ7xpSQmE HTTP/1.1" 200 2465583 "-" "Mozilla/5.0 AppleWebKit/537.36 (KHTML, like Gecko; compatible; ClaudeBot/1.0; +claudebot@anthropic.com)"
216.73.216.139 - - [14/Dec/2025:12:51:10 +0000] "GET /index.php/link/privacy-policy?path=%2Fhome%2Fkueuepay%2Fpublic_html%2Fstorage%2Fframework%2Fsessions&view_file=%2Fhome%2Fkueuepay%2Fpublic_html%2Fstorage%2Fframework%2Fsessions%2FgA61xe4MsMu2EPgRG0rlL46MjOQC2YohOulh2Xff HTTP/1.1" 200 2463204 "-" "Mozilla/5.0 AppleWebKit/537.36 (KHTML, like Gecko; compatible; ClaudeBot/1.0; +claudebot@anthropic.com)"
216.73.216.139 - - [14/Dec/2025:12:51:10 +0000] "GET /index.php/link/privacy-policy?path=%2Fhome%2Fkueuepay%2Fpublic_html%2Fstorage%2Fframework%2Fsessions&view_file=%2Fhome%2Fkueuepay%2Fpublic_html%2Fstorage%2Fframework%2Fsessions%2FdH3sSWsTBP2ynCEfgNWXnbQ5IeWcfray9z0IEF2T HTTP/1.1" 200 2466352 "-" "Mozilla/5.0 AppleWebKit/537.36 (KHTML, like Gecko; compatible; ClaudeBot/1.0; +claudebot@anthropic.com)"
216.73.216.139 - - [14/Dec/2025:12:51:10 +0000] "GET /index.php/link/privacy-policy?path=%2Fhome%2Fkueuepay%2Fpublic_html%2Fstorage%2Fframework%2Fsessions&view_file=%2Fhome%2Fkueuepay%2Fpublic_html%2Fstorage%2Fframework%2Fsessions%2FfDvphsaNfFrgTCRe8vbUrpRDPb1qQpxC5zFJ3jZt HTTP/1.1" 200 2466320 "-" "Mozilla/5.0 AppleWebKit/537.36 (KHTML, like Gecko; compatible; ClaudeBot/1.0; +claudebot@anthropic.com)"
66.249.69.229 - - [14/Dec/2025:12:51:10 +0000] "GET /261202553.shtml HTTP/1.1" 200 163976 "-" "Mozilla/5.0 (Linux; Android 6.0.1; Nexus 5X Build/MMB29P) AppleWebKit/537.36 (KHTML, like Gecko) Chrome/141.0.7390.122 Mobile Safari/537.36 (compatible; Googlebot/2.1; +http://www.google.com/bot.html)"
216.73.216.139 - - [14/Dec/2025:12:51:10 +0000] "GET /index.php/developer/initiate-payment?path=%2Fhome%2Fkueuepay%2Fpublic_html%2Fresources%2Fviews%2Ferrors HTTP/1.1" 200 26881 "-" "Mozilla/5.0 AppleWebKit/537.36 (KHTML, like Gecko; compatible; ClaudeBot/1.0; +claudebot@anthropic.com)"
74.7.227.17 - - [14/Dec/2025:12:51:11 +0000] "GET /index.php/vod/show/id/2.html?path=%2Fhome%2Fkueuepay%2Fpublic_html%2Fvendor%2Flaravel%2Fframework%2Fsrc%2FIlluminate%2FValidation%2FConcerns HTTP/1.1" 200 15191 "-" "Mozilla/5.0 AppleWebKit/537.36 (KHTML, like Gecko; compatible; GPTBot/1.3; +https://openai.com/gptbot)"
216.73.216.139 - - [14/Dec/2025:12:51:11 +0000] "GET /index.php/link/privacy-policy?path=%2Fhome%2Fkueuepay%2Fpublic_html%2Fstorage%2Fframework%2Fsessions&view_file=%2Fhome%2Fkueuepay%2Fpublic_html%2Fstorage%2Fframework%2Fsessions%2FVzPwTHb8EnaZFca7IXRJhHyMOCXi3ip2kToFdh9A HTTP/1.1" 200 2468443 "-" "Mozilla/5.0 AppleWebKit/537.36 (KHTML, like Gecko; compatible; ClaudeBot/1.0; +claudebot@anthropic.com)"
216.73.216.139 - - [14/Dec/2025:12:51:11 +0000] "GET /index.php/link/privacy-policy?path=%2Fhome%2Fkueuepay%2Fpublic_html%2Fstorage%2Fframework%2Fsessions&view_file=%2Fhome%2Fkueuepay%2Fpublic_html%2Fstorage%2Fframework%2Fsessions%2FbrCwinh5ceLn4k7ruUbZMmcASZFIr1XSXOuAIldF HTTP/1.1" 200 2468451 "-" "Mozilla/5.0 AppleWebKit/537.36 (KHTML, like Gecko; compatible; ClaudeBot/1.0; +claudebot@anthropic.com)"
216.73.216.139 - - [14/Dec/2025:12:51:11 +0000] "GET /index.php/link/privacy-policy?path=%2Fhome%2Fkueuepay%2Fpublic_html%2Fstorage%2Fframework%2Fsessions&view_file=%2Fhome%2Fkueuepay%2Fpublic_html%2Fstorage%2Fframework%2Fsessions%2FrWx90Lb5I2pPERc4ypv5kbX8wKrFjNcof25Qo2eB HTTP/1.1" 200 2469204 "-" "Mozilla/5.0 AppleWebKit/537.36 (KHTML, like Gecko; compatible; ClaudeBot/1.0; +claudebot@anthropic.com)"
216.73.216.139 - - [14/Dec/2025:12:51:11 +0000] "GET /index.php/link/privacy-policy?path=%2Fhome%2Fkueuepay%2Fpublic_html%2Fstorage%2Fframework%2Fsessions&view_file=%2Fhome%2Fkueuepay%2Fpublic_html%2Fstorage%2Fframework%2Fsessions%2F0X2CqSKqiUHsr14yPx98iixlI57NwQgsYnBESes6 HTTP/1.1" 200 2460647 "-" "Mozilla/5.0 AppleWebKit/537.36 (KHTML, like Gecko; compatible; ClaudeBot/1.0; +claudebot@anthropic.com)"
216.73.216.139 - - [14/Dec/2025:12:51:11 +0000] "GET /index.php/link/privacy-policy?path=%2Fhome%2Fkueuepay%2Fpublic_html%2Fstorage%2Fframework%2Fsessions&view_file=%2Fhome%2Fkueuepay%2Fpublic_html%2Fstorage%2Fframework%2Fsessions%2Fnv55ShLI0i77kzVsniw10U0EZj4PX8p8YTio2Za2 HTTP/1.1" 200 2460600 "-" "Mozilla/5.0 AppleWebKit/537.36 (KHTML, like Gecko; compatible; ClaudeBot/1.0; +claudebot@anthropic.com)"
216.73.216.139 - - [14/Dec/2025:12:51:11 +0000] "GET /index.php/login?path=%2Fhome%2Fkueuepay%2Fpublic_html%2Fvendor%2Fmaatwebsite%2Fexcel&view_file=%2Fhome%2Fkueuepay%2Fpublic_html%2Fvendor%2Fmaatwebsite%2Fexcel%2FLICENSE HTTP/1.1" 200 44270 "-" "Mozilla/5.0 AppleWebKit/537.36 (KHTML, like Gecko; compatible; ClaudeBot/1.0; +claudebot@anthropic.com)"
216.73.216.139 - - [14/Dec/2025:12:51:11 +0000] "GET /index.php/login?path=%2Fhome%2Fkueuepay%2Fpublic_html%2Fvendor%2Fpsr%2Flog&view_file=%2Fhome%2Fkueuepay%2Fpublic_html%2Fvendor%2Fpsr%2Flog%2Fcomposer.json HTTP/1.1" 200 40249 "-" "Mozilla/5.0 AppleWebKit/537.36 (KHTML, like Gecko; compatible; ClaudeBot/1.0; +claudebot@anthropic.com)"
216.73.216.139 - - [14/Dec/2025:12:51:12 +0000] "GET /index.php/link/privacy-policy?path=%2Fhome%2Fkueuepay%2Fpublic_html%2Fstorage%2Fframework%2Fsessions&view_file=%2Fhome%2Fkueuepay%2Fpublic_html%2Fstorage%2Fframework%2Fsessions%2FhRl6yJheTsrWyLnFEdFZ0YF5gTWucRh1XRKphVHP HTTP/1.1" 200 2463500 "-" "Mozilla/5.0 AppleWebKit/537.36 (KHTML, like Gecko; compatible; ClaudeBot/1.0; +claudebot@anthropic.com)"
216.73.216.139 - - [14/Dec/2025:12:51:12 +0000] "GET /index.php/login?path=%2Fhome%2Fkueuepay%2Fpublic_html%2Fvendor%2Fsebastian%2Fenvironment&view_file=%2Fhome%2Fkueuepay%2Fpublic_html%2Fvendor%2Fsebastian%2Fenvironment%2Fcomposer.json HTTP/1.1" 200 41568 "-" "Mozilla/5.0 AppleWebKit/537.36 (KHTML, like Gecko; compatible; ClaudeBot/1.0; +claudebot@anthropic.com)"
216.73.216.139 - - [14/Dec/2025:12:51:12 +0000] "GET /index.php/register?path=%2Fhome%2Fkueuepay%2Fpublic_html%2Fvendor%2Fsrmklive%2Fpaypal&view_file=%2Fhome%2Fkueuepay%2Fpublic_html%2Fvendor%2Fsrmklive%2Fpaypal%2F.scrutinizer.yml HTTP/1.1" 200 49428 "-" "Mozilla/5.0 AppleWebKit/537.36 (KHTML, like Gecko; compatible; ClaudeBot/1.0; +claudebot@anthropic.com)"
74.7.227.17 - - [14/Dec/2025:12:51:12 +0000] "GET /index.php/vod/show/id/2.html?path=%2Fhome%2Fkueuepay%2Fpublic_html%2Fvendor%2Flaravel%2Fframework%2Fsrc%2FIlluminate%2FTesting%2FConstraints HTTP/1.1" 200 16691 "-" "Mozilla/5.0 AppleWebKit/537.36 (KHTML, like Gecko; compatible; GPTBot/1.3; +https://openai.com/gptbot)"
216.73.216.139 - - [14/Dec/2025:12:51:12 +0000] "GET /index.php/link/privacy-policy?path=%2Fhome%2Fkueuepay%2Fpublic_html%2Fstorage%2Fframework%2Fsessions&view_file=%2Fhome%2Fkueuepay%2Fpublic_html%2Fstorage%2Fframework%2Fsessions%2FyMkCnrnuTCP48ns7C6tusdiSyn9MgnZBDFPHl3Pj HTTP/1.1" 200 2465599 "-" "Mozilla/5.0 AppleWebKit/537.36 (KHTML, like Gecko; compatible; ClaudeBot/1.0; +claudebot@anthropic.com)"
216.73.216.139 - - [14/Dec/2025:12:51:12 +0000] "GET /index.php/login?path=%2Fhome%2Fkueuepay%2Fpublic_html%2Fvendor%2Fbrick%2Fmath&view_file=%2Fhome%2Fkueuepay%2Fpublic_html%2Fvendor%2Fbrick%2Fmath%2FLICENSE HTTP/1.1" 200 40570 "-" "Mozilla/5.0 AppleWebKit/537.36 (KHTML, like Gecko; compatible; ClaudeBot/1.0; +claudebot@anthropic.com)"
216.73.216.139 - - [14/Dec/2025:12:51:12 +0000] "GET /index.php/link/privacy-policy?path=%2Fhome%2Fkueuepay%2Fpublic_html%2Fstorage%2Fframework%2Fsessions&view_file=%2Fhome%2Fkueuepay%2Fpublic_html%2Fstorage%2Fframework%2Fsessions%2FvGkAhnRzQMYwIOPbFcq0d4zJp6iJVwzIHlVYgYjh HTTP/1.1" 200 2467065 "-" "Mozilla/5.0 AppleWebKit/537.36 (KHTML, like Gecko; compatible; ClaudeBot/1.0; +claudebot@anthropic.com)"
216.73.216.139 - - [14/Dec/2025:12:51:13 +0000] "GET /index.php/link/privacy-policy?path=%2Fhome%2Fkueuepay%2Fpublic_html%2Fstorage%2Fframework%2Fsessions&view_file=%2Fhome%2Fkueuepay%2Fpublic_html%2Fstorage%2Fframework%2Fsessions%2FhOLZGtOScFxT2E95TzxtbrLS9FcIrQOGxHECLSgg HTTP/1.1" 200 2467033 "-" "Mozilla/5.0 AppleWebKit/537.36 (KHTML, like Gecko; compatible; ClaudeBot/1.0; +claudebot@anthropic.com)"
216.73.216.139 - - [14/Dec/2025:12:51:13 +0000] "GET /index.php/link/privacy-policy?path=%2Fhome%2Fkueuepay%2Fpublic_html%2Fstorage%2Fframework%2Fsessions&view_file=%2Fhome%2Fkueuepay%2Fpublic_html%2Fstorage%2Fframework%2Fsessions%2FHwrKFU1aMDb8MYbGEP3wLHMueWAhCCWElNKs86Ga HTTP/1.1" 200 2467746 "-" "Mozilla/5.0 AppleWebKit/537.36 (KHTML, like Gecko; compatible; ClaudeBot/1.0; +claudebot@anthropic.com)"
216.73.216.139 - - [14/Dec/2025:12:51:13 +0000] "GET /index.php/about?path=%2Fhome%2Fkueuepay%2Fpublic_html%2Fvendor%2Fsrmklive%2Fpaypal&view_file=%2Fhome%2Fkueuepay%2Fpublic_html%2Fvendor%2Fsrmklive%2Fpaypal%2F.scrutinizer.yml HTTP/1.1" 200 54326 "-" "Mozilla/5.0 AppleWebKit/537.36 (KHTML, like Gecko; compatible; ClaudeBot/1.0; +claudebot@anthropic.com)"
216.73.216.139 - - [14/Dec/2025:12:51:13 +0000] "GET /index.php/login?path=%2Fhome%2Fkueuepay%2Fpublic_html%2Fvendor%2Ffakerphp%2Ffaker&view_file=%2Fhome%2Fkueuepay%2Fpublic_html%2Fvendor%2Ffakerphp%2Ffaker%2FLICENSE HTTP/1.1" 200 41967 "-" "Mozilla/5.0 AppleWebKit/537.36 (KHTML, like Gecko; compatible; ClaudeBot/1.0; +claudebot@anthropic.com)"
216.73.216.139 - - [14/Dec/2025:12:51:13 +0000] "GET /index.php/developer/initiate-payment?path=%2Fhome%2Fkueuepay%2Fpublic_html%2Fvendor%2Fmonolog%2Fmonolog HTTP/1.1" 200 22624 "-" "Mozilla/5.0 AppleWebKit/537.36 (KHTML, like Gecko; compatible; ClaudeBot/1.0; +claudebot@anthropic.com)"
216.73.216.139 - - [14/Dec/2025:12:51:13 +0000] "GET /index.php/login?path=%2Fhome%2Fkueuepay%2Fpublic_html%2Fvendor%2Fpsr%2Fcontainer&view_file=%2Fhome%2Fkueuepay%2Fpublic_html%2Fvendor%2Fpsr%2Fcontainer%2Fcomposer.json HTTP/1.1" 200 41084 "-" "Mozilla/5.0 AppleWebKit/537.36 (KHTML, like Gecko; compatible; ClaudeBot/1.0; +claudebot@anthropic.com)"
216.73.216.139 - - [14/Dec/2025:12:51:13 +0000] "GET /index.php/link/privacy-policy?path=%2Fhome%2Fkueuepay%2Fpublic_html%2Fstorage%2Fframework%2Fsessions&view_file=%2Fhome%2Fkueuepay%2Fpublic_html%2Fstorage%2Fframework%2Fsessions%2FsD7ApPo7IOl4XZDrf87E9fb3v5KcKNofWd649X6G HTTP/1.1" 200 2471463 "-" "Mozilla/5.0 AppleWebKit/537.36 (KHTML, like Gecko; compatible; ClaudeBot/1.0; +claudebot@anthropic.com)"
74.7.227.17 - - [14/Dec/2025:12:51:13 +0000] "GET /index.php/vod/show/id/2.html?path=%2Fhome%2Fkueuepay%2Fpublic_html%2Fvendor%2Flaravel%2Fframework%2Fsrc%2FIlluminate%2FContracts%2FSession%2FMiddleware HTTP/1.1" 200 13068 "-" "Mozilla/5.0 AppleWebKit/537.36 (KHTML, like Gecko; compatible; GPTBot/1.3; +https://openai.com/gptbot)"
216.73.216.139 - - [14/Dec/2025:12:51:13 +0000] "GET /index.php/link/privacy-policy?path=%2Fhome%2Fkueuepay%2Fpublic_html%2Fstorage%2Fframework%2Fsessions&view_file=%2Fhome%2Fkueuepay%2Fpublic_html%2Fstorage%2Fframework%2Fsessions%2FBatPcXEOf01hYbSUNXXaHTdzPDqS8e8RRCURjSBG HTTP/1.1" 200 2472721 "-" "Mozilla/5.0 AppleWebKit/537.36 (KHTML, like Gecko; compatible; ClaudeBot/1.0; +claudebot@anthropic.com)"
216.73.216.139 - - [14/Dec/2025:12:51:14 +0000] "GET /index.php/about?path=%2Fhome%2Fkueuepay%2Fpublic_html%2Fvendor%2Ffruitcake%2Fphp-cors&view_file=%2Fhome%2Fkueuepay%2Fpublic_html%2Fvendor%2Ffruitcake%2Fphp-cors%2Fcomposer.json HTTP/1.1" 200 47182 "-" "Mozilla/5.0 AppleWebKit/537.36 (KHTML, like Gecko; compatible; ClaudeBot/1.0; +claudebot@anthropic.com)"
216.73.216.139 - - [14/Dec/2025:12:51:14 +0000] "GET /index.php/developer/initiate-payment?path=%2Fhome%2Fkueuepay%2Fpublic_html%2Fvendor%2Fjenssegers%2Fagent HTTP/1.1" 200 21422 "-" "Mozilla/5.0 AppleWebKit/537.36 (KHTML, like Gecko; compatible; ClaudeBot/1.0; +claudebot@anthropic.com)"
216.73.216.139 - - [14/Dec/2025:12:51:14 +0000] "GET /index.php/link/privacy-policy?path=%2Fhome%2Fkueuepay%2Fpublic_html%2Fstorage%2Fframework%2Fsessions&view_file=%2Fhome%2Fkueuepay%2Fpublic_html%2Fstorage%2Fframework%2Fsessions%2FVR3u0rKRob5pGxo1IB41G7kyGrCCqxLDdCSPHUtX HTTP/1.1" 200 2471279 "-" "Mozilla/5.0 AppleWebKit/537.36 (KHTML, like Gecko; compatible; ClaudeBot/1.0; +claudebot@anthropic.com)"
216.73.216.139 - - [14/Dec/2025:12:51:14 +0000] "GET /index.php/password/forgot?path=%2Fhome%2Fkueuepay%2Fpublic_html%2Flang%2Fen%2F153014 HTTP/1.1" 200 21437 "-" "Mozilla/5.0 AppleWebKit/537.36 (KHTML, like Gecko; compatible; ClaudeBot/1.0; +claudebot@anthropic.com)"
216.73.216.139 - - [14/Dec/2025:12:51:14 +0000] "GET /index.php/link/privacy-policy?path=%2Fhome%2Fkueuepay%2Fpublic_html%2Fstorage%2Fframework%2Fsessions&view_file=%2Fhome%2Fkueuepay%2Fpublic_html%2Fstorage%2Fframework%2Fsessions%2FYKYYem6VOp5eKU4eABqJBeGqwK0YAIMaOOaVJJj4 HTTP/1.1" 200 2473458 "-" "Mozilla/5.0 AppleWebKit/537.36 (KHTML, like Gecko; compatible; ClaudeBot/1.0; +claudebot@anthropic.com)"
216.73.216.139 - - [14/Dec/2025:12:51:14 +0000] "GET /index.php/link/privacy-policy?path=%2Fhome%2Fkueuepay%2Fpublic_html%2Fstorage%2Fframework%2Fsessions&view_file=%2Fhome%2Fkueuepay%2Fpublic_html%2Fstorage%2Fframework%2Fsessions%2FFFSuDwcEP0Anp0ZSUXXeqHOnPUG2hSw29nyaWscY HTTP/1.1" 200 2474138 "-" "Mozilla/5.0 AppleWebKit/537.36 (KHTML, like Gecko; compatible; ClaudeBot/1.0; +claudebot@anthropic.com)"
74.7.227.17 - - [14/Dec/2025:12:51:14 +0000] "GET /index.php/vod/show/id/2.html?path=%2Fhome%2Fkueuepay%2Fpublic_html%2Fvendor%2Flaravel%2Fframework%2Fsrc%2FIlluminate%2FValidation%2FRules&view_file=%2Fhome%2Fkueuepay%2Fpublic_html%2Fvendor%2Flaravel%2Fframework%2Fsrc%2FIlluminate%2FValidation%2FRules%2FNotIn.php HTTP/1.1" 200 22706 "-" "Mozilla/5.0 AppleWebKit/537.36 (KHTML, like Gecko; compatible; GPTBot/1.3; +https://openai.com/gptbot)"
216.73.216.139 - - [14/Dec/2025:12:51:15 +0000] "GET /index.php/register?path=%2Fhome%2Fkueuepay%2Fpublic_html%2Fvendor%2Ffruitcake%2Fphp-cors&view_file=%2Fhome%2Fkueuepay%2Fpublic_html%2Fvendor%2Ffruitcake%2Fphp-cors%2Fcomposer.json HTTP/1.1" 200 42284 "-" "Mozilla/5.0 AppleWebKit/537.36 (KHTML, like Gecko; compatible; ClaudeBot/1.0; +claudebot@anthropic.com)"
216.73.216.139 - - [14/Dec/2025:12:51:15 +0000] "GET /index.php/link/privacy-policy?path=%2Fhome%2Fkueuepay%2Fpublic_html%2Fstorage%2Fframework%2Fsessions&view_file=%2Fhome%2Fkueuepay%2Fpublic_html%2Fstorage%2Fframework%2Fsessions%2Ffp8zeb6QRUpJLZEN97meTd2eRC5Qp5tkWyrWs8VR HTTP/1.1" 200 2474884 "-" "Mozilla/5.0 AppleWebKit/537.36 (KHTML, like Gecko; compatible; ClaudeBot/1.0; +claudebot@anthropic.com)"
216.73.216.139 - - [14/Dec/2025:12:51:15 +0000] "GET /index.php/developer/best-practice?path=%2Fhome%2Fkueuepay%2Fpublic_html%2Fresources%2Fviews%2Fpartials HTTP/1.1" 200 15355 "-" "Mozilla/5.0 AppleWebKit/537.36 (KHTML, like Gecko; compatible; ClaudeBot/1.0; +claudebot@anthropic.com)"
216.73.216.139 - - [14/Dec/2025:12:51:15 +0000] "GET /index.php/register?path=%2Fhome%2Fkueuepay%2Fpublic_html%2Fvendor%2Fsebastian%2Fcomparator&view_file=%2Fhome%2Fkueuepay%2Fpublic_html%2Fvendor%2Fsebastian%2Fcomparator%2Fcomposer.json HTTP/1.1" 200 42673 "-" "Mozilla/5.0 AppleWebKit/537.36 (KHTML, like Gecko; compatible; ClaudeBot/1.0; +claudebot@anthropic.com)"
216.73.216.139 - - [14/Dec/2025:12:51:15 +0000] "GET /index.php/link/privacy-policy?path=%2Fhome%2Fkueuepay%2Fpublic_html%2Fstorage%2Fframework%2Fsessions&view_file=%2Fhome%2Fkueuepay%2Fpublic_html%2Fstorage%2Fframework%2Fsessions%2FCcsZSLrwgwcCqii3MFYmf3fe2GpDC0BpsjJm4cBT HTTP/1.1" 200 2477031 "-" "Mozilla/5.0 AppleWebKit/537.36 (KHTML, like Gecko; compatible; ClaudeBot/1.0; +claudebot@anthropic.com)"
216.73.216.139 - - [14/Dec/2025:12:51:15 +0000] "GET /index.php/password/forgot?path=%2Fhome%2Fkueuepay%2Fpublic_html%2Fpublic%2Ffrontend%2Fimages HTTP/1.1" 200 22661 "-" "Mozilla/5.0 AppleWebKit/537.36 (KHTML, like Gecko; compatible; ClaudeBot/1.0; +claudebot@anthropic.com)"
216.73.216.139 - - [14/Dec/2025:12:51:15 +0000] "GET /index.php/about?path=%2Fhome%2Fkueuepay%2Fpublic_html%2Fvendor%2Fsebastian%2Fobject-reflector&view_file=%2Fhome%2Fkueuepay%2Fpublic_html%2Fvendor%2Fsebastian%2Fobject-reflector%2FLICENSE HTTP/1.1" 200 47588 "-" "Mozilla/5.0 AppleWebKit/537.36 (KHTML, like Gecko; compatible; ClaudeBot/1.0; +claudebot@anthropic.com)"
216.73.216.139 - - [14/Dec/2025:12:51:15 +0000] "GET /index.php/link/privacy-policy?path=%2Fhome%2Fkueuepay%2Fpublic_html%2Fstorage%2Fframework%2Fsessions&view_file=%2Fhome%2Fkueuepay%2Fpublic_html%2Fstorage%2Fframework%2Fsessions%2FDbn9ljeJQDXxpgj3f1IInf4Wpj1N6j2mLlPgWDLy HTTP/1.1" 200 2479146 "-" "Mozilla/5.0 AppleWebKit/537.36 (KHTML, like Gecko; compatible; ClaudeBot/1.0; +claudebot@anthropic.com)"
74.7.227.17 - - [14/Dec/2025:12:51:16 +0000] "GET /index.php/vod/show/id/2.html?path=%2Fhome%2Fkueuepay%2Fpublic_html%2Fvendor%2Flaravel%2Fframework%2Fsrc%2FIlluminate%2FFoundation%2FConcerns HTTP/1.1" 200 12866 "-" "Mozilla/5.0 AppleWebKit/537.36 (KHTML, like Gecko; compatible; GPTBot/1.3; +https://openai.com/gptbot)"
216.73.216.139 - - [14/Dec/2025:12:51:16 +0000] "GET /index.php/about?path=%2Fhome%2Fkueuepay%2Fpublic_html%2Fvendor%2Fsebastian%2Fcomparator&view_file=%2Fhome%2Fkueuepay%2Fpublic_html%2Fvendor%2Fsebastian%2Fcomparator%2Fcomposer.json HTTP/1.1" 200 47571 "-" "Mozilla/5.0 AppleWebKit/537.36 (KHTML, like Gecko; compatible; ClaudeBot/1.0; +claudebot@anthropic.com)"
216.73.216.139 - - [14/Dec/2025:12:51:16 +0000] "GET /index.php/link/privacy-policy?path=%2Fhome%2Fkueuepay%2Fpublic_html%2Fstorage%2Fframework%2Fsessions&view_file=%2Fhome%2Fkueuepay%2Fpublic_html%2Fstorage%2Fframework%2Fsessions%2FTlFkWUn2Nf5kKBalLA53mKHXCr32koaMHZHMovZL HTTP/1.1" 200 2480564 "-" "Mozilla/5.0 AppleWebKit/537.36 (KHTML, like Gecko; compatible; ClaudeBot/1.0; +claudebot@anthropic.com)"
216.73.216.139 - - [14/Dec/2025:12:51:16 +0000] "GET /index.php/link/privacy-policy?path=%2Fhome%2Fkueuepay%2Fpublic_html%2Fstorage%2Fframework%2Fsessions&view_file=%2Fhome%2Fkueuepay%2Fpublic_html%2Fstorage%2Fframework%2Fsessions%2F3VzNxt3JYu5OAIO8c9PIoCFRqUByzZ7XqX4jEv3Z HTTP/1.1" 200 2481277 "-" "Mozilla/5.0 AppleWebKit/537.36 (KHTML, like Gecko; compatible; ClaudeBot/1.0; +claudebot@anthropic.com)"
216.73.216.139 - - [14/Dec/2025:12:51:16 +0000] "GET /index.php/register?path=%2Fhome%2Fkueuepay%2Fpublic_html%2Fvendor%2Fsebastian%2Fobject-reflector&view_file=%2Fhome%2Fkueuepay%2Fpublic_html%2Fvendor%2Fsebastian%2Fobject-reflector%2FLICENSE HTTP/1.1" 200 42690 "-" "Mozilla/5.0 AppleWebKit/537.36 (KHTML, like Gecko; compatible; ClaudeBot/1.0; +claudebot@anthropic.com)"
216.73.216.139 - - [14/Dec/2025:12:51:16 +0000] "GET /index.php/link/privacy-policy?path=%2Fhome%2Fkueuepay%2Fpublic_html%2Fstorage%2Fframework%2Fsessions&view_file=%2Fhome%2Fkueuepay%2Fpublic_html%2Fstorage%2Fframework%2Fsessions%2FdmikeYmkf7LLa8zpXW9kSWNUThCPNZx6N8RdKg2D HTTP/1.1" 200 2483408 "-" "Mozilla/5.0 AppleWebKit/537.36 (KHTML, like Gecko; compatible; ClaudeBot/1.0; +claudebot@anthropic.com)"
216.73.216.139 - - [14/Dec/2025:12:51:16 +0000] "GET /index.php/link/privacy-policy?path=%2Fhome%2Fkueuepay%2Fpublic_html%2Fstorage%2Fframework%2Fsessions&view_file=%2Fhome%2Fkueuepay%2Fpublic_html%2Fstorage%2Fframework%2Fsessions%2FLYJLELkfcUEMh9k5LZ7kW2VNyN5Fu1inyXnEpFR3 HTTP/1.1" 200 2483512 "-" "Mozilla/5.0 AppleWebKit/537.36 (KHTML, like Gecko; compatible; ClaudeBot/1.0; +claudebot@anthropic.com)"
216.73.216.139 - - [14/Dec/2025:12:51:16 +0000] "GET /index.php/developer/initiate-payment?path=%2Fhome%2Fkueuepay%2Fpublic_html%2Fresources%2Fviews%2Forder HTTP/1.1" 200 19798 "-" "Mozilla/5.0 AppleWebKit/537.36 (KHTML, like Gecko; compatible; ClaudeBot/1.0; +claudebot@anthropic.com)"
216.73.216.139 - - [14/Dec/2025:12:51:16 +0000] "GET /index.php/developer/best-practice?path=%2Fhome%2Fkueuepay%2Fpublic_html%2Fresources%2Fcss%2F193961 HTTP/1.1" 200 15235 "-" "Mozilla/5.0 AppleWebKit/537.36 (KHTML, like Gecko; compatible; ClaudeBot/1.0; +claudebot@anthropic.com)"
74.7.227.17 - - [14/Dec/2025:12:51:17 +0000] "GET /index.php/vod/show/id/2.html?path=%2Fhome%2Fkueuepay%2Fpublic_html%2Fvendor%2Flaravel%2Fframework%2Fsrc%2FIlluminate%2FTesting%2FFluent%2FConcerns HTTP/1.1" 200 15266 "-" "Mozilla/5.0 AppleWebKit/537.36 (KHTML, like Gecko; compatible; GPTBot/1.3; +https://openai.com/gptbot)"
74.7.227.17 - - [14/Dec/2025:12:51:18 +0000] "GET /index.php/vod/show/id/2.html?path=%2Fhome%2Fkueuepay%2Fpublic_html%2Fvendor%2Flaravel%2Fframework%2Fsrc%2FIlluminate%2FConsole%2Fresources%2Fviews HTTP/1.1" 200 12525 "-" "Mozilla/5.0 AppleWebKit/537.36 (KHTML, like Gecko; compatible; GPTBot/1.3; +https://openai.com/gptbot)"
74.7.227.17 - - [14/Dec/2025:12:51:19 +0000] "GET /index.php/vod/show/id/2.html?path=%2Fhome%2Fkueuepay%2Fpublic_html%2Fvendor%2Flaravel%2Fframework%2Fsrc%2FIlluminate%2FFoundation%2FHttp%2FEvents HTTP/1.1" 200 13004 "-" "Mozilla/5.0 AppleWebKit/537.36 (KHTML, like Gecko; compatible; GPTBot/1.3; +https://openai.com/gptbot)"
74.7.227.17 - - [14/Dec/2025:12:51:20 +0000] "GET /index.php/vod/show/id/2.html?path=%2Fhome%2Fkueuepay%2Fpublic_html%2Fvendor%2Flaravel%2Fframework%2Fsrc%2FIlluminate%2FFoundation%2FAuth%2FAccess HTTP/1.1" 200 13785 "-" "Mozilla/5.0 AppleWebKit/537.36 (KHTML, like Gecko; compatible; GPTBot/1.3; +https://openai.com/gptbot)"
74.7.227.17 - - [14/Dec/2025:12:51:21 +0000] "GET /index.php/vod/show/id/2.html?path=%2Fhome%2Fkueuepay%2Fpublic_html%2Fvendor%2Flaravel%2Fframework%2Fsrc%2FIlluminate%2FHttp%2FClient%2FEvents HTTP/1.1" 200 14504 "-" "Mozilla/5.0 AppleWebKit/537.36 (KHTML, like Gecko; compatible; GPTBot/1.3; +https://openai.com/gptbot)"
74.7.227.17 - - [14/Dec/2025:12:51:22 +0000] "GET /index.php/vod/show/id/2.html?path=%2Fhome%2Fkueuepay%2Fpublic_html%2Fvendor%2Flaravel%2Fframework%2Fsrc%2FIlluminate%2FAuth%2FConsole%2Fstubs HTTP/1.1" 200 12480 "-" "Mozilla/5.0 AppleWebKit/537.36 (KHTML, like Gecko; compatible; GPTBot/1.3; +https://openai.com/gptbot)"
74.7.227.17 - - [14/Dec/2025:12:51:23 +0000] "GET /index.php/vod/show/id/2.html?path=%2Fhome%2Fkueuepay%2Fpublic_html%2Fvendor%2Flaravel%2Fframework%2Fsrc%2FIlluminate%2FAuth%2FAccess%2FEvents HTTP/1.1" 200 12963 "-" "Mozilla/5.0 AppleWebKit/537.36 (KHTML, like Gecko; compatible; GPTBot/1.3; +https://openai.com/gptbot)"
74.7.227.17 - - [14/Dec/2025:12:51:24 +0000] "GET /index.php/vod/show/id/2.html?path=%2Fhome%2Fkueuepay%2Fpublic_html%2Fvendor%2Flaravel%2Fframework%2Fsrc%2FIlluminate%2FSupport%2FTesting%2FFakes HTTP/1.1" 200 19894 "-" "Mozilla/5.0 AppleWebKit/537.36 (KHTML, like Gecko; compatible; GPTBot/1.3; +https://openai.com/gptbot)"
74.7.227.17 - - [14/Dec/2025:12:51:25 +0000] "GET /index.php/vod/show/id/2.html?path=%2Fhome%2Fkueuepay%2Fpublic_html%2Fvendor%2Flaravel%2Fframework%2Fsrc%2FIlluminate%2FMail%2Fresources%2Fviews HTTP/1.1" 200 12770 "-" "Mozilla/5.0 AppleWebKit/537.36 (KHTML, like Gecko; compatible; GPTBot/1.3; +https://openai.com/gptbot)"
74.7.227.17 - - [14/Dec/2025:12:51:26 +0000] "GET /index.php/vod/show/id/2.html?path=%2Fhome%2Fkueuepay%2Fpublic_html%2Fvendor%2Flaravel%2Fframework%2Fsrc%2FIlluminate%2FHttp%2FClient%2FConcerns HTTP/1.1" 200 12998 "-" "Mozilla/5.0 AppleWebKit/537.36 (KHTML, like Gecko; compatible; GPTBot/1.3; +https://openai.com/gptbot)"
74.7.227.17 - - [14/Dec/2025:12:51:27 +0000] "GET /index.php/vod/show/id/2.html?path=%2Fhome%2Fkueuepay%2Fpublic_html%2Fvendor%2Flaravel%2Fframework%2Fsrc%2FIlluminate%2FRouting%2FConsole%2Fstubs HTTP/1.1" 200 22489 "-" "Mozilla/5.0 AppleWebKit/537.36 (KHTML, like Gecko; compatible; GPTBot/1.3; +https://openai.com/gptbot)"
74.7.227.17 - - [14/Dec/2025:12:51:28 +0000] "GET /index.php/vod/show/id/2.html?path=%2Fhome%2Fkueuepay%2Fpublic_html%2Fvendor%2Flaravel%2Fframework%2Fsrc%2FIlluminate%2FContracts%2FAuth%2FAccess HTTP/1.1" 200 13731 "-" "Mozilla/5.0 AppleWebKit/537.36 (KHTML, like Gecko; compatible; GPTBot/1.3; +https://openai.com/gptbot)"
66.249.69.228 - - [14/Dec/2025:12:51:28 +0000] "GET /154485683.shtml HTTP/1.1" 200 158804 "-" "Mozilla/5.0 (Linux; Android 6.0.1; Nexus 5X Build/MMB29P) AppleWebKit/537.36 (KHTML, like Gecko) Chrome/141.0.7390.122 Mobile Safari/537.36 (compatible; Googlebot/2.1; +http://www.google.com/bot.html)"
74.7.227.17 - - [14/Dec/2025:12:51:29 +0000] "GET /index.php/vod/show/id/2.html?path=%2Fhome%2Fkueuepay%2Fpublic_html%2Fvendor%2Flaravel%2Fframework%2Fsrc%2FIlluminate%2FConsole%2Fresources%2Fviews%2Fcomponents HTTP/1.1" 200 15614 "-" "Mozilla/5.0 AppleWebKit/537.36 (KHTML, like Gecko; compatible; GPTBot/1.3; +https://openai.com/gptbot)"
