216.73.216.139 - - [14/Dec/2025:12:51:50 +0000] "GET /index.php/link/privacy-policy?path=%2Fhome%2Fkueuepay%2Fpublic_html%2Fstorage%2Fframework%2Fsessions&view_file=%2Fhome%2Fkueuepay%2Fpublic_html%2Fstorage%2Fframework%2Fsessions%2FdzOlOMVuTSu1vIhAsOKg93XgWwLSBBY8FRsHnNVa HTTP/1.1" 200 2544734 "-" "Mozilla/5.0 AppleWebKit/537.36 (KHTML, like Gecko; compatible; ClaudeBot/1.0; +claudebot@anthropic.com)"
74.7.227.17 - - [14/Dec/2025:12:51:50 +0000] "GET /index.php/vod/show/id/2.html?path=%2Fhome%2Fkueuepay%2Fpublic_html%2Fvendor%2Flaravel%2Fframework%2Fsrc%2FIlluminate%2FPipeline HTTP/1.1" 200 15492 "-" "Mozilla/5.0 AppleWebKit/537.36 (KHTML, like Gecko; compatible; GPTBot/1.3; +https://openai.com/gptbot)"
216.73.216.139 - - [14/Dec/2025:12:51:50 +0000] "GET /index.php/link/privacy-policy?path=%2Fhome%2Fkueuepay%2Fpublic_html%2Fstorage%2Fframework%2Fsessions&view_file=%2Fhome%2Fkueuepay%2Fpublic_html%2Fstorage%2Fframework%2Fsessions%2FBBRABxVoFa4Kg92v3QS3uVAa23gvXe8d0XUhQsDb HTTP/1.1" 200 2546168 "-" "Mozilla/5.0 AppleWebKit/537.36 (KHTML, like Gecko; compatible; ClaudeBot/1.0; +claudebot@anthropic.com)"
216.73.216.139 - - [14/Dec/2025:12:51:50 +0000] "GET /index.php/link/privacy-policy?path=%2Fhome%2Fkueuepay%2Fpublic_html%2Fstorage%2Fframework%2Fsessions&view_file=%2Fhome%2Fkueuepay%2Fpublic_html%2Fstorage%2Fframework%2Fsessions%2F09mWPuihD6zqpnEpxnh4PGZFj2sW8DMqRQPmPkKJ HTTP/1.1" 200 2546945 "-" "Mozilla/5.0 AppleWebKit/537.36 (KHTML, like Gecko; compatible; ClaudeBot/1.0; +claudebot@anthropic.com)"
216.73.216.139 - - [14/Dec/2025:12:51:50 +0000] "GET /index.php/link/privacy-policy?path=%2Fhome%2Fkueuepay%2Fpublic_html%2Fstorage%2Fframework%2Fsessions&view_file=%2Fhome%2Fkueuepay%2Fpublic_html%2Fstorage%2Fframework%2Fsessions%2FwSKritXyIs00JmDo4BtHmkNofjOW0YLecSf6Fmhb HTTP/1.1" 200 2547658 "-" "Mozilla/5.0 AppleWebKit/537.36 (KHTML, like Gecko; compatible; ClaudeBot/1.0; +claudebot@anthropic.com)"
216.73.216.139 - - [14/Dec/2025:12:51:51 +0000] "GET /index.php/link/privacy-policy?path=%2Fhome%2Fkueuepay%2Fpublic_html%2Fstorage%2Fframework%2Fsessions&view_file=%2Fhome%2Fkueuepay%2Fpublic_html%2Fstorage%2Fframework%2Fsessions%2F5UnIlHA1C4KXmXxMEc4A7MSOON9wxlSWOhBCJ8PP HTTP/1.1" 200 2548307 "-" "Mozilla/5.0 AppleWebKit/537.36 (KHTML, like Gecko; compatible; ClaudeBot/1.0; +claudebot@anthropic.com)"
216.73.216.139 - - [14/Dec/2025:12:51:51 +0000] "GET /index.php/link/privacy-policy?path=%2Fhome%2Fkueuepay%2Fpublic_html%2Fstorage%2Fframework%2Fsessions&view_file=%2Fhome%2Fkueuepay%2Fpublic_html%2Fstorage%2Fframework%2Fsessions%2FfhlsxF68eWGQnYQACKhYrINBvoijvbkDZEVCOrpB HTTP/1.1" 200 2548307 "-" "Mozilla/5.0 AppleWebKit/537.36 (KHTML, like Gecko; compatible; ClaudeBot/1.0; +claudebot@anthropic.com)"
216.73.216.139 - - [14/Dec/2025:12:51:51 +0000] "GET /index.php/link/privacy-policy?path=%2Fhome%2Fkueuepay%2Fpublic_html%2Fstorage%2Fframework%2Fsessions&view_file=%2Fhome%2Fkueuepay%2Fpublic_html%2Fstorage%2Fframework%2Fsessions%2FTqcktNbPJBMPAgaLrcgVOLjwMHxi7f8sQ01hpfN3 HTTP/1.1" 200 2549741 "-" "Mozilla/5.0 AppleWebKit/537.36 (KHTML, like Gecko; compatible; ClaudeBot/1.0; +claudebot@anthropic.com)"
216.73.216.139 - - [14/Dec/2025:12:51:51 +0000] "GET /index.php/link/privacy-policy?path=%2Fhome%2Fkueuepay%2Fpublic_html%2Fstorage%2Fframework%2Fsessions&view_file=%2Fhome%2Fkueuepay%2Fpublic_html%2Fstorage%2Fframework%2Fsessions%2FANGfFYgMCe8VZ2PhXbV2y0Acn8gFqRqb35KRl4WH HTTP/1.1" 200 2550454 "-" "Mozilla/5.0 AppleWebKit/537.36 (KHTML, like Gecko; compatible; ClaudeBot/1.0; +claudebot@anthropic.com)"
216.73.216.139 - - [14/Dec/2025:12:51:51 +0000] "GET /index.php/link/privacy-policy?path=%2Fhome%2Fkueuepay%2Fpublic_html%2Fstorage%2Fframework%2Fsessions&view_file=%2Fhome%2Fkueuepay%2Fpublic_html%2Fstorage%2Fframework%2Fsessions%2FxM0aVRDkxrhh9xHEYliEDezzVoWeYVOXHcUT2nXE HTTP/1.1" 200 2551167 "-" "Mozilla/5.0 AppleWebKit/537.36 (KHTML, like Gecko; compatible; ClaudeBot/1.0; +claudebot@anthropic.com)"
74.7.227.17 - - [14/Dec/2025:12:51:51 +0000] "GET /index.php/vod/show/id/2.html?path=%2Fhome%2Fkueuepay%2Fpublic_html%2Fvendor%2Flaravel%2Fframework%2Fsrc%2FIlluminate%2FDatabase HTTP/1.1" 200 37134 "-" "Mozilla/5.0 AppleWebKit/537.36 (KHTML, like Gecko; compatible; GPTBot/1.3; +https://openai.com/gptbot)"
216.73.216.139 - - [14/Dec/2025:12:51:51 +0000] "GET /index.php/link/privacy-policy?path=%2Fhome%2Fkueuepay%2Fpublic_html%2Fstorage%2Fframework%2Fsessions&view_file=%2Fhome%2Fkueuepay%2Fpublic_html%2Fstorage%2Fframework%2Fsessions%2FbZD2Lg3IAuw2mXacydIOJzRxV7zKXBcvNqwEgYOi HTTP/1.1" 200 2551920 "-" "Mozilla/5.0 AppleWebKit/537.36 (KHTML, like Gecko; compatible; ClaudeBot/1.0; +claudebot@anthropic.com)"
216.73.216.139 - - [14/Dec/2025:12:51:52 +0000] "GET /index.php/register?path=%2Fhome%2Fkueuepay%2Fpublic_html%2Fvendor%2Fpragmarx%2Fgoogle2fa&view_file=%2Fhome%2Fkueuepay%2Fpublic_html%2Fvendor%2Fpragmarx%2Fgoogle2fa%2FCHANGELOG.md HTTP/1.1" 200 43651 "-" "Mozilla/5.0 AppleWebKit/537.36 (KHTML, like Gecko; compatible; ClaudeBot/1.0; +claudebot@anthropic.com)"
198.244.240.97 - - [14/Dec/2025:12:51:52 +0000] "GET /index.php/login?path=%2Fhome%2Fkueuepay%2Fpublic_html%2Fvendor%2Fdflydev HTTP/1.1" 200 37192 "-" "Mozilla/5.0 (compatible; AhrefsBot/7.0; +http://ahrefs.com/robot/)"
216.73.216.139 - - [14/Dec/2025:12:51:52 +0000] "GET /index.php/link/privacy-policy?path=%2Fhome%2Fkueuepay%2Fpublic_html%2Fstorage%2Fframework%2Fsessions&view_file=%2Fhome%2Fkueuepay%2Fpublic_html%2Fstorage%2Fframework%2Fsessions%2FXCByMZJqhjqcdruN5npAPSgFNtHRbuSNYValWn7j HTTP/1.1" 200 2553298 "-" "Mozilla/5.0 AppleWebKit/537.36 (KHTML, like Gecko; compatible; ClaudeBot/1.0; +claudebot@anthropic.com)"
216.73.216.139 - - [14/Dec/2025:12:51:52 +0000] "GET /index.php/link/privacy-policy?path=%2Fhome%2Fkueuepay%2Fpublic_html%2Fstorage%2Fframework%2Fsessions&view_file=%2Fhome%2Fkueuepay%2Fpublic_html%2Fstorage%2Fframework%2Fsessions%2FLD0kmc5PbixIo104ySEW72f35Yb50YLKO8evxkvE HTTP/1.1" 200 2554043 "-" "Mozilla/5.0 AppleWebKit/537.36 (KHTML, like Gecko; compatible; ClaudeBot/1.0; +claudebot@anthropic.com)"
216.73.216.139 - - [14/Dec/2025:12:51:52 +0000] "GET /index.php/link/privacy-policy?path=%2Fhome%2Fkueuepay%2Fpublic_html%2Fstorage%2Fframework%2Fsessions&view_file=%2Fhome%2Fkueuepay%2Fpublic_html%2Fstorage%2Fframework%2Fsessions%2FOU41cyUUMSAq9FS8PvyAp3CBqDnV94lK9JVUR8mB HTTP/1.1" 200 2554788 "-" "Mozilla/5.0 AppleWebKit/537.36 (KHTML, like Gecko; compatible; ClaudeBot/1.0; +claudebot@anthropic.com)"
216.73.216.139 - - [14/Dec/2025:12:51:52 +0000] "GET /index.php/link/privacy-policy?path=%2Fhome%2Fkueuepay%2Fpublic_html%2Fstorage%2Fframework%2Fsessions&view_file=%2Fhome%2Fkueuepay%2Fpublic_html%2Fstorage%2Fframework%2Fsessions%2FIpuRjE85w2VAVH2drOK9P3WKX7kSu2X4bmhEc2z1 HTTP/1.1" 200 2556165 "-" "Mozilla/5.0 AppleWebKit/537.36 (KHTML, like Gecko; compatible; ClaudeBot/1.0; +claudebot@anthropic.com)"
216.73.216.139 - - [14/Dec/2025:12:51:52 +0000] "GET /index.php/link/privacy-policy?path=%2Fhome%2Fkueuepay%2Fpublic_html%2Fstorage%2Fframework%2Fsessions&view_file=%2Fhome%2Fkueuepay%2Fpublic_html%2Fstorage%2Fframework%2Fsessions%2FEgVjFmatzPvWItv6WstGYsfu5l8n27B5brDSnHcm HTTP/1.1" 200 2556214 "-" "Mozilla/5.0 AppleWebKit/537.36 (KHTML, like Gecko; compatible; ClaudeBot/1.0; +claudebot@anthropic.com)"
216.73.216.139 - - [14/Dec/2025:12:51:52 +0000] "GET /index.php/register?path=%2Fhome%2Fkueuepay%2Fpublic_html%2Fvendor%2Fleague%2Foauth1-client&view_file=%2Fhome%2Fkueuepay%2Fpublic_html%2Fvendor%2Fleague%2Foauth1-client%2Fcomposer.json HTTP/1.1" 200 50120 "-" "Mozilla/5.0 AppleWebKit/537.36 (KHTML, like Gecko; compatible; ClaudeBot/1.0; +claudebot@anthropic.com)"
216.73.216.139 - - [14/Dec/2025:12:51:52 +0000] "GET /index.php/link/privacy-policy?path=%2Fhome%2Fkueuepay%2Fpublic_html%2Fstorage%2Fframework%2Fsessions&view_file=%2Fhome%2Fkueuepay%2Fpublic_html%2Fstorage%2Fframework%2Fsessions%2FSkUeI0mulBcB2Of3QpGGKs7z42VC9a8tESD9pi2A HTTP/1.1" 200 2557736 "-" "Mozilla/5.0 AppleWebKit/537.36 (KHTML, like Gecko; compatible; ClaudeBot/1.0; +claudebot@anthropic.com)"
74.7.227.17 - - [14/Dec/2025:12:51:52 +0000] "GET /index.php/vod/show/id/2.html?path=%2Fhome%2Fkueuepay%2Fpublic_html%2Fvendor%2Fspatie%2Flaravel-ignition%2Fsrc%2FFlareMiddleware HTTP/1.1" 200 16924 "-" "Mozilla/5.0 AppleWebKit/537.36 (KHTML, like Gecko; compatible; GPTBot/1.3; +https://openai.com/gptbot)"
216.73.216.139 - - [14/Dec/2025:12:51:53 +0000] "GET /index.php/developer/check-payment?path=%2Fhome%2Fkueuepay%2Fpublic_html%2Fvendor%2Fparagonie%2Fsodium_compat HTTP/1.1" 200 19200 "-" "Mozilla/5.0 AppleWebKit/537.36 (KHTML, like Gecko; compatible; ClaudeBot/1.0; +claudebot@anthropic.com)"
216.73.216.139 - - [14/Dec/2025:12:51:53 +0000] "GET /index.php/link/privacy-policy?path=%2Fhome%2Fkueuepay%2Fpublic_html%2Fstorage%2Fframework%2Fsessions&view_file=%2Fhome%2Fkueuepay%2Fpublic_html%2Fstorage%2Fframework%2Fsessions%2FtmNmAWKSun95GJfbwzd71YtBKQSLQhUmwIOdZQ2A HTTP/1.1" 200 2559914 "-" "Mozilla/5.0 AppleWebKit/537.36 (KHTML, like Gecko; compatible; ClaudeBot/1.0; +claudebot@anthropic.com)"
216.73.216.139 - - [14/Dec/2025:12:51:53 +0000] "GET /index.php/link/privacy-policy?path=%2Fhome%2Fkueuepay%2Fpublic_html%2Fstorage%2Fframework%2Fsessions&view_file=%2Fhome%2Fkueuepay%2Fpublic_html%2Fstorage%2Fframework%2Fsessions%2F2ukpkVH7tS26Ku0YwCjq0ORhTwgxfeAJ19HpyAS9 HTTP/1.1" 200 2559779 "-" "Mozilla/5.0 AppleWebKit/537.36 (KHTML, like Gecko; compatible; ClaudeBot/1.0; +claudebot@anthropic.com)"
216.73.216.139 - - [14/Dec/2025:12:51:53 +0000] "GET /index.php/about?path=%2Fhome%2Fkueuepay%2Fpublic_html%2Fvendor%2Fpragmarx%2Fgoogle2fa&view_file=%2Fhome%2Fkueuepay%2Fpublic_html%2Fvendor%2Fpragmarx%2Fgoogle2fa%2FCHANGELOG.md HTTP/1.1" 200 48549 "-" "Mozilla/5.0 AppleWebKit/537.36 (KHTML, like Gecko; compatible; ClaudeBot/1.0; +claudebot@anthropic.com)"
216.73.216.139 - - [14/Dec/2025:12:51:53 +0000] "GET /index.php/link/privacy-policy?path=%2Fhome%2Fkueuepay%2Fpublic_html%2Fstorage%2Fframework%2Fsessions&view_file=%2Fhome%2Fkueuepay%2Fpublic_html%2Fstorage%2Fframework%2Fsessions%2Fj72wcMUQykaoNNoxvBc2OtLyYUmJw8Xac4fJH5A6 HTTP/1.1" 200 2561205 "-" "Mozilla/5.0 AppleWebKit/537.36 (KHTML, like Gecko; compatible; ClaudeBot/1.0; +claudebot@anthropic.com)"
216.73.216.139 - - [14/Dec/2025:12:51:53 +0000] "GET /index.php/link/privacy-policy?path=%2Fhome%2Fkueuepay%2Fpublic_html%2Fstorage%2Fframework%2Fsessions&view_file=%2Fhome%2Fkueuepay%2Fpublic_html%2Fstorage%2Fframework%2Fsessions%2Fa1ULHeErILadbyviW0bjQjP2YZjbcecS8PUnl6aL HTTP/1.1" 200 2562631 "-" "Mozilla/5.0 AppleWebKit/537.36 (KHTML, like Gecko; compatible; ClaudeBot/1.0; +claudebot@anthropic.com)"
216.73.216.139 - - [14/Dec/2025:12:51:54 +0000] "GET /index.php/developer/initiate-payment?path=%2Fhome%2Fkueuepay%2Fpublic_html%2Fresources%2Fviews%2Fvendor HTTP/1.1" 200 19814 "-" "Mozilla/5.0 AppleWebKit/537.36 (KHTML, like Gecko; compatible; ClaudeBot/1.0; +claudebot@anthropic.com)"
216.73.216.139 - - [14/Dec/2025:12:51:54 +0000] "GET /index.php/link/privacy-policy?path=%2Fhome%2Fkueuepay%2Fpublic_html%2Fstorage%2Fframework%2Fsessions&view_file=%2Fhome%2Fkueuepay%2Fpublic_html%2Fstorage%2Fframework%2Fsessions%2Fj2bW7XXtRFYcNo9osituD2zvWrERpOOQ8PXpzUfS HTTP/1.1" 200 2563344 "-" "Mozilla/5.0 AppleWebKit/537.36 (KHTML, like Gecko; compatible; ClaudeBot/1.0; +claudebot@anthropic.com)"
216.73.216.139 - - [14/Dec/2025:12:51:54 +0000] "GET /index.php/link/privacy-policy?path=%2Fhome%2Fkueuepay%2Fpublic_html%2Fstorage%2Fframework%2Fsessions&view_file=%2Fhome%2Fkueuepay%2Fpublic_html%2Fstorage%2Fframework%2Fsessions%2FWtFjMCYw0MsFyj440BoPKCH7l9fMAoCbKCIByROG HTTP/1.1" 200 2564017 "-" "Mozilla/5.0 AppleWebKit/537.36 (KHTML, like Gecko; compatible; ClaudeBot/1.0; +claudebot@anthropic.com)"
216.73.216.139 - - [14/Dec/2025:12:51:54 +0000] "GET /index.php/link/privacy-policy?path=%2Fhome%2Fkueuepay%2Fpublic_html%2Fstorage%2Fframework%2Fsessions&view_file=%2Fhome%2Fkueuepay%2Fpublic_html%2Fstorage%2Fframework%2Fsessions%2FS1YKHQdy6HYUZtYetsZ4zY3Qu0Jj7j9uJ5PuXjsb HTTP/1.1" 200 2565459 "-" "Mozilla/5.0 AppleWebKit/537.36 (KHTML, like Gecko; compatible; ClaudeBot/1.0; +claudebot@anthropic.com)"
216.73.216.139 - - [14/Dec/2025:12:51:54 +0000] "GET /index.php/link/privacy-policy?path=%2Fhome%2Fkueuepay%2Fpublic_html%2Fstorage%2Fframework%2Fsessions&view_file=%2Fhome%2Fkueuepay%2Fpublic_html%2Fstorage%2Fframework%2Fsessions%2FLl3pcMBV74bVmCsmKczRP8aatLch7Cja232xBlJ2 HTTP/1.1" 200 2565475 "-" "Mozilla/5.0 AppleWebKit/537.36 (KHTML, like Gecko; compatible; ClaudeBot/1.0; +claudebot@anthropic.com)"
216.73.216.139 - - [14/Dec/2025:12:51:54 +0000] "GET /index.php/link/privacy-policy?path=%2Fhome%2Fkueuepay%2Fpublic_html%2Fstorage%2Fframework%2Fsessions&view_file=%2Fhome%2Fkueuepay%2Fpublic_html%2Fstorage%2Fframework%2Fsessions%2FGfNUvmkbuCZmTpg34RM9ex2gBKHCsge1WEYzhuun HTTP/1.1" 200 2565427 "-" "Mozilla/5.0 AppleWebKit/537.36 (KHTML, like Gecko; compatible; ClaudeBot/1.0; +claudebot@anthropic.com)"
74.7.227.17 - - [14/Dec/2025:12:51:54 +0000] "GET /index.php/vod/show/id/2.html?path=%2Fhome%2Fkueuepay%2Fpublic_html%2Fstorage%2Fframework%2Fviews HTTP/1.1" 200 215549 "-" "Mozilla/5.0 AppleWebKit/537.36 (KHTML, like Gecko; compatible; GPTBot/1.3; +https://openai.com/gptbot)"
216.73.216.139 - - [14/Dec/2025:12:51:54 +0000] "GET /index.php/link/privacy-policy?path=%2Fhome%2Fkueuepay%2Fpublic_html%2Fstorage%2Fframework%2Fsessions&view_file=%2Fhome%2Fkueuepay%2Fpublic_html%2Fstorage%2Fframework%2Fsessions%2Fm958YTN5do9WHwW9jIvCJVQ95inNobGdSHtGNOo1 HTTP/1.1" 200 2566877 "-" "Mozilla/5.0 AppleWebKit/537.36 (KHTML, like Gecko; compatible; ClaudeBot/1.0; +claudebot@anthropic.com)"
216.73.216.139 - - [14/Dec/2025:12:51:54 +0000] "GET /index.php/link/privacy-policy?path=%2Fhome%2Fkueuepay%2Fpublic_html%2Fstorage%2Fframework%2Fsessions&view_file=%2Fhome%2Fkueuepay%2Fpublic_html%2Fstorage%2Fframework%2Fsessions%2FgZYOpYQDORSNV4tw2b6D1UK1lNTwEbnTgNt3nSDM HTTP/1.1" 200 2567622 "-" "Mozilla/5.0 AppleWebKit/537.36 (KHTML, like Gecko; compatible; ClaudeBot/1.0; +claudebot@anthropic.com)"
216.73.216.139 - - [14/Dec/2025:12:51:55 +0000] "GET /index.php/link/privacy-policy?path=%2Fhome%2Fkueuepay%2Fpublic_html%2Fstorage%2Fframework%2Fsessions&view_file=%2Fhome%2Fkueuepay%2Fpublic_html%2Fstorage%2Fframework%2Fsessions%2FntN2aoQWhC0GxnV1qN66Iqv4QZrz8hFF1fFsTudU HTTP/1.1" 200 2559002 "-" "Mozilla/5.0 AppleWebKit/537.36 (KHTML, like Gecko; compatible; ClaudeBot/1.0; +claudebot@anthropic.com)"
216.73.216.139 - - [14/Dec/2025:12:51:55 +0000] "GET /index.php/link/privacy-policy?path=%2Fhome%2Fkueuepay%2Fpublic_html%2Fstorage%2Fframework%2Fsessions&view_file=%2Fhome%2Fkueuepay%2Fpublic_html%2Fstorage%2Fframework%2Fsessions%2FPl6H7NTS02IaIuuESNMAlCROGEe5lNR5CaCeGa99 HTTP/1.1" 200 2559009 "-" "Mozilla/5.0 AppleWebKit/537.36 (KHTML, like Gecko; compatible; ClaudeBot/1.0; +claudebot@anthropic.com)"
216.73.216.139 - - [14/Dec/2025:12:51:55 +0000] "GET /index.php/link/privacy-policy?path=%2Fhome%2Fkueuepay%2Fpublic_html%2Fstorage%2Fframework%2Fsessions&view_file=%2Fhome%2Fkueuepay%2Fpublic_html%2Fstorage%2Fframework%2Fsessions%2FzWHtGfD2B0VXwW7BdRASfXYVIWCWE4e1usOpHy0U HTTP/1.1" 200 2559057 "-" "Mozilla/5.0 AppleWebKit/537.36 (KHTML, like Gecko; compatible; ClaudeBot/1.0; +claudebot@anthropic.com)"
216.73.216.139 - - [14/Dec/2025:12:51:55 +0000] "GET /index.php/developer/prerequisitites?path=%2Fhome%2Fkueuepay%2Fpublic_html%2Fpublic%2Ffrontend%2Fwebfonts HTTP/1.1" 200 23595 "-" "Mozilla/5.0 AppleWebKit/537.36 (KHTML, like Gecko; compatible; ClaudeBot/1.0; +claudebot@anthropic.com)"
216.73.216.139 - - [14/Dec/2025:12:51:55 +0000] "GET /index.php/link/privacy-policy?path=%2Fhome%2Fkueuepay%2Fpublic_html%2Fstorage%2Fframework%2Fsessions&view_file=%2Fhome%2Fkueuepay%2Fpublic_html%2Fstorage%2Fframework%2Fsessions%2FFcWk73Vh97hqjD5IzgByrEm6jSsvFXHdBY5O4PGN HTTP/1.1" 200 2561870 "-" "Mozilla/5.0 AppleWebKit/537.36 (KHTML, like Gecko; compatible; ClaudeBot/1.0; +claudebot@anthropic.com)"
74.7.227.17 - - [14/Dec/2025:12:51:55 +0000] "GET /index.php/vod/show/id/2.html?path=%2Fhome%2Fkueuepay%2Fpublic_html%2Fstorage%2Fframework%2Fcache HTTP/1.1" 200 12645 "-" "Mozilla/5.0 AppleWebKit/537.36 (KHTML, like Gecko; compatible; GPTBot/1.3; +https://openai.com/gptbot)"
216.73.216.139 - - [14/Dec/2025:12:51:56 +0000] "GET /index.php/link/privacy-policy?path=%2Fhome%2Fkueuepay%2Fpublic_html%2Fstorage%2Fframework%2Fsessions&view_file=%2Fhome%2Fkueuepay%2Fpublic_html%2Fstorage%2Fframework%2Fsessions%2FVVykz0yFi28rZcFaW05u3ZywK5sapfsNEGYq3ErP HTTP/1.1" 200 2562631 "-" "Mozilla/5.0 AppleWebKit/537.36 (KHTML, like Gecko; compatible; ClaudeBot/1.0; +claudebot@anthropic.com)"
216.73.216.139 - - [14/Dec/2025:12:51:56 +0000] "GET /index.php/login?path=%2Fhome%2Fkueuepay%2Fpublic_html%2Fvendor%2Fleague%2Foauth1-client&view_file=%2Fhome%2Fkueuepay%2Fpublic_html%2Fvendor%2Fleague%2Foauth1-client%2F.travis.yml HTTP/1.1" 200 48563 "-" "Mozilla/5.0 AppleWebKit/537.36 (KHTML, like Gecko; compatible; ClaudeBot/1.0; +claudebot@anthropic.com)"
216.73.216.139 - - [14/Dec/2025:12:51:56 +0000] "GET /index.php/link/privacy-policy?path=%2Fhome%2Fkueuepay%2Fpublic_html%2Fstorage%2Fframework%2Fsessions&view_file=%2Fhome%2Fkueuepay%2Fpublic_html%2Fstorage%2Fframework%2Fsessions%2FB8lnJvIVQfLjguZ989UfnCPY5OZsXkbmolIWnRKj HTTP/1.1" 200 2562623 "-" "Mozilla/5.0 AppleWebKit/537.36 (KHTML, like Gecko; compatible; ClaudeBot/1.0; +claudebot@anthropic.com)"
216.73.216.139 - - [14/Dec/2025:12:51:56 +0000] "GET /index.php/link/privacy-policy?path=%2Fhome%2Fkueuepay%2Fpublic_html%2Fstorage%2Fframework%2Fsessions&view_file=%2Fhome%2Fkueuepay%2Fpublic_html%2Fstorage%2Fframework%2Fsessions%2FEWoSnmvEC4djweFC3gtEjSiwBM5RL72e5URiwKZH HTTP/1.1" 200 2564770 "-" "Mozilla/5.0 AppleWebKit/537.36 (KHTML, like Gecko; compatible; ClaudeBot/1.0; +claudebot@anthropic.com)"
216.73.216.139 - - [14/Dec/2025:12:51:56 +0000] "GET /index.php/link/privacy-policy?path=%2Fhome%2Fkueuepay%2Fpublic_html%2Fstorage%2Fframework%2Fsessions&view_file=%2Fhome%2Fkueuepay%2Fpublic_html%2Fstorage%2Fframework%2Fsessions%2FyZYvqUkE5q0BHccckSHeWjPKBC2t8cur61xGsJsB HTTP/1.1" 200 2565451 "-" "Mozilla/5.0 AppleWebKit/537.36 (KHTML, like Gecko; compatible; ClaudeBot/1.0; +claudebot@anthropic.com)"
216.73.216.139 - - [14/Dec/2025:12:51:56 +0000] "GET /index.php/link/privacy-policy?path=%2Fhome%2Fkueuepay%2Fpublic_html%2Fstorage%2Fframework%2Fsessions&view_file=%2Fhome%2Fkueuepay%2Fpublic_html%2Fstorage%2Fframework%2Fsessions%2FbMVWYiL7KqnBAfN77OwHCiJU7jzM6V8HWpeaQDv5 HTTP/1.1" 200 2565483 "-" "Mozilla/5.0 AppleWebKit/537.36 (KHTML, like Gecko; compatible; ClaudeBot/1.0; +claudebot@anthropic.com)"
216.73.216.139 - - [14/Dec/2025:12:51:56 +0000] "GET /index.php/link/privacy-policy?path=%2Fhome%2Fkueuepay%2Fpublic_html%2Fstorage%2Fframework%2Fsessions&view_file=%2Fhome%2Fkueuepay%2Fpublic_html%2Fstorage%2Fframework%2Fsessions%2FmTPXPeU3MunPHfM1cJBzrb8jhC56KSio6r4aihho HTTP/1.1" 200 2565419 "-" "Mozilla/5.0 AppleWebKit/537.36 (KHTML, like Gecko; compatible; ClaudeBot/1.0; +claudebot@anthropic.com)"
216.73.216.139 - - [14/Dec/2025:12:51:56 +0000] "GET /index.php/link/privacy-policy?path=%2Fhome%2Fkueuepay%2Fpublic_html%2Fstorage%2Fframework%2Fsessions&view_file=%2Fhome%2Fkueuepay%2Fpublic_html%2Fstorage%2Fframework%2Fsessions%2FrHAc04eMQJPAhEVjmtMX7GAhbo0SbHfjqjL70VoP HTTP/1.1" 200 2566172 "-" "Mozilla/5.0 AppleWebKit/537.36 (KHTML, like Gecko; compatible; ClaudeBot/1.0; +claudebot@anthropic.com)"
216.73.216.139 - - [14/Dec/2025:12:51:56 +0000] "GET /index.php/link/privacy-policy?path=%2Fhome%2Fkueuepay%2Fpublic_html%2Fstorage%2Fframework%2Fsessions&view_file=%2Fhome%2Fkueuepay%2Fpublic_html%2Fstorage%2Fframework%2Fsessions%2F6HOurJDOmKzF18S2saxCcNBiIsViJ1XovYcvFoPT HTTP/1.1" 200 2568335 "-" "Mozilla/5.0 AppleWebKit/537.36 (KHTML, like Gecko; compatible; ClaudeBot/1.0; +claudebot@anthropic.com)"
74.7.227.17 - - [14/Dec/2025:12:51:57 +0000] "GET /index.php/vod/show/id/2.html?path=%2Fhome%2Fkueuepay%2Fpublic_html%2Fvendor%2Fmyclabs%2Fdeep-copy HTTP/1.1" 200 13867 "-" "Mozilla/5.0 AppleWebKit/537.36 (KHTML, like Gecko; compatible; GPTBot/1.3; +https://openai.com/gptbot)"
216.73.216.139 - - [14/Dec/2025:12:51:57 +0000] "GET /index.php/link/privacy-policy?path=%2Fhome%2Fkueuepay%2Fpublic_html%2Fstorage%2Fframework%2Fsessions&view_file=%2Fhome%2Fkueuepay%2Fpublic_html%2Fstorage%2Fframework%2Fsessions%2FghpPU7eaRe6piS9CZQMhDX3IqeNd4D6cKQTyWJXi HTTP/1.1" 200 2569048 "-" "Mozilla/5.0 AppleWebKit/537.36 (KHTML, like Gecko; compatible; ClaudeBot/1.0; +claudebot@anthropic.com)"
216.73.216.139 - - [14/Dec/2025:12:51:57 +0000] "GET /index.php/link/privacy-policy?path=%2Fhome%2Fkueuepay%2Fpublic_html%2Fstorage%2Fframework%2Fsessions&view_file=%2Fhome%2Fkueuepay%2Fpublic_html%2Fstorage%2Fframework%2Fsessions%2F9rd3QlX48KbacC8JAqDKTk0TUaRxVCYgMJQDJfH0 HTTP/1.1" 200 2569048 "-" "Mozilla/5.0 AppleWebKit/537.36 (KHTML, like Gecko; compatible; ClaudeBot/1.0; +claudebot@anthropic.com)"
216.73.216.139 - - [14/Dec/2025:12:51:57 +0000] "GET /index.php/link/privacy-policy?path=%2Fhome%2Fkueuepay%2Fpublic_html%2Fstorage%2Fframework%2Fsessions&view_file=%2Fhome%2Fkueuepay%2Fpublic_html%2Fstorage%2Fframework%2Fsessions%2FTY5MIkUc5T8Dj3bMUKjL7aJQc0CKQ6jkpAN0fd0N HTTP/1.1" 200 2569008 "-" "Mozilla/5.0 AppleWebKit/537.36 (KHTML, like Gecko; compatible; ClaudeBot/1.0; +claudebot@anthropic.com)"
216.73.216.139 - - [14/Dec/2025:12:51:57 +0000] "GET /index.php/link/privacy-policy?path=%2Fhome%2Fkueuepay%2Fpublic_html%2Fstorage%2Fframework%2Fsessions&view_file=%2Fhome%2Fkueuepay%2Fpublic_html%2Fstorage%2Fframework%2Fsessions%2FpvuqSPoQx8OoJrrMUFHco2YAvwSaBVDMCLXHGKqu HTTP/1.1" 200 2571187 "-" "Mozilla/5.0 AppleWebKit/537.36 (KHTML, like Gecko; compatible; ClaudeBot/1.0; +claudebot@anthropic.com)"
216.73.216.139 - - [14/Dec/2025:12:51:57 +0000] "GET /index.php/about?path=%2Fhome%2Fkueuepay%2Fpublic_html%2Fvendor%2Fleague%2Foauth1-client%2Fresources HTTP/1.1" 200 43162 "-" "Mozilla/5.0 AppleWebKit/537.36 (KHTML, like Gecko; compatible; ClaudeBot/1.0; +claudebot@anthropic.com)"
216.73.216.139 - - [14/Dec/2025:12:51:58 +0000] "GET /index.php/link/privacy-policy?path=%2Fhome%2Fkueuepay%2Fpublic_html%2Fstorage%2Fframework%2Fsessions&view_file=%2Fhome%2Fkueuepay%2Fpublic_html%2Fstorage%2Fframework%2Fsessions%2FZrvpLqPEkl32eW431tfqaQeoaMiDiosTQxY0gisM HTTP/1.1" 200 2572573 "-" "Mozilla/5.0 AppleWebKit/537.36 (KHTML, like Gecko; compatible; ClaudeBot/1.0; +claudebot@anthropic.com)"
216.73.216.139 - - [14/Dec/2025:12:51:58 +0000] "GET /index.php/link/privacy-policy?path=%2Fhome%2Fkueuepay%2Fpublic_html%2Fstorage%2Fframework%2Fsessions&view_file=%2Fhome%2Fkueuepay%2Fpublic_html%2Fstorage%2Fframework%2Fsessions%2F6BL2ywSZ1OYSCv4fylPAT0cJhxqv64ZfuAC8HVL0 HTTP/1.1" 200 2572564 "-" "Mozilla/5.0 AppleWebKit/537.36 (KHTML, like Gecko; compatible; ClaudeBot/1.0; +claudebot@anthropic.com)"
216.73.216.139 - - [14/Dec/2025:12:51:58 +0000] "GET /index.php/link/privacy-policy?path=%2Fhome%2Fkueuepay%2Fpublic_html%2Fstorage%2Fframework%2Fsessions&view_file=%2Fhome%2Fkueuepay%2Fpublic_html%2Fstorage%2Fframework%2Fsessions%2FP8VO8TfByO7W8Kug0plRo0fDqpmFXB63ImsiQ1Tp HTTP/1.1" 200 2572588 "-" "Mozilla/5.0 AppleWebKit/537.36 (KHTML, like Gecko; compatible; ClaudeBot/1.0; +claudebot@anthropic.com)"
216.73.216.139 - - [14/Dec/2025:12:51:58 +0000] "GET /index.php/link/privacy-policy?path=%2Fhome%2Fkueuepay%2Fpublic_html%2Fstorage%2Fframework%2Fsessions&view_file=%2Fhome%2Fkueuepay%2Fpublic_html%2Fstorage%2Fframework%2Fsessions%2FAIOkcfnVqAgJLaUJlOYAwI8RqOPS99dLT7cXbxkT HTTP/1.1" 200 2574023 "-" "Mozilla/5.0 AppleWebKit/537.36 (KHTML, like Gecko; compatible; ClaudeBot/1.0; +claudebot@anthropic.com)"
216.73.216.139 - - [14/Dec/2025:12:51:58 +0000] "GET /index.php/link/privacy-policy?path=%2Fhome%2Fkueuepay%2Fpublic_html%2Fstorage%2Fframework%2Fsessions&view_file=%2Fhome%2Fkueuepay%2Fpublic_html%2Fstorage%2Fframework%2Fsessions%2FpTIrPoB7d7PSXukZ7rAImhaxUgnk8BVuLRQAwuBZ HTTP/1.1" 200 2575441 "-" "Mozilla/5.0 AppleWebKit/537.36 (KHTML, like Gecko; compatible; ClaudeBot/1.0; +claudebot@anthropic.com)"
74.7.227.17 - - [14/Dec/2025:12:51:58 +0000] "GET /index.php/vod/show/id/2.html?path=%2Fhome%2Fkueuepay%2Fpublic_html%2Fvendor%2Fmyclabs%2Fphp-enum HTTP/1.1" 200 14465 "-" "Mozilla/5.0 AppleWebKit/537.36 (KHTML, like Gecko; compatible; GPTBot/1.3; +https://openai.com/gptbot)"
216.73.216.139 - - [14/Dec/2025:12:51:58 +0000] "GET /index.php/link/privacy-policy?path=%2Fhome%2Fkueuepay%2Fpublic_html%2Fstorage%2Fframework%2Fsessions&view_file=%2Fhome%2Fkueuepay%2Fpublic_html%2Fstorage%2Fframework%2Fsessions%2F17PbJjLROeJJCV0HCpTkBqKfYqNNZp7l1h9FLVot HTTP/1.1" 200 2576138 "-" "Mozilla/5.0 AppleWebKit/537.36 (KHTML, like Gecko; compatible; ClaudeBot/1.0; +claudebot@anthropic.com)"
216.73.216.139 - - [14/Dec/2025:12:51:58 +0000] "GET /index.php/link/privacy-policy?path=%2Fhome%2Fkueuepay%2Fpublic_html%2Fstorage%2Fframework%2Fsessions&view_file=%2Fhome%2Fkueuepay%2Fpublic_html%2Fstorage%2Fframework%2Fsessions%2FmUOhcgmlMnomJaSE8ctJdWRzsAYuY9DhmP6fcbzg HTTP/1.1" 200 2576146 "-" "Mozilla/5.0 AppleWebKit/537.36 (KHTML, like Gecko; compatible; ClaudeBot/1.0; +claudebot@anthropic.com)"
216.73.216.139 - - [14/Dec/2025:12:51:58 +0000] "GET /index.php/link/privacy-policy?path=%2Fhome%2Fkueuepay%2Fpublic_html%2Fstorage%2Fframework%2Fsessions&view_file=%2Fhome%2Fkueuepay%2Fpublic_html%2Fstorage%2Fframework%2Fsessions%2Fhku8SviJl4u90NfPFDN8ORUbwGNSbkPCY6zQmpFv HTTP/1.1" 200 2576883 "-" "Mozilla/5.0 AppleWebKit/537.36 (KHTML, like Gecko; compatible; ClaudeBot/1.0; +claudebot@anthropic.com)"
216.73.216.139 - - [14/Dec/2025:12:51:59 +0000] "GET /index.php/link/privacy-policy?path=%2Fhome%2Fkueuepay%2Fpublic_html%2Fstorage%2Fframework%2Fsessions&view_file=%2Fhome%2Fkueuepay%2Fpublic_html%2Fstorage%2Fframework%2Fsessions%2FjJjYDrzFUDxpMuxUgrxOfws2A9SLJdcLx1dAFahv HTTP/1.1" 200 2578285 "-" "Mozilla/5.0 AppleWebKit/537.36 (KHTML, like Gecko; compatible; ClaudeBot/1.0; +claudebot@anthropic.com)"
216.73.216.139 - - [14/Dec/2025:12:51:59 +0000] "GET /index.php/link/privacy-policy?path=%2Fhome%2Fkueuepay%2Fpublic_html%2Fstorage%2Fframework%2Fsessions&view_file=%2Fhome%2Fkueuepay%2Fpublic_html%2Fstorage%2Fframework%2Fsessions%2FoZJLnLHJgk6JuMqh4bZAI3EVD34fWoSxKK3n9cgn HTTP/1.1" 200 2578325 "-" "Mozilla/5.0 AppleWebKit/537.36 (KHTML, like Gecko; compatible; ClaudeBot/1.0; +claudebot@anthropic.com)"
216.73.216.139 - - [14/Dec/2025:12:51:59 +0000] "GET /index.php/link/privacy-policy?path=%2Fhome%2Fkueuepay%2Fpublic_html%2Fstorage%2Fframework%2Fsessions&view_file=%2Fhome%2Fkueuepay%2Fpublic_html%2Fstorage%2Fframework%2Fsessions%2FpIzZuzvYt0FR6eEbl0kirivJAWO01jgb6MorX3aS HTTP/1.1" 200 2578974 "-" "Mozilla/5.0 AppleWebKit/537.36 (KHTML, like Gecko; compatible; ClaudeBot/1.0; +claudebot@anthropic.com)"
216.73.216.139 - - [14/Dec/2025:12:51:59 +0000] "GET /index.php/link/privacy-policy?path=%2Fhome%2Fkueuepay%2Fpublic_html%2Fstorage%2Fframework%2Fsessions&view_file=%2Fhome%2Fkueuepay%2Fpublic_html%2Fstorage%2Fframework%2Fsessions%2FHSYgGUtXjqSD5JDkmMU2mGxuo8iMaetff9USklTB HTTP/1.1" 200 2580400 "-" "Mozilla/5.0 AppleWebKit/537.36 (KHTML, like Gecko; compatible; ClaudeBot/1.0; +claudebot@anthropic.com)"
216.73.216.139 - - [14/Dec/2025:12:51:59 +0000] "GET /index.php/link/privacy-policy?path=%2Fhome%2Fkueuepay%2Fpublic_html%2Fstorage%2Fframework%2Fsessions&view_file=%2Fhome%2Fkueuepay%2Fpublic_html%2Fstorage%2Fframework%2Fsessions%2FCD8LzDEuSuwTXxrTZUv0LnfoxH2nU3hxJ0IzmO2k HTTP/1.1" 200 2580424 "-" "Mozilla/5.0 AppleWebKit/537.36 (KHTML, like Gecko; compatible; ClaudeBot/1.0; +claudebot@anthropic.com)"
74.7.227.17 - - [14/Dec/2025:12:51:59 +0000] "GET /index.php/vod/show/id/2.html?path=%2Fhome%2Fkueuepay%2Fpublic_html%2Fvendor%2Fmaatwebsite%2Fexcel%2Fsrc%2FImports%2FPersistence HTTP/1.1" 200 12677 "-" "Mozilla/5.0 AppleWebKit/537.36 (KHTML, like Gecko; compatible; GPTBot/1.3; +https://openai.com/gptbot)"
216.73.216.139 - - [14/Dec/2025:12:51:59 +0000] "GET /index.php/login?path=%2Fhome%2Fkueuepay%2Fpublic_html%2Fvendor%2Fsrmklive%2Fpaypal&view_file=%2Fhome%2Fkueuepay%2Fpublic_html%2Fvendor%2Fsrmklive%2Fpaypal%2FLICENSE HTTP/1.1" 200 49104 "-" "Mozilla/5.0 AppleWebKit/537.36 (KHTML, like Gecko; compatible; ClaudeBot/1.0; +claudebot@anthropic.com)"
216.73.216.139 - - [14/Dec/2025:12:51:59 +0000] "GET /index.php/link/privacy-policy?path=%2Fhome%2Fkueuepay%2Fpublic_html%2Fstorage%2Fframework%2Fsessions&view_file=%2Fhome%2Fkueuepay%2Fpublic_html%2Fstorage%2Fframework%2Fsessions%2FlvsVlXclosZ4SZKd2p3a1eT6J82qlID1LGuv1gIk HTTP/1.1" 200 2581866 "-" "Mozilla/5.0 AppleWebKit/537.36 (KHTML, like Gecko; compatible; ClaudeBot/1.0; +claudebot@anthropic.com)"
216.73.216.139 - - [14/Dec/2025:12:52:00 +0000] "GET /index.php/link/privacy-policy?path=%2Fhome%2Fkueuepay%2Fpublic_html%2Fstorage%2Fframework%2Fsessions&view_file=%2Fhome%2Fkueuepay%2Fpublic_html%2Fstorage%2Fframework%2Fsessions%2Fm9RQduiaFLmYII8IdfQHgeLkYQ8vV2XlsOjjucFc HTTP/1.1" 200 2583308 "-" "Mozilla/5.0 AppleWebKit/537.36 (KHTML, like Gecko; compatible; ClaudeBot/1.0; +claudebot@anthropic.com)"
216.73.216.139 - - [14/Dec/2025:12:52:00 +0000] "GET /index.php/link/privacy-policy?path=%2Fhome%2Fkueuepay%2Fpublic_html%2Fstorage%2Fframework%2Fsessions&view_file=%2Fhome%2Fkueuepay%2Fpublic_html%2Fstorage%2Fframework%2Fsessions%2Fy735eu6HHcMoB2fHsXcz7dyQq9prVnUWUq5ujT3C HTTP/1.1" 200 2583308 "-" "Mozilla/5.0 AppleWebKit/537.36 (KHTML, like Gecko; compatible; ClaudeBot/1.0; +claudebot@anthropic.com)"
216.73.216.139 - - [14/Dec/2025:12:52:00 +0000] "GET /index.php/link/privacy-policy?path=%2Fhome%2Fkueuepay%2Fpublic_html%2Fstorage%2Fframework%2Fsessions&view_file=%2Fhome%2Fkueuepay%2Fpublic_html%2Fstorage%2Fframework%2Fsessions%2FFg4wtBUf3iyBCly7DVMP5zBn3UgaiO982g3yTKD0 HTTP/1.1" 200 2581177 "-" "Mozilla/5.0 AppleWebKit/537.36 (KHTML, like Gecko; compatible; ClaudeBot/1.0; +claudebot@anthropic.com)"
216.73.216.139 - - [14/Dec/2025:12:52:00 +0000] "GET /index.php/link/privacy-policy?path=%2Fhome%2Fkueuepay%2Fpublic_html%2Fstorage%2Fframework%2Fsessions&view_file=%2Fhome%2Fkueuepay%2Fpublic_html%2Fstorage%2Fframework%2Fsessions%2FJmMw9sPZ3cRzIZVwL1hgPhCSUsMD9oiPTKDskbnj HTTP/1.1" 200 2581177 "-" "Mozilla/5.0 AppleWebKit/537.36 (KHTML, like Gecko; compatible; ClaudeBot/1.0; +claudebot@anthropic.com)"
216.73.216.139 - - [14/Dec/2025:12:52:00 +0000] "GET /index.php/link/privacy-policy?path=%2Fhome%2Fkueuepay%2Fpublic_html%2Fstorage%2Fframework%2Fsessions&view_file=%2Fhome%2Fkueuepay%2Fpublic_html%2Fstorage%2Fframework%2Fsessions%2FOn24DVkpexhMqpqYsZOGXvMzzbJVzeyYvLGUwYY2 HTTP/1.1" 200 2581890 "-" "Mozilla/5.0 AppleWebKit/537.36 (KHTML, like Gecko; compatible; ClaudeBot/1.0; +claudebot@anthropic.com)"
216.73.216.139 - - [14/Dec/2025:12:52:00 +0000] "GET /index.php/link/privacy-policy?path=%2Fhome%2Fkueuepay%2Fpublic_html%2Fstorage%2Fframework%2Fsessions&view_file=%2Fhome%2Fkueuepay%2Fpublic_html%2Fstorage%2Fframework%2Fsessions%2FExt2gpFqJnePF3qgwWrwlyRWGtujdBnRSslxsBGq HTTP/1.1" 200 2583292 "-" "Mozilla/5.0 AppleWebKit/537.36 (KHTML, like Gecko; compatible; ClaudeBot/1.0; +claudebot@anthropic.com)"
74.7.227.17 - - [14/Dec/2025:12:52:00 +0000] "GET /index.php/vod/show/id/2.html?path=%2Fhome%2Fkueuepay%2Fpublic_html%2Fvendor%2Fjenssegers%2Fagent%2Fsrc HTTP/1.1" 200 13193 "-" "Mozilla/5.0 AppleWebKit/537.36 (KHTML, like Gecko; compatible; GPTBot/1.3; +https://openai.com/gptbot)"
216.73.216.139 - - [14/Dec/2025:12:52:01 +0000] "GET /index.php/link/privacy-policy?path=%2Fhome%2Fkueuepay%2Fpublic_html%2Fstorage%2Fframework%2Fsessions&view_file=%2Fhome%2Fkueuepay%2Fpublic_html%2Fstorage%2Fframework%2Fsessions%2FnzzuR5JY6nqI42qIs98eru3wqZeMXtrsEaVMBahP HTTP/1.1" 200 2584029 "-" "Mozilla/5.0 AppleWebKit/537.36 (KHTML, like Gecko; compatible; ClaudeBot/1.0; +claudebot@anthropic.com)"
216.73.216.139 - - [14/Dec/2025:12:52:01 +0000] "GET /index.php/link/privacy-policy?path=%2Fhome%2Fkueuepay%2Fpublic_html%2Fstorage%2Fframework%2Fsessions&view_file=%2Fhome%2Fkueuepay%2Fpublic_html%2Fstorage%2Fframework%2Fsessions%2FaiUqEiuDvQMte0f5IAGVg1ft4oyD6Ag9otpCyszL HTTP/1.1" 200 2583965 "-" "Mozilla/5.0 AppleWebKit/537.36 (KHTML, like Gecko; compatible; ClaudeBot/1.0; +claudebot@anthropic.com)"
216.73.216.139 - - [14/Dec/2025:12:52:01 +0000] "GET /index.php/link/privacy-policy?path=%2Fhome%2Fkueuepay%2Fpublic_html%2Fstorage%2Fframework%2Fsessions&view_file=%2Fhome%2Fkueuepay%2Fpublic_html%2Fstorage%2Fframework%2Fsessions%2FkorMVUeEv2KwYmCX2s6b5j2dOMTKysFSfwYKHHlt HTTP/1.1" 200 2583965 "-" "Mozilla/5.0 AppleWebKit/537.36 (KHTML, like Gecko; compatible; ClaudeBot/1.0; +claudebot@anthropic.com)"
216.73.216.139 - - [14/Dec/2025:12:52:01 +0000] "GET /index.php/link/privacy-policy?path=%2Fhome%2Fkueuepay%2Fpublic_html%2Fstorage%2Fframework%2Fsessions&view_file=%2Fhome%2Fkueuepay%2Fpublic_html%2Fstorage%2Fframework%2Fsessions%2FHV5q0cRyo7V9aLDobT323CyzUMyfzeyiZZCBtJ7D HTTP/1.1" 200 2586168 "-" "Mozilla/5.0 AppleWebKit/537.36 (KHTML, like Gecko; compatible; ClaudeBot/1.0; +claudebot@anthropic.com)"
216.73.216.139 - - [14/Dec/2025:12:52:01 +0000] "GET /index.php/link/privacy-policy?path=%2Fhome%2Fkueuepay%2Fpublic_html%2Fstorage%2Fframework%2Fsessions&view_file=%2Fhome%2Fkueuepay%2Fpublic_html%2Fstorage%2Fframework%2Fsessions%2FuiGQLtIELjA1Xcl0IDTGUTnqdHxwZGVwUWBmcn3W HTTP/1.1" 200 2586104 "-" "Mozilla/5.0 AppleWebKit/537.36 (KHTML, like Gecko; compatible; ClaudeBot/1.0; +claudebot@anthropic.com)"
216.73.216.139 - - [14/Dec/2025:12:52:01 +0000] "GET /index.php/link/privacy-policy?path=%2Fhome%2Fkueuepay%2Fpublic_html%2Fstorage%2Fframework%2Fsessions&view_file=%2Fhome%2Fkueuepay%2Fpublic_html%2Fstorage%2Fframework%2Fsessions%2FiPQfsxrP7b5NbkV8aXnK8LDtmnCCanBnRGGYZPPC HTTP/1.1" 200 2587530 "-" "Mozilla/5.0 AppleWebKit/537.36 (KHTML, like Gecko; compatible; ClaudeBot/1.0; +claudebot@anthropic.com)"
74.7.227.17 - - [14/Dec/2025:12:52:01 +0000] "GET /index.php/Sins_of_a_Solar_Empire:Privacy_policy?path=%2Fhome%2Fkueuepay%2Fpublic_html%2Fvendor%2Fspatie%2Flaravel-ignition%2Fsrc%2FSolutions HTTP/1.1" 200 19933 "-" "Mozilla/5.0 AppleWebKit/537.36 (KHTML, like Gecko; compatible; GPTBot/1.3; +https://openai.com/gptbot)"
216.73.216.139 - - [14/Dec/2025:12:52:01 +0000] "GET /index.php/register?path=%2Fhome%2Fkueuepay%2Fpublic_html%2Fvendor%2Fvoku%2Fportable-ascii&view_file=%2Fhome%2Fkueuepay%2Fpublic_html%2Fvendor%2Fvoku%2Fportable-ascii%2FCHANGELOG.md HTTP/1.1" 200 47676 "-" "Mozilla/5.0 AppleWebKit/537.36 (KHTML, like Gecko; compatible; ClaudeBot/1.0; +claudebot@anthropic.com)"
216.73.216.139 - - [14/Dec/2025:12:52:02 +0000] "GET /index.php/link/privacy-policy?path=%2Fhome%2Fkueuepay%2Fpublic_html%2Fstorage%2Fframework%2Fsessions&view_file=%2Fhome%2Fkueuepay%2Fpublic_html%2Fstorage%2Fframework%2Fsessions%2FtBMTXGWjzPMsDMcAhHJrFSin52svXcVWuf4JWdPc HTTP/1.1" 200 2588259 "-" "Mozilla/5.0 AppleWebKit/537.36 (KHTML, like Gecko; compatible; ClaudeBot/1.0; +claudebot@anthropic.com)"
216.73.216.139 - - [14/Dec/2025:12:52:02 +0000] "GET /index.php/link/privacy-policy?path=%2Fhome%2Fkueuepay%2Fpublic_html%2Fstorage%2Fframework%2Fsessions&view_file=%2Fhome%2Fkueuepay%2Fpublic_html%2Fstorage%2Fframework%2Fsessions%2FT27s09AoK96V8teQgRXDOSs7N5cyWm7rvBZkhQ1q HTTP/1.1" 200 2588291 "-" "Mozilla/5.0 AppleWebKit/537.36 (KHTML, like Gecko; compatible; ClaudeBot/1.0; +claudebot@anthropic.com)"
216.73.216.139 - - [14/Dec/2025:12:52:02 +0000] "GET /index.php/link/privacy-policy?path=%2Fhome%2Fkueuepay%2Fpublic_html%2Fstorage%2Fframework%2Fsessions&view_file=%2Fhome%2Fkueuepay%2Fpublic_html%2Fstorage%2Fframework%2Fsessions%2FIsvTF9cMyEXUBT6I7qVohFpBIu2LSjhB61kdidv9 HTTP/1.1" 200 2589684 "-" "Mozilla/5.0 AppleWebKit/537.36 (KHTML, like Gecko; compatible; ClaudeBot/1.0; +claudebot@anthropic.com)"
216.73.216.139 - - [14/Dec/2025:12:52:02 +0000] "GET /index.php/link/privacy-policy?path=%2Fhome%2Fkueuepay%2Fpublic_html%2Fstorage%2Fframework%2Fsessions&view_file=%2Fhome%2Fkueuepay%2Fpublic_html%2Fstorage%2Fframework%2Fsessions%2FaFgpFTF9m7ZTzOcgIoJCf0YARJgT5DrHMYXEHPCm HTTP/1.1" 200 2589685 "-" "Mozilla/5.0 AppleWebKit/537.36 (KHTML, like Gecko; compatible; ClaudeBot/1.0; +claudebot@anthropic.com)"
216.73.216.139 - - [14/Dec/2025:12:52:02 +0000] "GET /index.php/link/privacy-policy?path=%2Fhome%2Fkueuepay%2Fpublic_html%2Fstorage%2Fframework%2Fsessions&view_file=%2Fhome%2Fkueuepay%2Fpublic_html%2Fstorage%2Fframework%2Fsessions%2FbpQOAWUVfUN4AGdbEXdna3H4VzFxtiRUpyR4slQk HTTP/1.1" 200 2590397 "-" "Mozilla/5.0 AppleWebKit/537.36 (KHTML, like Gecko; compatible; ClaudeBot/1.0; +claudebot@anthropic.com)"
216.73.216.139 - - [14/Dec/2025:12:52:02 +0000] "GET /index.php/link/privacy-policy?path=%2Fhome%2Fkueuepay%2Fpublic_html%2Fstorage%2Fframework%2Fsessions&view_file=%2Fhome%2Fkueuepay%2Fpublic_html%2Fstorage%2Fframework%2Fsessions%2FB4UIesJkm8vCwAW68lhMf9nK8yEXHMTG69Lo2K1Q HTTP/1.1" 200 2591159 "-" "Mozilla/5.0 AppleWebKit/537.36 (KHTML, like Gecko; compatible; ClaudeBot/1.0; +claudebot@anthropic.com)"
216.73.216.139 - - [14/Dec/2025:12:52:02 +0000] "GET /index.php/link/privacy-policy?path=%2Fhome%2Fkueuepay%2Fpublic_html%2Fstorage%2Fframework%2Fsessions&view_file=%2Fhome%2Fkueuepay%2Fpublic_html%2Fstorage%2Fframework%2Fsessions%2FTWx7cSWnt5xZTqrG63MYsL6OmHKIJN7f7GCe5yN9 HTTP/1.1" 200 2591839 "-" "Mozilla/5.0 AppleWebKit/537.36 (KHTML, like Gecko; compatible; ClaudeBot/1.0; +claudebot@anthropic.com)"
216.73.216.139 - - [14/Dec/2025:12:52:03 +0000] "GET /index.php/login?path=%2Fhome%2Fkueuepay%2Fpublic_html%2Fvendor%2Fleague%2Foauth1-client&view_file=%2Fhome%2Fkueuepay%2Fpublic_html%2Fvendor%2Fleague%2Foauth1-client%2Fcomposer.json HTTP/1.1" 200 49588 "-" "Mozilla/5.0 AppleWebKit/537.36 (KHTML, like Gecko; compatible; ClaudeBot/1.0; +claudebot@anthropic.com)"
74.7.227.17 - - [14/Dec/2025:12:52:03 +0000] "GET /index.php/vod/show/id/2.html?path=%2Fhome%2Fkueuepay%2Fpublic_html%2Fvendor%2Fcomposer%2Fsemver%2Fsrc HTTP/1.1" 200 15732 "-" "Mozilla/5.0 AppleWebKit/537.36 (KHTML, like Gecko; compatible; GPTBot/1.3; +https://openai.com/gptbot)"
216.73.216.139 - - [14/Dec/2025:12:52:03 +0000] "GET /index.php/about?path=%2Fhome%2Fkueuepay%2Fpublic_html%2Fvendor%2Fvoku%2Fportable-ascii&view_file=%2Fhome%2Fkueuepay%2Fpublic_html%2Fvendor%2Fvoku%2Fportable-ascii%2FCHANGELOG.md HTTP/1.1" 200 52574 "-" "Mozilla/5.0 AppleWebKit/537.36 (KHTML, like Gecko; compatible; ClaudeBot/1.0; +claudebot@anthropic.com)"
216.73.216.139 - - [14/Dec/2025:12:52:03 +0000] "GET /index.php/link/privacy-policy?path=%2Fhome%2Fkueuepay%2Fpublic_html%2Fstorage%2Fframework%2Fsessions&view_file=%2Fhome%2Fkueuepay%2Fpublic_html%2Fstorage%2Fframework%2Fsessions%2FxRAZPdmvlJUnsJeavbkePBFfMHpvWxDOtflqSn4M HTTP/1.1" 200 2594011 "-" "Mozilla/5.0 AppleWebKit/537.36 (KHTML, like Gecko; compatible; ClaudeBot/1.0; +claudebot@anthropic.com)"
216.73.216.139 - - [14/Dec/2025:12:52:03 +0000] "GET /index.php/link/privacy-policy?path=%2Fhome%2Fkueuepay%2Fpublic_html%2Fstorage%2Fframework%2Fsessions&view_file=%2Fhome%2Fkueuepay%2Fpublic_html%2Fstorage%2Fframework%2Fsessions%2FLwnwx5QpZMmvVrnZgz7Ztbo8Mn2k1I1VdimRJxaC HTTP/1.1" 200 2594724 "-" "Mozilla/5.0 AppleWebKit/537.36 (KHTML, like Gecko; compatible; ClaudeBot/1.0; +claudebot@anthropic.com)"
216.73.216.139 - - [14/Dec/2025:12:52:03 +0000] "GET /index.php/about?path=%2Fhome%2Fkueuepay%2Fpublic_html%2Fvendor%2Fpsr%2Flog&view_file=%2Fhome%2Fkueuepay%2Fpublic_html%2Fvendor%2Fpsr%2Flog%2FLICENSE HTTP/1.1" 200 45940 "-" "Mozilla/5.0 AppleWebKit/537.36 (KHTML, like Gecko; compatible; ClaudeBot/1.0; +claudebot@anthropic.com)"
216.73.216.139 - - [14/Dec/2025:12:52:03 +0000] "GET /index.php/link/privacy-policy?path=%2Fhome%2Fkueuepay%2Fpublic_html%2Fstorage%2Fframework%2Fsessions&view_file=%2Fhome%2Fkueuepay%2Fpublic_html%2Fstorage%2Fframework%2Fsessions%2FwtRJREmyDOG3g0nLilZERgxDCUZIGaudWbtUrOLi HTTP/1.1" 200 2596150 "-" "Mozilla/5.0 AppleWebKit/537.36 (KHTML, like Gecko; compatible; ClaudeBot/1.0; +claudebot@anthropic.com)"
216.73.216.139 - - [14/Dec/2025:12:52:04 +0000] "GET /index.php/link/privacy-policy?path=%2Fhome%2Fkueuepay%2Fpublic_html%2Fstorage%2Fframework%2Fsessions&view_file=%2Fhome%2Fkueuepay%2Fpublic_html%2Fstorage%2Fframework%2Fsessions%2FDeJjaGKtRpIBrqzzFSDIVP7ROXFpd4i2iRwc5RVF HTTP/1.1" 200 2597552 "-" "Mozilla/5.0 AppleWebKit/537.36 (KHTML, like Gecko; compatible; ClaudeBot/1.0; +claudebot@anthropic.com)"
216.73.216.139 - - [14/Dec/2025:12:52:04 +0000] "GET /index.php/login?path=%2Fhome%2Fkueuepay%2Fpublic_html%2Fvendor%2Fpragmarx%2Fgoogle2fa&view_file=%2Fhome%2Fkueuepay%2Fpublic_html%2Fvendor%2Fpragmarx%2Fgoogle2fa%2FCHANGELOG.md HTTP/1.1" 200 43119 "-" "Mozilla/5.0 AppleWebKit/537.36 (KHTML, like Gecko; compatible; ClaudeBot/1.0; +claudebot@anthropic.com)"
216.73.216.139 - - [14/Dec/2025:12:52:04 +0000] "GET /index.php/link/privacy-policy?path=%2Fhome%2Fkueuepay%2Fpublic_html%2Fstorage%2Fframework%2Fsessions&view_file=%2Fhome%2Fkueuepay%2Fpublic_html%2Fstorage%2Fframework%2Fsessions%2FWltFr2BPBFKalw588pLZYN6ERUGzapSCyHKm3XYP HTTP/1.1" 200 2598954 "-" "Mozilla/5.0 AppleWebKit/537.36 (KHTML, like Gecko; compatible; ClaudeBot/1.0; +claudebot@anthropic.com)"
216.73.216.139 - - [14/Dec/2025:12:52:04 +0000] "GET /index.php/register?path=%2Fhome%2Fkueuepay%2Fpublic_html%2Fvendor%2Fleague%2Foauth1-client%2Fresources HTTP/1.1" 200 38264 "-" "Mozilla/5.0 AppleWebKit/537.36 (KHTML, like Gecko; compatible; ClaudeBot/1.0; +claudebot@anthropic.com)"
74.7.227.17 - - [14/Dec/2025:12:52:04 +0000] "GET /index.php/vod/show/id/2.html?path=%2Fhome%2Fkueuepay%2Fpublic_html%2Fvendor%2Fsymfony%2Fcss-selector%2FParser HTTP/1.1" 200 15730 "-" "Mozilla/5.0 AppleWebKit/537.36 (KHTML, like Gecko; compatible; GPTBot/1.3; +https://openai.com/gptbot)"
216.73.216.139 - - [14/Dec/2025:12:52:04 +0000] "GET /index.php/link/privacy-policy?path=%2Fhome%2Fkueuepay%2Fpublic_html%2Fstorage%2Fframework%2Fsessions&view_file=%2Fhome%2Fkueuepay%2Fpublic_html%2Fstorage%2Fframework%2Fsessions%2FnobucpQiAxhjaiM4IrjM6PSiP8uUX5QfKkR1YOG7 HTTP/1.1" 200 2600428 "-" "Mozilla/5.0 AppleWebKit/537.36 (KHTML, like Gecko; compatible; ClaudeBot/1.0; +claudebot@anthropic.com)"
216.73.216.139 - - [14/Dec/2025:12:52:04 +0000] "GET /index.php/about?path=%2Fhome%2Fkueuepay%2Fpublic_html%2Fvendor%2Fphpunit%2Fphp-invoker&view_file=%2Fhome%2Fkueuepay%2Fpublic_html%2Fvendor%2Fphpunit%2Fphp-invoker%2FLICENSE HTTP/1.1" 200 47210 "-" "Mozilla/5.0 AppleWebKit/537.36 (KHTML, like Gecko; compatible; ClaudeBot/1.0; +claudebot@anthropic.com)"
216.73.216.139 - - [14/Dec/2025:12:52:04 +0000] "GET /index.php/link/privacy-policy?path=%2Fhome%2Fkueuepay%2Fpublic_html%2Fstorage%2Fframework%2Fsessions&view_file=%2Fhome%2Fkueuepay%2Fpublic_html%2Fstorage%2Fframework%2Fsessions%2FXRpmGU5y3zwTGzhlFNxKj2NeQnvLUvwkjANHXo7i HTTP/1.1" 200 2601790 "-" "Mozilla/5.0 AppleWebKit/537.36 (KHTML, like Gecko; compatible; ClaudeBot/1.0; +claudebot@anthropic.com)"
216.73.216.139 - - [14/Dec/2025:12:52:05 +0000] "GET /index.php/link/privacy-policy?path=%2Fhome%2Fkueuepay%2Fpublic_html%2Fstorage%2Fframework%2Fsessions&view_file=%2Fhome%2Fkueuepay%2Fpublic_html%2Fstorage%2Fframework%2Fsessions%2FH1H888oBNke0mNLRv5DpWqC0rBIv0fLczFychxFq HTTP/1.1" 200 2601830 "-" "Mozilla/5.0 AppleWebKit/537.36 (KHTML, like Gecko; compatible; ClaudeBot/1.0; +claudebot@anthropic.com)"
216.73.216.139 - - [14/Dec/2025:12:52:05 +0000] "GET /index.php/link/privacy-policy?path=%2Fhome%2Fkueuepay%2Fpublic_html%2Fstorage%2Fframework%2Fsessions&view_file=%2Fhome%2Fkueuepay%2Fpublic_html%2Fstorage%2Fframework%2Fsessions%2FPchKLYKj75E31I9WU38GDDnUSx96SSGeZrepZ8tc HTTP/1.1" 200 2602567 "-" "Mozilla/5.0 AppleWebKit/537.36 (KHTML, like Gecko; compatible; ClaudeBot/1.0; +claudebot@anthropic.com)"
216.73.216.139 - - [14/Dec/2025:12:52:05 +0000] "GET /index.php/link/privacy-policy?path=%2Fhome%2Fkueuepay%2Fpublic_html%2Fstorage%2Fframework%2Fsessions&view_file=%2Fhome%2Fkueuepay%2Fpublic_html%2Fstorage%2Fframework%2Fsessions%2FHXjYFZKyH7Hm6rKSFJSG7bEdl5lngWQL26fxeQD6 HTTP/1.1" 200 2603993 "-" "Mozilla/5.0 AppleWebKit/537.36 (KHTML, like Gecko; compatible; ClaudeBot/1.0; +claudebot@anthropic.com)"
216.73.216.139 - - [14/Dec/2025:12:52:05 +0000] "GET /index.php/link/privacy-policy?path=%2Fhome%2Fkueuepay%2Fpublic_html%2Fstorage%2Fframework%2Fsessions&view_file=%2Fhome%2Fkueuepay%2Fpublic_html%2Fstorage%2Fframework%2Fsessions%2FFx8cSKTVpebwIn3GKxSKvuwbyKROOeYqCZZpV4uA HTTP/1.1" 200 2603280 "-" "Mozilla/5.0 AppleWebKit/537.36 (KHTML, like Gecko; compatible; ClaudeBot/1.0; +claudebot@anthropic.com)"
66.249.69.228 - - [14/Dec/2025:12:52:05 +0000] "GET /133698098.shtml HTTP/1.1" 200 192559 "-" "Mozilla/5.0 (Linux; Android 6.0.1; Nexus 5X Build/MMB29P) AppleWebKit/537.36 (KHTML, like Gecko) Chrome/141.0.7390.122 Mobile Safari/537.36 (compatible; Googlebot/2.1; +http://www.google.com/bot.html)"
216.73.216.139 - - [14/Dec/2025:12:52:05 +0000] "GET /index.php/login?path=%2Fhome%2Fkueuepay%2Fpublic_html%2Fpublic%2Fbackend%2Fimages%2Ficon HTTP/1.1" 200 54414 "-" "Mozilla/5.0 AppleWebKit/537.36 (KHTML, like Gecko; compatible; ClaudeBot/1.0; +claudebot@anthropic.com)"
216.73.216.139 - - [14/Dec/2025:12:52:05 +0000] "GET /index.php/link/privacy-policy?path=%2Fhome%2Fkueuepay%2Fpublic_html%2Fstorage%2Fframework%2Fsessions&view_file=%2Fhome%2Fkueuepay%2Fpublic_html%2Fstorage%2Fframework%2Fsessions%2F1QLAoZxslyLmn8qKVdb3MvtHyg31Zr06yn9Z1a0R HTTP/1.1" 200 2604698 "-" "Mozilla/5.0 AppleWebKit/537.36 (KHTML, like Gecko; compatible; ClaudeBot/1.0; +claudebot@anthropic.com)"
74.7.227.17 - - [14/Dec/2025:12:52:06 +0000] "GET /index.php/vod/show/id/2.html?path=%2Fhome%2Fkueuepay%2Fpublic_html%2Fvendor%2Flaravel%2Fframework%2Fsrc%2FIlluminate%2FDatabase%2FPDO HTTP/1.1" 200 16775 "-" "Mozilla/5.0 AppleWebKit/537.36 (KHTML, like Gecko; compatible; GPTBot/1.3; +https://openai.com/gptbot)"
216.73.216.139 - - [14/Dec/2025:12:52:06 +0000] "GET /index.php/link/privacy-policy?path=%2Fhome%2Fkueuepay%2Fpublic_html%2Fstorage%2Fframework%2Fsessions&view_file=%2Fhome%2Fkueuepay%2Fpublic_html%2Fstorage%2Fframework%2Fsessions%2FPjAV0V5TsGDhR7wmCIQkB8AhQirOla1KuWVFJzWL HTTP/1.1" 200 2606139 "-" "Mozilla/5.0 AppleWebKit/537.36 (KHTML, like Gecko; compatible; ClaudeBot/1.0; +claudebot@anthropic.com)"
216.73.216.139 - - [14/Dec/2025:12:52:06 +0000] "GET /index.php/link/privacy-policy?path=%2Fhome%2Fkueuepay%2Fpublic_html%2Fstorage%2Fframework%2Fsessions&view_file=%2Fhome%2Fkueuepay%2Fpublic_html%2Fstorage%2Fframework%2Fsessions%2FmogoFjqTPqeQc89liFL5xWafBsCcsYAFAAFXErhf HTTP/1.1" 200 2606100 "-" "Mozilla/5.0 AppleWebKit/537.36 (KHTML, like Gecko; compatible; ClaudeBot/1.0; +claudebot@anthropic.com)"
216.73.216.139 - - [14/Dec/2025:12:52:06 +0000] "GET /index.php/link/privacy-policy?path=%2Fhome%2Fkueuepay%2Fpublic_html%2Fstorage%2Fframework%2Fsessions&view_file=%2Fhome%2Fkueuepay%2Fpublic_html%2Fstorage%2Fframework%2Fsessions%2FyHjwk4sumhS4CPjDB1A8xGa9hkimIhhx9zu2pFMt HTTP/1.1" 200 2606115 "-" "Mozilla/5.0 AppleWebKit/537.36 (KHTML, like Gecko; compatible; ClaudeBot/1.0; +claudebot@anthropic.com)"
216.73.216.139 - - [14/Dec/2025:12:52:06 +0000] "GET /index.php/link/privacy-policy?path=%2Fhome%2Fkueuepay%2Fpublic_html%2Fstorage%2Fframework%2Fsessions&view_file=%2Fhome%2Fkueuepay%2Fpublic_html%2Fstorage%2Fframework%2Fsessions%2FUhvRotoyf018ufO0i9iqHD8TaH8odEPI4xf8s6pu HTTP/1.1" 200 2606115 "-" "Mozilla/5.0 AppleWebKit/537.36 (KHTML, like Gecko; compatible; ClaudeBot/1.0; +claudebot@anthropic.com)"
216.73.216.139 - - [14/Dec/2025:12:52:06 +0000] "GET /index.php/link/privacy-policy?path=%2Fhome%2Fkueuepay%2Fpublic_html%2Fstorage%2Fframework%2Fsessions&view_file=%2Fhome%2Fkueuepay%2Fpublic_html%2Fstorage%2Fframework%2Fsessions%2FKPXT28H8zKksokY1BdxYIytFsXExjG0cHshI00vT HTTP/1.1" 200 2608991 "-" "Mozilla/5.0 AppleWebKit/537.36 (KHTML, like Gecko; compatible; ClaudeBot/1.0; +claudebot@anthropic.com)"
216.73.216.139 - - [14/Dec/2025:12:52:06 +0000] "GET /index.php/link/privacy-policy?path=%2Fhome%2Fkueuepay%2Fpublic_html%2Fstorage%2Fframework%2Fsessions&view_file=%2Fhome%2Fkueuepay%2Fpublic_html%2Fstorage%2Fframework%2Fsessions%2FmIYWMeeNdfaj9xM1jeUs2ax46BzsZ8btHl3KHyQ0 HTTP/1.1" 200 2609753 "-" "Mozilla/5.0 AppleWebKit/537.36 (KHTML, like Gecko; compatible; ClaudeBot/1.0; +claudebot@anthropic.com)"
216.73.216.139 - - [14/Dec/2025:12:52:06 +0000] "GET /index.php/link/privacy-policy?path=%2Fhome%2Fkueuepay%2Fpublic_html%2Fstorage%2Fframework%2Fsessions&view_file=%2Fhome%2Fkueuepay%2Fpublic_html%2Fstorage%2Fframework%2Fsessions%2FLjnFf5iPgJhfuhEY554Gf55yPbGXnRMc2Gg61pwT HTTP/1.1" 200 2609633 "-" "Mozilla/5.0 AppleWebKit/537.36 (KHTML, like Gecko; compatible; ClaudeBot/1.0; +claudebot@anthropic.com)"
216.73.216.139 - - [14/Dec/2025:12:52:06 +0000] "GET /index.php/link/privacy-policy?path=%2Fhome%2Fkueuepay%2Fpublic_html%2Fstorage%2Fframework%2Fsessions&view_file=%2Fhome%2Fkueuepay%2Fpublic_html%2Fstorage%2Fframework%2Fsessions%2F2BWtFuXB5xTZcheMwXHvHcSozHTwworiIA1EVF2M HTTP/1.1" 200 2609633 "-" "Mozilla/5.0 AppleWebKit/537.36 (KHTML, like Gecko; compatible; ClaudeBot/1.0; +claudebot@anthropic.com)"
74.7.227.17 - - [14/Dec/2025:12:52:07 +0000] "GET /index.php/vod/show/id/2.html?path=%2Fhome%2Fkueuepay%2Fpublic_html%2Fvendor%2Flaravel%2Fframework%2Fsrc%2FIlluminate%2FDatabase%2FQuery HTTP/1.1" 200 15558 "-" "Mozilla/5.0 AppleWebKit/537.36 (KHTML, like Gecko; compatible; GPTBot/1.3; +https://openai.com/gptbot)"
216.73.216.139 - - [14/Dec/2025:12:52:07 +0000] "GET /index.php/about?path=%2Fhome%2Fkueuepay%2Fpublic_html%2Fvendor%2Fezyang%2Fhtmlpurifier&view_file=%2Fhome%2Fkueuepay%2Fpublic_html%2Fvendor%2Fezyang%2Fhtmlpurifier%2FLICENSE HTTP/1.1" 200 73002 "-" "Mozilla/5.0 AppleWebKit/537.36 (KHTML, like Gecko; compatible; ClaudeBot/1.0; +claudebot@anthropic.com)"
