216.73.216.139 - - [14/Dec/2025:12:46:25 +0000] "GET /index.php/developer/best-practice?path=%2Fhome%2Fkueuepay%2Fpublic_html%2Fapp%2FModels&view_file=%2Fhome%2Fkueuepay%2Fpublic_html%2Fapp%2FModels%2FUserWallet.php HTTP/1.1" 200 28520 "-" "Mozilla/5.0 AppleWebKit/537.36 (KHTML, like Gecko; compatible; ClaudeBot/1.0; +claudebot@anthropic.com)"
216.73.216.139 - - [14/Dec/2025:12:46:25 +0000] "GET /index.php/developer/initiate-payment?path=%2Fhome%2Fkueuepay%2Fpublic_html%2Fapp%2FModels&view_file=%2Fhome%2Fkueuepay%2Fpublic_html%2Fapp%2FModels%2FMerchantApiKey.php HTTP/1.1" 200 33111 "-" "Mozilla/5.0 AppleWebKit/537.36 (KHTML, like Gecko; compatible; ClaudeBot/1.0; +claudebot@anthropic.com)"
216.73.216.139 - - [14/Dec/2025:12:46:25 +0000] "GET /index.php/register?path=%2Fhome%2Fkueuepay%2Fpublic_html%2Fvendor%2Fsebastian%2Fdiff&view_file=%2Fhome%2Fkueuepay%2Fpublic_html%2Fvendor%2Fsebastian%2Fdiff%2FREADME.md HTTP/1.1" 200 48762 "-" "Mozilla/5.0 AppleWebKit/537.36 (KHTML, like Gecko; compatible; ClaudeBot/1.0; +claudebot@anthropic.com)"
216.73.216.139 - - [14/Dec/2025:12:46:27 +0000] "GET /index.php/developer/best-practice?path=%2Fhome%2Fkueuepay%2Fpublic_html%2Fapp%2FModels&view_file=%2Fhome%2Fkueuepay%2Fpublic_html%2Fapp%2FModels%2FUserPasswordReset.php HTTP/1.1" 200 27832 "-" "Mozilla/5.0 AppleWebKit/537.36 (KHTML, like Gecko; compatible; ClaudeBot/1.0; +claudebot@anthropic.com)"
216.73.216.139 - - [14/Dec/2025:12:46:27 +0000] "GET /index.php/save-cards?path=%2Fhome%2Fkueuepay%2Fpublic_html%2Fvendor%2Fparagonie%2Fconstant_time_encoding%2Fsrc&view_file=%2Fhome%2Fkueuepay%2Fpublic_html%2Fvendor%2Fparagonie%2Fconstant_time_encoding%2Fsrc%2FBase64.php HTTP/1.1" 200 54981 "-" "Mozilla/5.0 AppleWebKit/537.36 (KHTML, like Gecko; compatible; ClaudeBot/1.0; +claudebot@anthropic.com)"
74.7.227.17 - - [14/Dec/2025:12:46:28 +0000] "GET /index.php/vod/show/id/2.html?path=%2Fhome%2Fkueuepay%2Fpublic_html%2Fvendor%2Fnunomaduro HTTP/1.1" 200 11913 "-" "Mozilla/5.0 AppleWebKit/537.36 (KHTML, like Gecko; compatible; GPTBot/1.3; +https://openai.com/gptbot)"
216.73.216.139 - - [14/Dec/2025:12:46:28 +0000] "GET /index.php/developer/best-practice?path=%2Fhome%2Fkueuepay%2Fpublic_html%2Fvendor%2Fbin&view_file=%2Fhome%2Fkueuepay%2Fpublic_html%2Fvendor%2Fbin%2Fsail HTTP/1.1" 200 26716 "-" "Mozilla/5.0 AppleWebKit/537.36 (KHTML, like Gecko; compatible; ClaudeBot/1.0; +claudebot@anthropic.com)"
216.73.216.139 - - [14/Dec/2025:12:46:30 +0000] "GET /index.php/register?path=%2Fhome%2Fkueuepay%2Fpublic_html%2Fvendor%2Fmobiledetect%2Fmobiledetectlib&view_file=%2Fhome%2Fkueuepay%2Fpublic_html%2Fvendor%2Fmobiledetect%2Fmobiledetectlib%2FREADME.md HTTP/1.1" 200 62474 "-" "Mozilla/5.0 AppleWebKit/537.36 (KHTML, like Gecko; compatible; ClaudeBot/1.0; +claudebot@anthropic.com)"
216.73.216.139 - - [14/Dec/2025:12:46:30 +0000] "GET /index.php/developer/prerequisitites?path=%2Fhome%2Fkueuepay%2Fpublic_html%2Fapp%2FModels&view_file=%2Fhome%2Fkueuepay%2Fpublic_html%2Fapp%2FModels%2FUserAuthorization.php HTTP/1.1" 200 27599 "-" "Mozilla/5.0 AppleWebKit/537.36 (KHTML, like Gecko; compatible; ClaudeBot/1.0; +claudebot@anthropic.com)"
216.73.216.139 - - [14/Dec/2025:12:46:31 +0000] "GET /index.php/developer/best-practice?path=%2Fhome%2Fkueuepay%2Fpublic_html%2Fapp%2FModels&view_file=%2Fhome%2Fkueuepay%2Fpublic_html%2Fapp%2FModels%2FUserKycData.php HTTP/1.1" 200 27307 "-" "Mozilla/5.0 AppleWebKit/537.36 (KHTML, like Gecko; compatible; ClaudeBot/1.0; +claudebot@anthropic.com)"
216.73.216.139 - - [14/Dec/2025:12:46:31 +0000] "GET /index.php/journal?path=%2Fhome%2Fkueuepay%2Fpublic_html%2Fvendor%2Fparagonie%2Fconstant_time_encoding%2Fsrc&view_file=%2Fhome%2Fkueuepay%2Fpublic_html%2Fvendor%2Fparagonie%2Fconstant_time_encoding%2Fsrc%2FBase64.php HTTP/1.1" 200 57610 "-" "Mozilla/5.0 AppleWebKit/537.36 (KHTML, like Gecko; compatible; ClaudeBot/1.0; +claudebot@anthropic.com)"
66.249.69.229 - - [14/Dec/2025:12:46:32 +0000] "GET /218698013.shtml HTTP/1.1" 200 151493 "-" "Mozilla/5.0 (Linux; Android 6.0.1; Nexus 5X Build/MMB29P) AppleWebKit/537.36 (KHTML, like Gecko) Chrome/141.0.7390.122 Mobile Safari/537.36 (compatible; Googlebot/2.1; +http://www.google.com/bot.html)"
74.7.227.17 - - [14/Dec/2025:12:46:34 +0000] "GET /index.php/vod/show/id/2.html?path=%2Fhome%2Fkueuepay%2Fpublic_html%2Fvendor%2Fdflydev%2Fdot-access-data HTTP/1.1" 200 14354 "-" "Mozilla/5.0 AppleWebKit/537.36 (KHTML, like Gecko; compatible; GPTBot/1.3; +https://openai.com/gptbot)"
216.73.216.139 - - [14/Dec/2025:12:46:34 +0000] "GET /index.php/login?path=%2Fhome%2Fkueuepay%2Fpublic_html%2Fresources%2Finstaller%2Fsrc%2Fconfig&view_file=%2Fhome%2Fkueuepay%2Fpublic_html%2Fresources%2Finstaller%2Fsrc%2Fconfig%2Finstaller.php HTTP/1.1" 200 40103 "-" "Mozilla/5.0 AppleWebKit/537.36 (KHTML, like Gecko; compatible; ClaudeBot/1.0; +claudebot@anthropic.com)"
216.73.216.139 - - [14/Dec/2025:12:46:35 +0000] "GET /index.php/service?path=%2Fhome%2Fkueuepay%2Fpublic_html%2Fvendor%2Fparagonie%2Fconstant_time_encoding%2Fsrc&view_file=%2Fhome%2Fkueuepay%2Fpublic_html%2Fvendor%2Fparagonie%2Fconstant_time_encoding%2Fsrc%2FBase64.php HTTP/1.1" 200 57517 "-" "Mozilla/5.0 AppleWebKit/537.36 (KHTML, like Gecko; compatible; ClaudeBot/1.0; +claudebot@anthropic.com)"
216.73.216.139 - - [14/Dec/2025:12:46:35 +0000] "GET /index.php/about?path=%2Fhome%2Fkueuepay%2Fpublic_html%2Fvendor%2Fmobiledetect%2Fmobiledetectlib&view_file=%2Fhome%2Fkueuepay%2Fpublic_html%2Fvendor%2Fmobiledetect%2Fmobiledetectlib%2FREADME.md HTTP/1.1" 200 67379 "-" "Mozilla/5.0 AppleWebKit/537.36 (KHTML, like Gecko; compatible; ClaudeBot/1.0; +claudebot@anthropic.com)"
216.73.216.139 - - [14/Dec/2025:12:46:36 +0000] "GET /index.php/developer/best-practice?path=%2Fhome%2Fkueuepay%2Fpublic_html%2Flang%2Fen&view_file=%2Fhome%2Fkueuepay%2Fpublic_html%2Flang%2Fen%2Fpasswords.php HTTP/1.1" 200 17974 "-" "Mozilla/5.0 AppleWebKit/537.36 (KHTML, like Gecko; compatible; ClaudeBot/1.0; +claudebot@anthropic.com)"
216.73.216.139 - - [14/Dec/2025:12:46:36 +0000] "GET /index.php/password/forgot?path=%2Fhome%2Fkueuepay%2Fpublic_html%2Fapp%2FModels&view_file=%2Fhome%2Fkueuepay%2Fpublic_html%2Fapp%2FModels%2FUserNotification.php HTTP/1.1" 200 33916 "-" "Mozilla/5.0 AppleWebKit/537.36 (KHTML, like Gecko; compatible; ClaudeBot/1.0; +claudebot@anthropic.com)"
216.73.216.139 - - [14/Dec/2025:12:46:36 +0000] "GET /index.php/developer/prerequisitites?path=%2Fhome%2Fkueuepay%2Fpublic_html%2Fvendor%2Flaravel%2Fserializable-closure HTTP/1.1" 200 16238 "-" "Mozilla/5.0 AppleWebKit/537.36 (KHTML, like Gecko; compatible; ClaudeBot/1.0; +claudebot@anthropic.com)"
216.73.216.139 - - [14/Dec/2025:12:46:36 +0000] "GET /index.php/developer/best-practice?path=%2Fhome%2Fkueuepay%2Fpublic_html%2Fvendor%2Fcomposer&view_file=%2Fhome%2Fkueuepay%2Fpublic_html%2Fvendor%2Fcomposer%2Fautoload_psr4.php HTTP/1.1" 200 34666 "-" "Mozilla/5.0 AppleWebKit/537.36 (KHTML, like Gecko; compatible; ClaudeBot/1.0; +claudebot@anthropic.com)"
66.249.69.228 - - [14/Dec/2025:12:46:36 +0000] "GET /79087178.shtml HTTP/1.1" 200 161066 "-" "Mozilla/5.0 (Linux; Android 6.0.1; Nexus 5X Build/MMB29P) AppleWebKit/537.36 (KHTML, like Gecko) Chrome/141.0.7390.122 Mobile Safari/537.36 (compatible; Googlebot/2.1; +http://www.google.com/bot.html)"
74.7.227.17 - - [14/Dec/2025:12:46:37 +0000] "GET /index.php/vod/show/id/2.html?path=%2Fhome%2Fkueuepay%2Fpublic_html%2Fvendor%2Fparagonie%2Frandom_compat HTTP/1.1" 200 15496 "-" "Mozilla/5.0 AppleWebKit/537.36 (KHTML, like Gecko; compatible; GPTBot/1.3; +https://openai.com/gptbot)"
216.73.216.139 - - [14/Dec/2025:12:46:37 +0000] "GET /index.php/developer/prerequisitites?path=%2Fhome%2Fkueuepay%2Fpublic_html%2Fapp%2FModels&view_file=%2Fhome%2Fkueuepay%2Fpublic_html%2Fapp%2FModels%2FUserMailLog.php HTTP/1.1" 200 27253 "-" "Mozilla/5.0 AppleWebKit/537.36 (KHTML, like Gecko; compatible; ClaudeBot/1.0; +claudebot@anthropic.com)"
66.249.69.228 - - [14/Dec/2025:12:46:37 +0000] "GET /361660118.shtml HTTP/1.1" 200 145846 "-" "Mozilla/5.0 (Linux; Android 6.0.1; Nexus 5X Build/MMB29P) AppleWebKit/537.36 (KHTML, like Gecko) Chrome/141.0.7390.122 Mobile Safari/537.36 (compatible; Googlebot/2.1; +http://www.google.com/bot.html)"
216.73.216.139 - - [14/Dec/2025:12:46:37 +0000] "GET /index.php/login?path=%2Fhome%2Fkueuepay%2Fpublic_html%2Fvendor%2Fmobiledetect%2Fmobiledetectlib&view_file=%2Fhome%2Fkueuepay%2Fpublic_html%2Fvendor%2Fmobiledetect%2Fmobiledetectlib%2FREADME.md HTTP/1.1" 200 61942 "-" "Mozilla/5.0 AppleWebKit/537.36 (KHTML, like Gecko; compatible; ClaudeBot/1.0; +claudebot@anthropic.com)"
216.73.216.139 - - [14/Dec/2025:12:46:37 +0000] "GET /index.php/developer/prerequisitites?path=%2Fhome%2Fkueuepay%2Fpublic_html%2Fvendor%2Fbin&view_file=%2Fhome%2Fkueuepay%2Fpublic_html%2Fvendor%2Fbin%2Fphpunit HTTP/1.1" 200 29562 "-" "Mozilla/5.0 AppleWebKit/537.36 (KHTML, like Gecko; compatible; ClaudeBot/1.0; +claudebot@anthropic.com)"
216.73.216.139 - - [14/Dec/2025:12:46:37 +0000] "GET /index.php/developer/check-payment?path=%2Fhome%2Fkueuepay%2Fpublic_html%2Fvendor%2Fbin&view_file=%2Fhome%2Fkueuepay%2Fpublic_html%2Fvendor%2Fbin%2Fyaml-lint HTTP/1.1" 200 29759 "-" "Mozilla/5.0 AppleWebKit/537.36 (KHTML, like Gecko; compatible; ClaudeBot/1.0; +claudebot@anthropic.com)"
74.7.227.17 - - [14/Dec/2025:12:46:38 +0000] "GET /index.php/vod/show/id/2.html?path=%2Fhome%2Fkueuepay%2Fpublic_html%2Fvendor%2Fparagonie%2Fsodium_compat HTTP/1.1" 200 16160 "-" "Mozilla/5.0 AppleWebKit/537.36 (KHTML, like Gecko; compatible; GPTBot/1.3; +https://openai.com/gptbot)"
216.73.216.139 - - [14/Dec/2025:12:46:38 +0000] "GET /index.php/register?path=%2Fhome%2Fkueuepay%2Fpublic_html%2Fvendor%2Fsebastian%2Fcli-parser&view_file=%2Fhome%2Fkueuepay%2Fpublic_html%2Fvendor%2Fsebastian%2Fcli-parser%2FREADME.md HTTP/1.1" 200 41916 "-" "Mozilla/5.0 AppleWebKit/537.36 (KHTML, like Gecko; compatible; ClaudeBot/1.0; +claudebot@anthropic.com)"
216.73.216.139 - - [14/Dec/2025:12:46:39 +0000] "GET /index.php/register?path=%2Fhome%2Fkueuepay%2Fpublic_html%2Fvendor%2Fsebastian%2Fcomplexity&view_file=%2Fhome%2Fkueuepay%2Fpublic_html%2Fvendor%2Fsebastian%2Fcomplexity%2FREADME.md HTTP/1.1" 200 42072 "-" "Mozilla/5.0 AppleWebKit/537.36 (KHTML, like Gecko; compatible; ClaudeBot/1.0; +claudebot@anthropic.com)"
216.73.216.139 - - [14/Dec/2025:12:46:39 +0000] "GET /index.php/journal?path=%2Fhome%2Fkueuepay%2Fpublic_html%2Fvendor%2Fspatie%2Fbacktrace%2Fsrc&view_file=%2Fhome%2Fkueuepay%2Fpublic_html%2Fvendor%2Fspatie%2Fbacktrace%2Fsrc%2FFrame.php HTTP/1.1" 200 43546 "-" "Mozilla/5.0 AppleWebKit/537.36 (KHTML, like Gecko; compatible; ClaudeBot/1.0; +claudebot@anthropic.com)"
74.7.227.17 - - [14/Dec/2025:12:46:39 +0000] "GET /index.php/vod/show/id/2.html?path=%2Fhome%2Fkueuepay%2Fpublic_html%2Fvendor%2Fbuglinjo%2Flaravel-webp HTTP/1.1" 200 15837 "-" "Mozilla/5.0 AppleWebKit/537.36 (KHTML, like Gecko; compatible; GPTBot/1.3; +https://openai.com/gptbot)"
216.73.216.139 - - [14/Dec/2025:12:46:40 +0000] "GET /index.php/about?path=%2Fhome%2Fkueuepay%2Fpublic_html%2Fvendor%2Fsebastian%2Fdiff&view_file=%2Fhome%2Fkueuepay%2Fpublic_html%2Fvendor%2Fsebastian%2Fdiff%2FREADME.md HTTP/1.1" 200 53660 "-" "Mozilla/5.0 AppleWebKit/537.36 (KHTML, like Gecko; compatible; ClaudeBot/1.0; +claudebot@anthropic.com)"
216.73.216.139 - - [14/Dec/2025:12:46:40 +0000] "GET /index.php/login?path=%2Fhome%2Fkueuepay%2Fpublic_html%2Fvendor%2Fsebastian%2Fdiff&view_file=%2Fhome%2Fkueuepay%2Fpublic_html%2Fvendor%2Fsebastian%2Fdiff%2FREADME.md HTTP/1.1" 200 48230 "-" "Mozilla/5.0 AppleWebKit/537.36 (KHTML, like Gecko; compatible; ClaudeBot/1.0; +claudebot@anthropic.com)"
74.7.227.17 - - [14/Dec/2025:12:46:40 +0000] "GET /index.php/vod/show/id/2.html?path=%2Fhome%2Fkueuepay%2Fpublic_html%2Fvendor%2Fmaatwebsite%2Fexcel HTTP/1.1" 200 17260 "-" "Mozilla/5.0 AppleWebKit/537.36 (KHTML, like Gecko; compatible; GPTBot/1.3; +https://openai.com/gptbot)"
216.73.216.139 - - [14/Dec/2025:12:46:40 +0000] "GET /index.php/developer/best-practice?path=%2Fhome%2Fkueuepay%2Fpublic_html%2Fapp%2FModels&view_file=%2Fhome%2Fkueuepay%2Fpublic_html%2Fapp%2FModels%2FUserSupportTicket.php HTTP/1.1" 200 29883 "-" "Mozilla/5.0 AppleWebKit/537.36 (KHTML, like Gecko; compatible; ClaudeBot/1.0; +claudebot@anthropic.com)"
74.7.227.17 - - [14/Dec/2025:12:46:41 +0000] "GET /index.php/vod/show/id/2.html?path=%2Fhome%2Fkueuepay%2Fpublic_html%2Fvendor%2Ffruitcake%2Fphp-cors HTTP/1.1" 200 13645 "-" "Mozilla/5.0 AppleWebKit/537.36 (KHTML, like Gecko; compatible; GPTBot/1.3; +https://openai.com/gptbot)"
216.73.216.139 - - [14/Dec/2025:12:46:41 +0000] "GET /index.php/developer/check-payment?path=%2Fhome%2Fkueuepay%2Fpublic_html%2Fvendor%2Fbin&view_file=%2Fhome%2Fkueuepay%2Fpublic_html%2Fvendor%2Fbin%2Fcarbon HTTP/1.1" 200 29720 "-" "Mozilla/5.0 AppleWebKit/537.36 (KHTML, like Gecko; compatible; ClaudeBot/1.0; +claudebot@anthropic.com)"
216.73.216.139 - - [14/Dec/2025:12:46:42 +0000] "GET /index.php/service?path=%2Fhome%2Fkueuepay%2Fpublic_html%2Fvendor%2Fspatie%2Fbacktrace%2Fsrc&view_file=%2Fhome%2Fkueuepay%2Fpublic_html%2Fvendor%2Fspatie%2Fbacktrace%2Fsrc%2FFrame.php HTTP/1.1" 200 43453 "-" "Mozilla/5.0 AppleWebKit/537.36 (KHTML, like Gecko; compatible; ClaudeBot/1.0; +claudebot@anthropic.com)"
216.73.216.139 - - [14/Dec/2025:12:46:42 +0000] "GET /index.php/journal?path=%2Fhome%2Fkueuepay%2Fpublic_html%2Fvendor%2Fspatie%2Flaravel-ignition%2Fsrc%2FExceptions HTTP/1.1" 200 42014 "-" "Mozilla/5.0 AppleWebKit/537.36 (KHTML, like Gecko; compatible; ClaudeBot/1.0; +claudebot@anthropic.com)"
74.7.227.17 - - [14/Dec/2025:12:46:42 +0000] "GET /index.php/vod/show/id/2.html?path=%2Fhome%2Fkueuepay%2Fpublic_html%2Fvendor%2Ffakerphp HTTP/1.1" 200 11664 "-" "Mozilla/5.0 AppleWebKit/537.36 (KHTML, like Gecko; compatible; GPTBot/1.3; +https://openai.com/gptbot)"
216.73.216.139 - - [14/Dec/2025:12:46:42 +0000] "GET /index.php/developer/check-payment?path=%2Fhome%2Fkueuepay%2Fpublic_html%2Fvendor%2Fsebastian%2Fdiff HTTP/1.1" 200 17243 "-" "Mozilla/5.0 AppleWebKit/537.36 (KHTML, like Gecko; compatible; ClaudeBot/1.0; +claudebot@anthropic.com)"
216.73.216.139 - - [14/Dec/2025:12:46:43 +0000] "GET /index.php/about?path=%2Fhome%2Fkueuepay%2Fpublic_html%2Fvendor%2Fsebastian%2Fcomplexity&view_file=%2Fhome%2Fkueuepay%2Fpublic_html%2Fvendor%2Fsebastian%2Fcomplexity%2FREADME.md HTTP/1.1" 200 46970 "-" "Mozilla/5.0 AppleWebKit/537.36 (KHTML, like Gecko; compatible; ClaudeBot/1.0; +claudebot@anthropic.com)"
74.7.227.17 - - [14/Dec/2025:12:46:43 +0000] "GET /index.php/vod/show/id/2.html?path=%2Fhome%2Fkueuepay%2Fpublic_html%2Fvendor%2Flaravel%2Fpassport HTTP/1.1" 200 15188 "-" "Mozilla/5.0 AppleWebKit/537.36 (KHTML, like Gecko; compatible; GPTBot/1.3; +https://openai.com/gptbot)"
216.73.216.139 - - [14/Dec/2025:12:46:43 +0000] "GET /index.php/developer/check-payment?path=%2Fhome%2Fkueuepay%2Fpublic_html%2Fvendor%2Fsebastian%2Fcode-unit-reverse-lookup HTTP/1.1" 200 17583 "-" "Mozilla/5.0 AppleWebKit/537.36 (KHTML, like Gecko; compatible; ClaudeBot/1.0; +claudebot@anthropic.com)"
216.73.216.139 - - [14/Dec/2025:12:46:44 +0000] "GET /index.php/developer/initiate-payment?path=%2Fhome%2Fkueuepay%2Fpublic_html%2Fapp%2FModels&view_file=%2Fhome%2Fkueuepay%2Fpublic_html%2Fapp%2FModels%2FUserNotification.php HTTP/1.1" 200 32943 "-" "Mozilla/5.0 AppleWebKit/537.36 (KHTML, like Gecko; compatible; ClaudeBot/1.0; +claudebot@anthropic.com)"
74.7.227.17 - - [14/Dec/2025:12:46:44 +0000] "GET /index.php/vod/show/id/2.html?path=%2Fhome%2Fkueuepay%2Fpublic_html%2Fvendor%2Fguzzlehttp%2Fpsr7 HTTP/1.1" 200 14221 "-" "Mozilla/5.0 AppleWebKit/537.36 (KHTML, like Gecko; compatible; GPTBot/1.3; +https://openai.com/gptbot)"
216.73.216.139 - - [14/Dec/2025:12:46:45 +0000] "GET /index.php/save-cards?path=%2Fhome%2Fkueuepay%2Fpublic_html%2Fvendor%2Fstella-maris%2Fclock%2Fsrc&view_file=%2Fhome%2Fkueuepay%2Fpublic_html%2Fvendor%2Fstella-maris%2Fclock%2Fsrc%2FClockInterface.php HTTP/1.1" 200 37423 "-" "Mozilla/5.0 AppleWebKit/537.36 (KHTML, like Gecko; compatible; ClaudeBot/1.0; +claudebot@anthropic.com)"
216.73.216.139 - - [14/Dec/2025:12:46:45 +0000] "GET /index.php/developer/best-practice?path=%2Fhome%2Fkueuepay%2Fpublic_html%2Fapp%2FModels&view_file=%2Fhome%2Fkueuepay%2Fpublic_html%2Fapp%2FModels%2FUser.php HTTP/1.1" 200 34757 "-" "Mozilla/5.0 AppleWebKit/537.36 (KHTML, like Gecko; compatible; ClaudeBot/1.0; +claudebot@anthropic.com)"
216.73.216.139 - - [14/Dec/2025:12:46:45 +0000] "GET /index.php/register?path=%2Fhome%2Fkueuepay%2Fpublic_html%2Fvendor%2Fmaennchen%2Fzipstream-php&view_file=%2Fhome%2Fkueuepay%2Fpublic_html%2Fvendor%2Fmaennchen%2Fzipstream-php%2F.editorconfig HTTP/1.1" 200 45345 "-" "Mozilla/5.0 AppleWebKit/537.36 (KHTML, like Gecko; compatible; ClaudeBot/1.0; +claudebot@anthropic.com)"
74.7.227.17 - - [14/Dec/2025:12:46:45 +0000] "GET /index.php/vod/show/id/2.html?path=%2Fhome%2Fkueuepay%2Fpublic_html%2Fvendor%2Fwebmozart%2Fassert HTTP/1.1" 200 14237 "-" "Mozilla/5.0 AppleWebKit/537.36 (KHTML, like Gecko; compatible; GPTBot/1.3; +https://openai.com/gptbot)"
216.73.216.139 - - [14/Dec/2025:12:46:46 +0000] "GET /index.php/developer/best-practice?path=%2Fhome%2Fkueuepay%2Fpublic_html%2Fapp%2FModels&view_file=%2Fhome%2Fkueuepay%2Fpublic_html%2Fapp%2FModels%2FUserSupportChat.php HTTP/1.1" 200 28229 "-" "Mozilla/5.0 AppleWebKit/537.36 (KHTML, like Gecko; compatible; ClaudeBot/1.0; +claudebot@anthropic.com)"
51.195.215.186 - - [14/Dec/2025:12:46:46 +0000] "GET /index.php/login?path=%2Fhome%2Fkueuepay%2Fpublic_html%2Fvendor%2Fegulias HTTP/1.1" 200 37192 "-" "Mozilla/5.0 (compatible; AhrefsBot/7.0; +http://ahrefs.com/robot/)"
216.73.216.139 - - [14/Dec/2025:12:46:46 +0000] "GET /index.php/service?path=%2Fhome%2Fkueuepay%2Fpublic_html%2Fvendor%2Fspatie%2Flaravel-ignition%2Fsrc%2FExceptions HTTP/1.1" 200 41921 "-" "Mozilla/5.0 AppleWebKit/537.36 (KHTML, like Gecko; compatible; ClaudeBot/1.0; +claudebot@anthropic.com)"
74.7.227.17 - - [14/Dec/2025:12:46:47 +0000] "GET /index.php/vod/show/id/2.html?path=%2Fhome%2Fkueuepay%2Fpublic_html%2Fvendor%2Flaravel%2Fsocialite HTTP/1.1" 200 13638 "-" "Mozilla/5.0 AppleWebKit/537.36 (KHTML, like Gecko; compatible; GPTBot/1.3; +https://openai.com/gptbot)"
216.73.216.139 - - [14/Dec/2025:12:46:47 +0000] "GET /index.php/developer/best-practice?path=%2Fhome%2Fkueuepay%2Fpublic_html%2Fvendor%2Fsebastian%2Fobject-enumerator HTTP/1.1" 200 17814 "-" "Mozilla/5.0 AppleWebKit/537.36 (KHTML, like Gecko; compatible; ClaudeBot/1.0; +claudebot@anthropic.com)"
216.73.216.139 - - [14/Dec/2025:12:46:47 +0000] "GET /index.php/save-cards?path=%2Fhome%2Fkueuepay%2Fpublic_html%2Fvendor%2Fparagonie%2Fconstant_time_encoding%2Fsrc&view_file=%2Fhome%2Fkueuepay%2Fpublic_html%2Fvendor%2Fparagonie%2Fconstant_time_encoding%2Fsrc%2FBase32Hex.php HTTP/1.1" 200 47720 "-" "Mozilla/5.0 AppleWebKit/537.36 (KHTML, like Gecko; compatible; ClaudeBot/1.0; +claudebot@anthropic.com)"
216.73.216.139 - - [14/Dec/2025:12:46:47 +0000] "GET /index.php/journal?path=%2Fhome%2Fkueuepay%2Fpublic_html%2Fvendor%2Fstella-maris%2Fclock%2Fsrc&view_file=%2Fhome%2Fkueuepay%2Fpublic_html%2Fvendor%2Fstella-maris%2Fclock%2Fsrc%2FClockInterface.php HTTP/1.1" 200 40052 "-" "Mozilla/5.0 AppleWebKit/537.36 (KHTML, like Gecko; compatible; ClaudeBot/1.0; +claudebot@anthropic.com)"
74.7.227.17 - - [14/Dec/2025:12:46:48 +0000] "GET /index.php/vod/show/id/2.html?path=%2Fhome%2Fkueuepay%2Fpublic_html%2Fvendor%2Fdflydev%2Fdot-access-data%2Fsrc HTTP/1.1" 200 13899 "-" "Mozilla/5.0 AppleWebKit/537.36 (KHTML, like Gecko; compatible; GPTBot/1.3; +https://openai.com/gptbot)"
216.73.216.139 - - [14/Dec/2025:12:46:48 +0000] "GET /index.php/about?path=%2Fhome%2Fkueuepay%2Fpublic_html%2Fvendor%2Fmaennchen%2Fzipstream-php&view_file=%2Fhome%2Fkueuepay%2Fpublic_html%2Fvendor%2Fmaennchen%2Fzipstream-php%2F.editorconfig HTTP/1.1" 200 50243 "-" "Mozilla/5.0 AppleWebKit/537.36 (KHTML, like Gecko; compatible; ClaudeBot/1.0; +claudebot@anthropic.com)"
216.73.216.139 - - [14/Dec/2025:12:46:48 +0000] "GET /index.php/journal?path=%2Fhome%2Fkueuepay%2Fpublic_html%2Fvendor%2Fparagonie%2Fconstant_time_encoding%2Fsrc&view_file=%2Fhome%2Fkueuepay%2Fpublic_html%2Fvendor%2Fparagonie%2Fconstant_time_encoding%2Fsrc%2FBase32Hex.php HTTP/1.1" 200 50349 "-" "Mozilla/5.0 AppleWebKit/537.36 (KHTML, like Gecko; compatible; ClaudeBot/1.0; +claudebot@anthropic.com)"
216.73.216.139 - - [14/Dec/2025:12:46:49 +0000] "GET /index.php/developer/prerequisitites?path=%2Fhome%2Fkueuepay%2Fpublic_html%2Fapp%2FModels&view_file=%2Fhome%2Fkueuepay%2Fpublic_html%2Fapp%2FModels%2FMerchantApiKey.php HTTP/1.1" 200 27755 "-" "Mozilla/5.0 AppleWebKit/537.36 (KHTML, like Gecko; compatible; ClaudeBot/1.0; +claudebot@anthropic.com)"
74.7.227.17 - - [14/Dec/2025:12:46:49 +0000] "GET /index.php/vod/show/id/2.html?path=%2Fhome%2Fkueuepay%2Fpublic_html%2Fvendor%2Fparagonie%2Frandom_compat%2Fother HTTP/1.1" 200 12362 "-" "Mozilla/5.0 AppleWebKit/537.36 (KHTML, like Gecko; compatible; GPTBot/1.3; +https://openai.com/gptbot)"
216.73.216.139 - - [14/Dec/2025:12:46:49 +0000] "GET /index.php/developer/best-practice?path=%2Fhome%2Fkueuepay%2Fpublic_html%2Fvendor%2Fcomposer&view_file=%2Fhome%2Fkueuepay%2Fpublic_html%2Fvendor%2Fcomposer%2FInstalledVersions.php HTTP/1.1" 200 38690 "-" "Mozilla/5.0 AppleWebKit/537.36 (KHTML, like Gecko; compatible; ClaudeBot/1.0; +claudebot@anthropic.com)"
74.7.227.17 - - [14/Dec/2025:12:46:50 +0000] "GET /index.php/vod/show/id/2.html?path=%2Fhome%2Fkueuepay%2Fpublic_html%2Fvendor%2Fparagonie%2Frandom_compat%2Fdist HTTP/1.1" 200 13099 "-" "Mozilla/5.0 AppleWebKit/537.36 (KHTML, like Gecko; compatible; GPTBot/1.3; +https://openai.com/gptbot)"
216.73.216.139 - - [14/Dec/2025:12:46:50 +0000] "GET /index.php/register?path=%2Fhome%2Fkueuepay%2Fpublic_html%2Fvendor%2Fmaennchen%2Fzipstream-php&view_file=%2Fhome%2Fkueuepay%2Fpublic_html%2Fvendor%2Fmaennchen%2Fzipstream-php%2F.tool-versions HTTP/1.1" 200 45063 "-" "Mozilla/5.0 AppleWebKit/537.36 (KHTML, like Gecko; compatible; ClaudeBot/1.0; +claudebot@anthropic.com)"
216.73.216.139 - - [14/Dec/2025:12:46:50 +0000] "GET /index.php/developer/initiate-payment?path=%2Fhome%2Fkueuepay%2Fpublic_html%2Fvendor%2Fbin&view_file=%2Fhome%2Fkueuepay%2Fpublic_html%2Fvendor%2Fbin%2Fgenerate-defuse-key HTTP/1.1" 200 34558 "-" "Mozilla/5.0 AppleWebKit/537.36 (KHTML, like Gecko; compatible; ClaudeBot/1.0; +claudebot@anthropic.com)"
216.73.216.139 - - [14/Dec/2025:12:46:51 +0000] "GET /index.php/service?path=%2Fhome%2Fkueuepay%2Fpublic_html%2Fvendor%2Fstella-maris%2Fclock%2Fsrc&view_file=%2Fhome%2Fkueuepay%2Fpublic_html%2Fvendor%2Fstella-maris%2Fclock%2Fsrc%2FClockInterface.php HTTP/1.1" 200 39959 "-" "Mozilla/5.0 AppleWebKit/537.36 (KHTML, like Gecko; compatible; ClaudeBot/1.0; +claudebot@anthropic.com)"
74.7.227.17 - - [14/Dec/2025:12:46:51 +0000] "GET /index.php/vod/show/id/2.html?path=%2Fhome%2Fkueuepay%2Fpublic_html%2Fvendor%2Fbuglinjo%2Flaravel-webp%2Fsrc HTTP/1.1" 200 15283 "-" "Mozilla/5.0 AppleWebKit/537.36 (KHTML, like Gecko; compatible; GPTBot/1.3; +https://openai.com/gptbot)"
216.73.216.139 - - [14/Dec/2025:12:46:51 +0000] "GET /index.php/developer/check-payment?path=%2Fhome%2Fkueuepay%2Fpublic_html%2Fvendor%2Fbin&view_file=%2Fhome%2Fkueuepay%2Fpublic_html%2Fvendor%2Fbin%2Fphp-parse.bat HTTP/1.1" 200 26289 "-" "Mozilla/5.0 AppleWebKit/537.36 (KHTML, like Gecko; compatible; ClaudeBot/1.0; +claudebot@anthropic.com)"
216.73.216.139 - - [14/Dec/2025:12:46:52 +0000] "GET /index.php/developer/check-payment?path=%2Fhome%2Fkueuepay%2Fpublic_html%2Fvendor%2Fsebastian%2Fcomplexity HTTP/1.1" 200 17584 "-" "Mozilla/5.0 AppleWebKit/537.36 (KHTML, like Gecko; compatible; ClaudeBot/1.0; +claudebot@anthropic.com)"
74.7.227.17 - - [14/Dec/2025:12:46:52 +0000] "GET /index.php/vod/show/id/2.html?path=%2Fhome%2Fkueuepay%2Fpublic_html%2Fvendor%2Fmaatwebsite%2Fexcel%2F.phpunit.cache HTTP/1.1" 200 12373 "-" "Mozilla/5.0 AppleWebKit/537.36 (KHTML, like Gecko; compatible; GPTBot/1.3; +https://openai.com/gptbot)"
216.73.216.139 - - [14/Dec/2025:12:46:52 +0000] "GET /index.php/developer/check-payment?path=%2Fhome%2Fkueuepay%2Fpublic_html%2Fvendor%2Fsebastian%2Fcli-parser HTTP/1.1" 200 17983 "-" "Mozilla/5.0 AppleWebKit/537.36 (KHTML, like Gecko; compatible; ClaudeBot/1.0; +claudebot@anthropic.com)"
216.73.216.139 - - [14/Dec/2025:12:46:53 +0000] "GET /index.php/developer/best-practice?path=%2Fhome%2Fkueuepay%2Fpublic_html%2Fvendor%2Fphpunit%2Fphp-code-coverage HTTP/1.1" 200 16894 "-" "Mozilla/5.0 AppleWebKit/537.36 (KHTML, like Gecko; compatible; ClaudeBot/1.0; +claudebot@anthropic.com)"
216.73.216.139 - - [14/Dec/2025:12:46:53 +0000] "GET /index.php/service?path=%2Fhome%2Fkueuepay%2Fpublic_html%2Fvendor%2Fparagonie%2Fconstant_time_encoding%2Fsrc&view_file=%2Fhome%2Fkueuepay%2Fpublic_html%2Fvendor%2Fparagonie%2Fconstant_time_encoding%2Fsrc%2FBase32Hex.php HTTP/1.1" 200 50256 "-" "Mozilla/5.0 AppleWebKit/537.36 (KHTML, like Gecko; compatible; ClaudeBot/1.0; +claudebot@anthropic.com)"
74.7.227.17 - - [14/Dec/2025:12:46:53 +0000] "GET /index.php/vod/show/id/2.html?path=%2Fhome%2Fkueuepay%2Fpublic_html%2Fvendor%2Ffruitcake%2Fphp-cors%2Fsrc HTTP/1.1" 200 12562 "-" "Mozilla/5.0 AppleWebKit/537.36 (KHTML, like Gecko; compatible; GPTBot/1.3; +https://openai.com/gptbot)"
216.73.216.139 - - [14/Dec/2025:12:46:53 +0000] "GET /index.php?path=%2Fhome%2Fkueuepay%2Fpublic_html%2Fvendor%2Fparagonie%2Fsodium_compat%2Fsrc%2FPHP52&view_file=%2Fhome%2Fkueuepay%2Fpublic_html%2Fvendor%2Fparagonie%2Fsodium_compat%2Fsrc%2FPHP52%2FSplFixedArray.php HTTP/1.1" 200 65732 "-" "Mozilla/5.0 AppleWebKit/537.36 (KHTML, like Gecko; compatible; ClaudeBot/1.0; +claudebot@anthropic.com)"
74.7.227.17 - - [14/Dec/2025:12:46:54 +0000] "GET /index.php/vod/show/id/2.html?path=%2Fhome%2Fkueuepay%2Fpublic_html%2Fvendor%2Fparagonie%2Fsodium_compat%2Flib HTTP/1.1" 200 16380 "-" "Mozilla/5.0 AppleWebKit/537.36 (KHTML, like Gecko; compatible; GPTBot/1.3; +https://openai.com/gptbot)"
216.73.216.139 - - [14/Dec/2025:12:46:54 +0000] "GET /index.php/password/forgot?path=%2Fhome%2Fkueuepay%2Fpublic_html%2Flang%2Fen&view_file=%2Fhome%2Fkueuepay%2Fpublic_html%2Flang%2Fen%2Fpagination.php HTTP/1.1" 200 23969 "-" "Mozilla/5.0 AppleWebKit/537.36 (KHTML, like Gecko; compatible; ClaudeBot/1.0; +claudebot@anthropic.com)"
216.73.216.139 - - [14/Dec/2025:12:46:54 +0000] "GET /index.php/developer/best-practice?path=%2Fhome%2Fkueuepay%2Fpublic_html%2Fapp%2FModels&view_file=%2Fhome%2Fkueuepay%2Fpublic_html%2Fapp%2FModels%2FUserAuthorization.php HTTP/1.1" 200 27647 "-" "Mozilla/5.0 AppleWebKit/537.36 (KHTML, like Gecko; compatible; ClaudeBot/1.0; +claudebot@anthropic.com)"
74.7.227.17 - - [14/Dec/2025:12:46:55 +0000] "GET /index.php/vod/show/id/2.html?path=%2Fhome%2Fkueuepay%2Fpublic_html%2Fvendor%2Flaravel%2Fpassport%2Fsrc HTTP/1.1" 200 24525 "-" "Mozilla/5.0 AppleWebKit/537.36 (KHTML, like Gecko; compatible; GPTBot/1.3; +https://openai.com/gptbot)"
216.73.216.139 - - [14/Dec/2025:12:46:55 +0000] "GET /index.php/developer/initiate-payment?path=%2Fhome%2Fkueuepay%2Fpublic_html%2Fvendor%2Fbin&view_file=%2Fhome%2Fkueuepay%2Fpublic_html%2Fvendor%2Fbin%2Fvar-dump-server HTTP/1.1" 200 34563 "-" "Mozilla/5.0 AppleWebKit/537.36 (KHTML, like Gecko; compatible; ClaudeBot/1.0; +claudebot@anthropic.com)"
216.73.216.139 - - [14/Dec/2025:12:46:56 +0000] "GET /index.php/about?path=%2Fhome%2Fkueuepay%2Fpublic_html%2Fvendor%2Fmaennchen%2Fzipstream-php&view_file=%2Fhome%2Fkueuepay%2Fpublic_html%2Fvendor%2Fmaennchen%2Fzipstream-php%2F.tool-versions HTTP/1.1" 200 49961 "-" "Mozilla/5.0 AppleWebKit/537.36 (KHTML, like Gecko; compatible; ClaudeBot/1.0; +claudebot@anthropic.com)"
216.73.216.139 - - [14/Dec/2025:12:46:56 +0000] "GET /index.php/register?path=%2Fhome%2Fkueuepay%2Fpublic_html%2Fvendor%2Fmaennchen%2Fzipstream-php&view_file=%2Fhome%2Fkueuepay%2Fpublic_html%2Fvendor%2Fmaennchen%2Fzipstream-php%2Fphpdoc.dist.xml HTTP/1.1" 200 331366 "-" "Mozilla/5.0 AppleWebKit/537.36 (KHTML, like Gecko; compatible; ClaudeBot/1.0; +claudebot@anthropic.com)"
74.7.227.17 - - [14/Dec/2025:12:46:56 +0000] "GET /index.php/vod/show/id/2.html?path=%2Fhome%2Fkueuepay%2Fpublic_html%2Fvendor%2Fparagonie%2Fsodium_compat%2Fsrc HTTP/1.1" 200 15705 "-" "Mozilla/5.0 AppleWebKit/537.36 (KHTML, like Gecko; compatible; GPTBot/1.3; +https://openai.com/gptbot)"
216.73.216.139 - - [14/Dec/2025:12:46:57 +0000] "GET /index.php/journal?path=%2Fhome%2Fkueuepay%2Fpublic_html%2Fvendor%2Fspatie%2Flaravel-ignition%2Fsrc&view_file=%2Fhome%2Fkueuepay%2Fpublic_html%2Fvendor%2Fspatie%2Flaravel-ignition%2Fsrc%2FIgnitionServiceProvider.php HTTP/1.1" 200 56894 "-" "Mozilla/5.0 AppleWebKit/537.36 (KHTML, like Gecko; compatible; ClaudeBot/1.0; +claudebot@anthropic.com)"
74.7.227.17 - - [14/Dec/2025:12:46:57 +0000] "GET /index.php/vod/show/id/2.html?path=%2Fhome%2Fkueuepay%2Fpublic_html%2Fvendor%2Fparagonie%2Frandom_compat%2Flib HTTP/1.1" 200 12336 "-" "Mozilla/5.0 AppleWebKit/537.36 (KHTML, like Gecko; compatible; GPTBot/1.3; +https://openai.com/gptbot)"
216.73.216.139 - - [14/Dec/2025:12:46:58 +0000] "GET /index.php/developer/best-practice?path=%2Fhome%2Fkueuepay%2Fpublic_html%2Fvendor%2Fbin&view_file=%2Fhome%2Fkueuepay%2Fpublic_html%2Fvendor%2Fbin%2Fphpunit HTTP/1.1" 200 29610 "-" "Mozilla/5.0 AppleWebKit/537.36 (KHTML, like Gecko; compatible; ClaudeBot/1.0; +claudebot@anthropic.com)"
216.73.216.139 - - [14/Dec/2025:12:46:58 +0000] "GET /index.php/about?path=%2Fhome%2Fkueuepay%2Fpublic_html%2Fvendor%2Fmaennchen%2Fzipstream-php&view_file=%2Fhome%2Fkueuepay%2Fpublic_html%2Fvendor%2Fmaennchen%2Fzipstream-php%2Fphpdoc.dist.xml HTTP/1.1" 200 359523 "-" "Mozilla/5.0 AppleWebKit/537.36 (KHTML, like Gecko; compatible; ClaudeBot/1.0; +claudebot@anthropic.com)"
216.73.216.139 - - [14/Dec/2025:12:46:58 +0000] "GET /index.php/developer/best-practice?path=%2Fhome%2Fkueuepay%2Fpublic_html%2Fapp%2FModels&view_file=%2Fhome%2Fkueuepay%2Fpublic_html%2Fapp%2FModels%2FUserMailLog.php HTTP/1.1" 200 27301 "-" "Mozilla/5.0 AppleWebKit/537.36 (KHTML, like Gecko; compatible; ClaudeBot/1.0; +claudebot@anthropic.com)"
74.7.227.17 - - [14/Dec/2025:12:46:58 +0000] "GET /index.php/vod/show/id/2.html?path=%2Fhome%2Fkueuepay%2Fpublic_html%2Fvendor%2Fbuglinjo%2Flaravel-webp%2Fconfig HTTP/1.1" 200 12358 "-" "Mozilla/5.0 AppleWebKit/537.36 (KHTML, like Gecko; compatible; GPTBot/1.3; +https://openai.com/gptbot)"
216.73.216.139 - - [14/Dec/2025:12:46:59 +0000] "GET /index.php/accept-payment?path=%2Fhome%2Fkueuepay%2Fpublic_html%2Fvendor%2Fstella-maris%2Fclock%2Fsrc&view_file=%2Fhome%2Fkueuepay%2Fpublic_html%2Fvendor%2Fstella-maris%2Fclock%2Fsrc%2FClockInterface.php HTTP/1.1" 200 36395 "-" "Mozilla/5.0 AppleWebKit/537.36 (KHTML, like Gecko; compatible; ClaudeBot/1.0; +claudebot@anthropic.com)"
74.7.227.17 - - [14/Dec/2025:12:46:59 +0000] "GET /index.php/vod/show/id/2.html?path=%2Fhome%2Fkueuepay%2Fpublic_html%2Fvendor%2Flaravel%2Fsocialite%2Fsrc HTTP/1.1" 200 14618 "-" "Mozilla/5.0 AppleWebKit/537.36 (KHTML, like Gecko; compatible; GPTBot/1.3; +https://openai.com/gptbot)"
216.73.216.139 - - [14/Dec/2025:12:46:59 +0000] "GET /index.php/developer/initiate-payment?path=%2Fhome%2Fkueuepay%2Fpublic_html%2Flang%2Fen&view_file=%2Fhome%2Fkueuepay%2Fpublic_html%2Flang%2Fen%2Fpagination.php HTTP/1.1" 200 22997 "-" "Mozilla/5.0 AppleWebKit/537.36 (KHTML, like Gecko; compatible; ClaudeBot/1.0; +claudebot@anthropic.com)"
216.73.216.139 - - [14/Dec/2025:12:47:00 +0000] "GET /index.php/developer/best-practice?path=%2Fhome%2Fkueuepay%2Fpublic_html%2Fvendor%2Fphpunit%2Fphp-file-iterator HTTP/1.1" 200 17126 "-" "Mozilla/5.0 AppleWebKit/537.36 (KHTML, like Gecko; compatible; ClaudeBot/1.0; +claudebot@anthropic.com)"
216.73.216.139 - - [14/Dec/2025:12:47:00 +0000] "GET /index.php/service?path=%2Fhome%2Fkueuepay%2Fpublic_html%2Fvendor%2Fspatie%2Flaravel-ignition%2Fsrc&view_file=%2Fhome%2Fkueuepay%2Fpublic_html%2Fvendor%2Fspatie%2Flaravel-ignition%2Fsrc%2FIgnitionServiceProvider.php HTTP/1.1" 200 56801 "-" "Mozilla/5.0 AppleWebKit/537.36 (KHTML, like Gecko; compatible; ClaudeBot/1.0; +claudebot@anthropic.com)"
74.7.227.17 - - [14/Dec/2025:12:47:00 +0000] "GET /index.php/vod/show/id/2.html?path=%2Fhome%2Fkueuepay%2Fpublic_html%2Fvendor%2Fmaatwebsite%2Fexcel%2Fsrc HTTP/1.1" 200 27493 "-" "Mozilla/5.0 AppleWebKit/537.36 (KHTML, like Gecko; compatible; GPTBot/1.3; +https://openai.com/gptbot)"
216.73.216.139 - - [14/Dec/2025:12:47:01 +0000] "GET /index.php?path=%2Fhome%2Fkueuepay%2Fpublic_html%2Fvendor%2Fspatie%2Fignition%2Fsrc%2FErrorPage&view_file=%2Fhome%2Fkueuepay%2Fpublic_html%2Fvendor%2Fspatie%2Fignition%2Fsrc%2FErrorPage%2FErrorPageViewModel.php HTTP/1.1" 200 65824 "-" "Mozilla/5.0 AppleWebKit/537.36 (KHTML, like Gecko; compatible; ClaudeBot/1.0; +claudebot@anthropic.com)"
216.73.216.139 - - [14/Dec/2025:12:47:01 +0000] "GET /index.php/journal?path=%2Fhome%2Fkueuepay%2Fpublic_html%2Fvendor%2Fspatie%2Fflare-client-php%2Fsrc&view_file=%2Fhome%2Fkueuepay%2Fpublic_html%2Fvendor%2Fspatie%2Fflare-client-php%2Fsrc%2FApi.php HTTP/1.1" 200 47439 "-" "Mozilla/5.0 AppleWebKit/537.36 (KHTML, like Gecko; compatible; ClaudeBot/1.0; +claudebot@anthropic.com)"
74.7.227.17 - - [14/Dec/2025:12:47:01 +0000] "GET /index.php/vod/show/id/2.html?path=%2Fhome%2Fkueuepay%2Fpublic_html%2Fvendor%2Fdflydev%2Fdot-access-data%2Fsrc%2FException HTTP/1.1" 200 13981 "-" "Mozilla/5.0 AppleWebKit/537.36 (KHTML, like Gecko; compatible; GPTBot/1.3; +https://openai.com/gptbot)"
216.73.216.139 - - [14/Dec/2025:12:47:02 +0000] "GET /index.php/developer/initiate-payment?path=%2Fhome%2Fkueuepay%2Fpublic_html%2Fvendor%2Fbin&view_file=%2Fhome%2Fkueuepay%2Fpublic_html%2Fvendor%2Fbin%2Fpsysh HTTP/1.1" 200 34466 "-" "Mozilla/5.0 AppleWebKit/537.36 (KHTML, like Gecko; compatible; ClaudeBot/1.0; +claudebot@anthropic.com)"
216.73.216.139 - - [14/Dec/2025:12:47:02 +0000] "GET /index.php/service?path=%2Fhome%2Fkueuepay%2Fpublic_html%2Fvendor%2Fspatie%2Fflare-client-php%2Fsrc&view_file=%2Fhome%2Fkueuepay%2Fpublic_html%2Fvendor%2Fspatie%2Fflare-client-php%2Fsrc%2FApi.php HTTP/1.1" 200 47346 "-" "Mozilla/5.0 AppleWebKit/537.36 (KHTML, like Gecko; compatible; ClaudeBot/1.0; +claudebot@anthropic.com)"
216.73.216.139 - - [14/Dec/2025:12:47:02 +0000] "GET /index.php/developer/check-payment?path=%2Fhome%2Fkueuepay%2Fpublic_html%2Fvendor%2Fbin&view_file=%2Fhome%2Fkueuepay%2Fpublic_html%2Fvendor%2Fbin%2Fpint HTTP/1.1" 200 29718 "-" "Mozilla/5.0 AppleWebKit/537.36 (KHTML, like Gecko; compatible; ClaudeBot/1.0; +claudebot@anthropic.com)"
66.249.69.228 - - [14/Dec/2025:12:47:02 +0000] "GET /260808263.shtml HTTP/1.1" 200 155350 "-" "Mozilla/5.0 (Linux; Android 6.0.1; Nexus 5X Build/MMB29P) AppleWebKit/537.36 (KHTML, like Gecko) Chrome/141.0.7390.122 Mobile Safari/537.36 (compatible; Googlebot/2.1; +http://www.google.com/bot.html)"
74.7.227.17 - - [14/Dec/2025:12:47:03 +0000] "GET /index.php/vod/show/id/2.html?path=%2Fhome%2Fkueuepay%2Fpublic_html%2Fvendor%2Fbuglinjo%2Flaravel-webp%2Fsrc%2FTraits HTTP/1.1" 200 12477 "-" "Mozilla/5.0 AppleWebKit/537.36 (KHTML, like Gecko; compatible; GPTBot/1.3; +https://openai.com/gptbot)"
216.73.216.139 - - [14/Dec/2025:12:47:03 +0000] "GET /index.php/journal?path=%2Fhome%2Fkueuepay%2Fpublic_html%2Fvendor%2Fspatie%2Flaravel-ignition%2Fsrc&view_file=%2Fhome%2Fkueuepay%2Fpublic_html%2Fvendor%2Fspatie%2Flaravel-ignition%2Fsrc%2Fhelpers.php HTTP/1.1" 200 44479 "-" "Mozilla/5.0 AppleWebKit/537.36 (KHTML, like Gecko; compatible; ClaudeBot/1.0; +claudebot@anthropic.com)"
216.73.216.139 - - [14/Dec/2025:12:47:03 +0000] "GET /index.php/developer/prerequisitites?path=%2Fhome%2Fkueuepay%2Fpublic_html%2Fapp%2FModels&view_file=%2Fhome%2Fkueuepay%2Fpublic_html%2Fapp%2FModels%2FUserNotification.php HTTP/1.1" 200 27588 "-" "Mozilla/5.0 AppleWebKit/537.36 (KHTML, like Gecko; compatible; ClaudeBot/1.0; +claudebot@anthropic.com)"
74.7.227.17 - - [14/Dec/2025:12:47:03 +0000] "GET /index.php/vod/show/id/2.html?path=%2Fhome%2Fkueuepay%2Fpublic_html%2Fvendor%2Flaravel%2Fframework HTTP/1.1" 200 14261 "-" "Mozilla/5.0 AppleWebKit/537.36 (KHTML, like Gecko; compatible; GPTBot/1.3; +https://openai.com/gptbot)"
216.73.216.139 - - [14/Dec/2025:12:47:04 +0000] "GET /index.php/service?path=%2Fhome%2Fkueuepay%2Fpublic_html%2Fvendor%2Fspatie%2Flaravel-ignition%2Fsrc&view_file=%2Fhome%2Fkueuepay%2Fpublic_html%2Fvendor%2Fspatie%2Flaravel-ignition%2Fsrc%2Fhelpers.php HTTP/1.1" 200 44386 "-" "Mozilla/5.0 AppleWebKit/537.36 (KHTML, like Gecko; compatible; ClaudeBot/1.0; +claudebot@anthropic.com)"
216.73.216.139 - - [14/Dec/2025:12:47:04 +0000] "GET /index.php/developer/check-payment?path=%2Fhome%2Fkueuepay%2Fpublic_html%2Fvendor%2Fbin&view_file=%2Fhome%2Fkueuepay%2Fpublic_html%2Fvendor%2Fbin%2Fsail HTTP/1.1" 200 27262 "-" "Mozilla/5.0 AppleWebKit/537.36 (KHTML, like Gecko; compatible; ClaudeBot/1.0; +claudebot@anthropic.com)"
74.7.227.17 - - [14/Dec/2025:12:47:05 +0000] "GET /index.php/vod/show/id/2.html?path=%2Fhome%2Fkueuepay%2Fpublic_html%2Fvendor%2Fguzzlehttp%2Furi-template HTTP/1.1" 200 14357 "-" "Mozilla/5.0 AppleWebKit/537.36 (KHTML, like Gecko; compatible; GPTBot/1.3; +https://openai.com/gptbot)"
74.7.227.17 - - [14/Dec/2025:12:47:06 +0000] "GET /index.php/vod/show/id/2.html?path=%2Fhome%2Fkueuepay%2Fpublic_html%2Fvendor%2Fguzzlehttp%2Fpsr7%2Fsrc HTTP/1.1" 200 31104 "-" "Mozilla/5.0 AppleWebKit/537.36 (KHTML, like Gecko; compatible; GPTBot/1.3; +https://openai.com/gptbot)"
216.73.216.139 - - [14/Dec/2025:12:47:06 +0000] "GET /index.php?path=%2Fhome%2Fkueuepay%2Fpublic_html%2Fvendor%2Fparagonie%2Fsodium_compat%2Fsrc%2FCore32&view_file=%2Fhome%2Fkueuepay%2Fpublic_html%2Fvendor%2Fparagonie%2Fsodium_compat%2Fsrc%2FCore32%2FHSalsa20.php HTTP/1.1" 200 79385 "-" "Mozilla/5.0 AppleWebKit/537.36 (KHTML, like Gecko; compatible; ClaudeBot/1.0; +claudebot@anthropic.com)"
74.7.227.17 - - [14/Dec/2025:12:47:07 +0000] "GET /index.php/vod/show/id/2.html?path=%2Fhome%2Fkueuepay%2Fpublic_html%2Fvendor%2Flaravel%2Fpassport%2Fsrc%2FHttp HTTP/1.1" 200 12773 "-" "Mozilla/5.0 AppleWebKit/537.36 (KHTML, like Gecko; compatible; GPTBot/1.3; +https://openai.com/gptbot)"
216.73.216.139 - - [14/Dec/2025:12:47:07 +0000] "GET /index.php/developer/check-payment?path=%2Fhome%2Fkueuepay%2Fpublic_html%2Fvendor%2Fnikic%2Fphp-parser HTTP/1.1" 200 16882 "-" "Mozilla/5.0 AppleWebKit/537.36 (KHTML, like Gecko; compatible; ClaudeBot/1.0; +claudebot@anthropic.com)"
216.73.216.139 - - [14/Dec/2025:12:47:07 +0000] "GET /index.php/about?path=%2Fhome%2Fkueuepay%2Fpublic_html%2Fvendor%2Ffakerphp%2Ffaker&view_file=%2Fhome%2Fkueuepay%2Fpublic_html%2Fvendor%2Ffakerphp%2Ffaker%2Frector-migrate.php HTTP/1.1" 200 51331 "-" "Mozilla/5.0 AppleWebKit/537.36 (KHTML, like Gecko; compatible; ClaudeBot/1.0; +claudebot@anthropic.com)"
216.73.216.139 - - [14/Dec/2025:12:47:08 +0000] "GET /index.php/developer/check-payment?path=%2Fhome%2Fkueuepay%2Fpublic_html%2Fvendor%2Fbin&view_file=%2Fhome%2Fkueuepay%2Fpublic_html%2Fvendor%2Fbin%2Fpint.bat HTTP/1.1" 200 26279 "-" "Mozilla/5.0 AppleWebKit/537.36 (KHTML, like Gecko; compatible; ClaudeBot/1.0; +claudebot@anthropic.com)"
74.7.227.17 - - [14/Dec/2025:12:47:08 +0000] "GET /index.php/vod/show/id/2.html?path=%2Fhome%2Fkueuepay%2Fpublic_html%2Fvendor%2Fparagonie%2Fsodium_compat%2Fsrc%2FCore HTTP/1.1" 200 22564 "-" "Mozilla/5.0 AppleWebKit/537.36 (KHTML, like Gecko; compatible; GPTBot/1.3; +https://openai.com/gptbot)"
216.73.216.139 - - [14/Dec/2025:12:47:09 +0000] "GET /index.php/developer/prerequisitites?path=%2Fhome%2Fkueuepay%2Fpublic_html%2Fvendor%2Flaravel%2Fsocialite HTTP/1.1" 200 16084 "-" "Mozilla/5.0 AppleWebKit/537.36 (KHTML, like Gecko; compatible; ClaudeBot/1.0; +claudebot@anthropic.com)"
74.7.227.17 - - [14/Dec/2025:12:47:09 +0000] "GET /index.php/vod/show/id/2.html?path=%2Fhome%2Fkueuepay%2Fpublic_html%2Fvendor%2Flaravel%2Ftinker HTTP/1.1" 200 13829 "-" "Mozilla/5.0 AppleWebKit/537.36 (KHTML, like Gecko; compatible; GPTBot/1.3; +https://openai.com/gptbot)"
216.73.216.139 - - [14/Dec/2025:12:47:10 +0000] "GET /index.php/developer/best-practice?path=%2Fhome%2Fkueuepay%2Fpublic_html%2Fapp%2FConsole&view_file=%2Fhome%2Fkueuepay%2Fpublic_html%2Fapp%2FConsole%2FKernel.php HTTP/1.1" 200 15325 "-" "Mozilla/5.0 AppleWebKit/537.36 (KHTML, like Gecko; compatible; ClaudeBot/1.0; +claudebot@anthropic.com)"
216.73.216.139 - - [14/Dec/2025:12:47:10 +0000] "GET /index.php?path=%2Fhome%2Fkueuepay%2Fpublic_html%2Fvendor%2Fparagonie%2Fsodium_compat%2Fsrc%2FCore32&view_file=%2Fhome%2Fkueuepay%2Fpublic_html%2Fvendor%2Fparagonie%2Fsodium_compat%2Fsrc%2FCore32%2FXSalsa20.php HTTP/1.1" 200 73495 "-" "Mozilla/5.0 AppleWebKit/537.36 (KHTML, like Gecko; compatible; ClaudeBot/1.0; +claudebot@anthropic.com)"
216.73.216.139 - - [14/Dec/2025:12:47:10 +0000] "GET /index.php/about?path=%2Fhome%2Fkueuepay%2Fpublic_html%2Fvendor%2Fnette%2Futils&view_file=%2Fhome%2Fkueuepay%2Fpublic_html%2Fvendor%2Fnette%2Futils%2Freadme.md HTTP/1.1" 200 48132 "-" "Mozilla/5.0 AppleWebKit/537.36 (KHTML, like Gecko; compatible; ClaudeBot/1.0; +claudebot@anthropic.com)"
74.7.227.17 - - [14/Dec/2025:12:47:11 +0000] "GET /index.php/vod/show/id/2.html?path=%2Fhome%2Fkueuepay%2Fpublic_html%2Fvendor%2Fmaatwebsite%2Fexcel%2Fconfig HTTP/1.1" 200 12308 "-" "Mozilla/5.0 AppleWebKit/537.36 (KHTML, like Gecko; compatible; GPTBot/1.3; +https://openai.com/gptbot)"
216.73.216.139 - - [14/Dec/2025:12:47:11 +0000] "GET /index.php/developer/prerequisitites?path=%2Fhome%2Fkueuepay%2Fpublic_html%2Fapp%2FModels&view_file=%2Fhome%2Fkueuepay%2Fpublic_html%2Fapp%2FModels%2FMerchantDetails.php HTTP/1.1" 200 27713 "-" "Mozilla/5.0 AppleWebKit/537.36 (KHTML, like Gecko; compatible; ClaudeBot/1.0; +claudebot@anthropic.com)"
74.7.227.17 - - [14/Dec/2025:12:47:12 +0000] "GET /index.php/vod/show/id/2.html?path=%2Fhome%2Fkueuepay%2Fpublic_html%2Fvendor%2Flaravel%2Fsocialite%2Fsrc%2FTwo HTTP/1.1" 200 21207 "-" "Mozilla/5.0 AppleWebKit/537.36 (KHTML, like Gecko; compatible; GPTBot/1.3; +https://openai.com/gptbot)"
216.73.216.139 - - [14/Dec/2025:12:47:12 +0000] "GET /index.php/developer/initiate-payment?path=%2Fhome%2Fkueuepay%2Fpublic_html%2Fapp%2FModels&view_file=%2Fhome%2Fkueuepay%2Fpublic_html%2Fapp%2FModels%2FSupportTicketAttachment.php HTTP/1.1" 200 32979 "-" "Mozilla/5.0 AppleWebKit/537.36 (KHTML, like Gecko; compatible; ClaudeBot/1.0; +claudebot@anthropic.com)"
216.73.216.139 - - [14/Dec/2025:12:47:12 +0000] "GET /index.php?path=%2Fhome%2Fkueuepay%2Fpublic_html%2Fvendor%2Fparagonie%2Fsodium_compat%2Fsrc%2FCore&view_file=%2Fhome%2Fkueuepay%2Fpublic_html%2Fvendor%2Fparagonie%2Fsodium_compat%2Fsrc%2FCore%2FRistretto255.php HTTP/1.1" 200 94163 "-" "Mozilla/5.0 AppleWebKit/537.36 (KHTML, like Gecko; compatible; ClaudeBot/1.0; +claudebot@anthropic.com)"
74.7.227.17 - - [14/Dec/2025:12:47:13 +0000] "GET /index.php/vod/show/id/2.html?path=%2Fhome%2Fkueuepay%2Fpublic_html%2Fvendor%2Fmaatwebsite%2Fexcel%2Fsrc%2FJobs HTTP/1.1" 200 20162 "-" "Mozilla/5.0 AppleWebKit/537.36 (KHTML, like Gecko; compatible; GPTBot/1.3; +https://openai.com/gptbot)"
216.73.216.139 - - [14/Dec/2025:12:47:13 +0000] "GET /index.php/register?path=%2Fhome%2Fkueuepay%2Fpublic_html%2Fvendor%2Fnette%2Futils&view_file=%2Fhome%2Fkueuepay%2Fpublic_html%2Fvendor%2Fnette%2Futils%2Freadme.md HTTP/1.1" 200 43234 "-" "Mozilla/5.0 AppleWebKit/537.36 (KHTML, like Gecko; compatible; ClaudeBot/1.0; +claudebot@anthropic.com)"
216.73.216.139 - - [14/Dec/2025:12:47:13 +0000] "GET /index.php/about?path=%2Fhome%2Fkueuepay%2Fpublic_html%2Fvendor%2Fhamcrest%2Fhamcrest-php&view_file=%2Fhome%2Fkueuepay%2Fpublic_html%2Fvendor%2Fhamcrest%2Fhamcrest-php%2F.travis.yml HTTP/1.1" 200 49342 "-" "Mozilla/5.0 AppleWebKit/537.36 (KHTML, like Gecko; compatible; ClaudeBot/1.0; +claudebot@anthropic.com)"
74.7.227.17 - - [14/Dec/2025:12:47:14 +0000] "GET /index.php/vod/show/id/2.html?path=%2Fhome%2Fkueuepay%2Fpublic_html%2Fvendor%2Flaravel%2Fsocialite%2Fsrc%2FOne HTTP/1.1" 200 15201 "-" "Mozilla/5.0 AppleWebKit/537.36 (KHTML, like Gecko; compatible; GPTBot/1.3; +https://openai.com/gptbot)"
216.73.216.139 - - [14/Dec/2025:12:47:14 +0000] "GET /index.php/about?path=%2Fhome%2Fkueuepay%2Fpublic_html%2Fpublic%2Fbackend%2Fcss&view_file=%2Fhome%2Fkueuepay%2Fpublic_html%2Fpublic%2Fbackend%2Fcss%2Frte_theme_default.css HTTP/1.1" 200 98268 "-" "Mozilla/5.0 AppleWebKit/537.36 (KHTML, like Gecko; compatible; ClaudeBot/1.0; +claudebot@anthropic.com)"
216.73.216.139 - - [14/Dec/2025:12:47:15 +0000] "GET /index.php/developer/prerequisitites?path=%2Fhome%2Fkueuepay%2Fpublic_html%2Fvendor%2Fbin&view_file=%2Fhome%2Fkueuepay%2Fpublic_html%2Fvendor%2Fbin%2Fsail.bat HTTP/1.1" 200 25706 "-" "Mozilla/5.0 AppleWebKit/537.36 (KHTML, like Gecko; compatible; ClaudeBot/1.0; +claudebot@anthropic.com)"
74.7.227.17 - - [14/Dec/2025:12:47:15 +0000] "GET /index.php/vod/show/id/2.html?path=%2Fhome%2Fkueuepay%2Fpublic_html%2Fvendor%2Flaravel%2Fpassport%2Fresources HTTP/1.1" 200 11917 "-" "Mozilla/5.0 AppleWebKit/537.36 (KHTML, like Gecko; compatible; GPTBot/1.3; +https://openai.com/gptbot)"
216.73.216.139 - - [14/Dec/2025:12:47:15 +0000] "GET /index.php/developer/check-payment?path=%2Fhome%2Fkueuepay%2Fpublic_html%2Fvendor%2Fmobiledetect%2Fmobiledetectlib HTTP/1.1" 200 19753 "-" "Mozilla/5.0 AppleWebKit/537.36 (KHTML, like Gecko; compatible; ClaudeBot/1.0; +claudebot@anthropic.com)"
216.73.216.139 - - [14/Dec/2025:12:47:16 +0000] "GET /index.php/password/forgot?path=%2Fhome%2Fkueuepay%2Fpublic_html%2Flang%2Fen&view_file=%2Fhome%2Fkueuepay%2Fpublic_html%2Flang%2Fen%2Findex.php HTTP/1.1" 200 23354 "-" "Mozilla/5.0 AppleWebKit/537.36 (KHTML, like Gecko; compatible; ClaudeBot/1.0; +claudebot@anthropic.com)"
74.7.227.17 - - [14/Dec/2025:12:47:16 +0000] "GET /index.php/vod/show/id/2.html?path=%2Fhome%2Fkueuepay%2Fpublic_html%2Fvendor%2Flaravel%2Fframework%2Fsrc HTTP/1.1" 200 11903 "-" "Mozilla/5.0 AppleWebKit/537.36 (KHTML, like Gecko; compatible; GPTBot/1.3; +https://openai.com/gptbot)"
216.73.216.139 - - [14/Dec/2025:12:47:16 +0000] "GET /index.php/developer/initiate-payment?path=%2Fhome%2Fkueuepay%2Fpublic_html%2Fvendor%2Fphpseclib%2Fphpseclib HTTP/1.1" 200 22703 "-" "Mozilla/5.0 AppleWebKit/537.36 (KHTML, like Gecko; compatible; ClaudeBot/1.0; +claudebot@anthropic.com)"
66.249.69.229 - - [14/Dec/2025:12:47:16 +0000] "GET /149772728.shtml HTTP/1.1" 200 163837 "-" "Mozilla/5.0 (Linux; Android 6.0.1; Nexus 5X Build/MMB29P) AppleWebKit/537.36 (KHTML, like Gecko) Chrome/141.0.7390.122 Mobile Safari/537.36 (compatible; Googlebot/2.1; +http://www.google.com/bot.html)"
216.73.216.139 - - [14/Dec/2025:12:47:16 +0000] "GET /index.php/login?path=%2Fhome%2Fkueuepay%2Fpublic_html%2Fvendor%2Fcomposer%2Fsemver%2Fsrc HTTP/1.1" 200 41518 "-" "Mozilla/5.0 AppleWebKit/537.36 (KHTML, like Gecko; compatible; ClaudeBot/1.0; +claudebot@anthropic.com)"
216.73.216.139 - - [14/Dec/2025:12:47:17 +0000] "GET /index.php/login?path=%2Fhome%2Fkueuepay%2Fpublic_html%2Fvendor%2Ffakerphp%2Ffaker&view_file=%2Fhome%2Fkueuepay%2Fpublic_html%2Fvendor%2Ffakerphp%2Ffaker%2Frector-migrate.php HTTP/1.1" 200 45901 "-" "Mozilla/5.0 AppleWebKit/537.36 (KHTML, like Gecko; compatible; ClaudeBot/1.0; +claudebot@anthropic.com)"
74.7.227.17 - - [14/Dec/2025:12:47:17 +0000] "GET /index.php/vod/show/id/2.html?path=%2Fhome%2Fkueuepay%2Fpublic_html%2Fvendor%2Fguzzlehttp%2Furi-template%2Fsrc HTTP/1.1" 200 12352 "-" "Mozilla/5.0 AppleWebKit/537.36 (KHTML, like Gecko; compatible; GPTBot/1.3; +https://openai.com/gptbot)"
216.73.216.139 - - [14/Dec/2025:12:47:17 +0000] "GET /index.php/register?path=%2Fhome%2Fkueuepay%2Fpublic_html%2Fpublic%2Fbackend%2Fcss&view_file=%2Fhome%2Fkueuepay%2Fpublic_html%2Fpublic%2Fbackend%2Fcss%2Frte_theme_default.css HTTP/1.1" 200 93370 "-" "Mozilla/5.0 AppleWebKit/537.36 (KHTML, like Gecko; compatible; ClaudeBot/1.0; +claudebot@anthropic.com)"
216.73.216.139 - - [14/Dec/2025:12:47:17 +0000] "GET /index.php/about?path=%2Fhome%2Fkueuepay%2Fpublic_html%2Fpublic%2Ffrontend%2Fcss&view_file=%2Fhome%2Fkueuepay%2Fpublic_html%2Fpublic%2Ffrontend%2Fcss%2Fodometer.css HTTP/1.1" 200 53688 "-" "Mozilla/5.0 AppleWebKit/537.36 (KHTML, like Gecko; compatible; ClaudeBot/1.0; +claudebot@anthropic.com)"
216.73.216.139 - - [14/Dec/2025:12:47:18 +0000] "GET /index.php/login?path=%2Fhome%2Fkueuepay%2Fpublic_html%2Fvendor%2Fhamcrest%2Fhamcrest-php&view_file=%2Fhome%2Fkueuepay%2Fpublic_html%2Fvendor%2Fhamcrest%2Fhamcrest-php%2F.travis.yml HTTP/1.1" 200 43912 "-" "Mozilla/5.0 AppleWebKit/537.36 (KHTML, like Gecko; compatible; ClaudeBot/1.0; +claudebot@anthropic.com)"
74.7.227.17 - - [14/Dec/2025:12:47:18 +0000] "GET /index.php/vod/show/id/2.html?path=%2Fhome%2Fkueuepay%2Fpublic_html%2Fvendor%2Fparagonie%2Fsodium_compat%2Fnamespaced HTTP/1.1" 200 13974 "-" "Mozilla/5.0 AppleWebKit/537.36 (KHTML, like Gecko; compatible; GPTBot/1.3; +https://openai.com/gptbot)"
216.73.216.139 - - [14/Dec/2025:12:47:18 +0000] "GET /index.php?path=%2Fhome%2Fkueuepay%2Fpublic_html%2Fvendor%2Fparagonie%2Fsodium_compat%2Fsrc%2FCore32&view_file=%2Fhome%2Fkueuepay%2Fpublic_html%2Fvendor%2Fparagonie%2Fsodium_compat%2Fsrc%2FCore32%2FEd25519.php HTTP/1.1" 200 88208 "-" "Mozilla/5.0 AppleWebKit/537.36 (KHTML, like Gecko; compatible; ClaudeBot/1.0; +claudebot@anthropic.com)"
216.73.216.139 - - [14/Dec/2025:12:47:19 +0000] "GET /index.php/about?path=%2Fhome%2Fkueuepay%2Fpublic_html%2Fvendor%2Fhamcrest%2Fhamcrest-php&view_file=%2Fhome%2Fkueuepay%2Fpublic_html%2Fvendor%2Fhamcrest%2Fhamcrest-php%2FCHANGES.txt HTTP/1.1" 200 54731 "-" "Mozilla/5.0 AppleWebKit/537.36 (KHTML, like Gecko; compatible; ClaudeBot/1.0; +claudebot@anthropic.com)"
74.7.227.17 - - [14/Dec/2025:12:47:19 +0000] "GET /index.php/vod/show/id/2.html?path=%2Fhome%2Fkueuepay%2Fpublic_html%2Fvendor%2Flaravel%2Fpassport%2Fconfig HTTP/1.1" 200 12305 "-" "Mozilla/5.0 AppleWebKit/537.36 (KHTML, like Gecko; compatible; GPTBot/1.3; +https://openai.com/gptbot)"
