66.249.69.229 - - [14/Dec/2025:12:17:53 +0000] "GET /267624488.shtml HTTP/1.1" 200 147149 "-" "Mozilla/5.0 (Linux; Android 6.0.1; Nexus 5X Build/MMB29P) AppleWebKit/537.36 (KHTML, like Gecko) Chrome/141.0.7390.122 Mobile Safari/537.36 (compatible; GoogleOther)"
66.249.69.228 - - [14/Dec/2025:12:18:01 +0000] "GET /260552228.shtml HTTP/1.1" 200 168982 "-" "Mozilla/5.0 (Linux; Android 6.0.1; Nexus 5X Build/MMB29P) AppleWebKit/537.36 (KHTML, like Gecko) Chrome/141.0.7390.122 Mobile Safari/537.36 (compatible; Googlebot/2.1; +http://www.google.com/bot.html)"
66.249.69.230 - - [14/Dec/2025:12:18:04 +0000] "GET /407618108.shtml HTTP/1.1" 200 167181 "-" "Mozilla/5.0 (Linux; Android 6.0.1; Nexus 5X Build/MMB29P) AppleWebKit/537.36 (KHTML, like Gecko) Chrome/141.0.7390.122 Mobile Safari/537.36 (compatible; GoogleOther)"
66.249.69.228 - - [14/Dec/2025:12:18:14 +0000] "GET /80870648.shtml HTTP/1.1" 200 153422 "-" "Mozilla/5.0 (Linux; Android 6.0.1; Nexus 5X Build/MMB29P) AppleWebKit/537.36 (KHTML, like Gecko) Chrome/141.0.7390.122 Mobile Safari/537.36 (compatible; GoogleOther)"
66.249.69.228 - - [14/Dec/2025:12:18:24 +0000] "GET /373403408.shtml HTTP/1.1" 200 146222 "-" "Mozilla/5.0 (Linux; Android 6.0.1; Nexus 5X Build/MMB29P) AppleWebKit/537.36 (KHTML, like Gecko) Chrome/141.0.7390.122 Mobile Safari/537.36 (compatible; GoogleOther)"
66.249.69.228 - - [14/Dec/2025:12:18:27 +0000] "GET /84934253.shtml HTTP/1.1" 200 153763 "-" "Mozilla/5.0 (Linux; Android 6.0.1; Nexus 5X Build/MMB29P) AppleWebKit/537.36 (KHTML, like Gecko) Chrome/141.0.7390.122 Mobile Safari/537.36 (compatible; Googlebot/2.1; +http://www.google.com/bot.html)"
66.249.69.228 - - [14/Dec/2025:12:18:35 +0000] "GET /539718323.shtml HTTP/1.1" 200 151620 "-" "Mozilla/5.0 (Linux; Android 6.0.1; Nexus 5X Build/MMB29P) AppleWebKit/537.36 (KHTML, like Gecko) Chrome/141.0.7390.122 Mobile Safari/537.36 (compatible; GoogleOther)"
66.249.69.228 - - [14/Dec/2025:12:18:41 +0000] "GET /173175848.shtml HTTP/1.1" 200 156035 "-" "Mozilla/5.0 (Linux; Android 6.0.1; Nexus 5X Build/MMB29P) AppleWebKit/537.36 (KHTML, like Gecko) Chrome/141.0.7390.122 Mobile Safari/537.36 (compatible; Googlebot/2.1; +http://www.google.com/bot.html)"
66.249.69.228 - - [14/Dec/2025:12:18:41 +0000] "GET /63418538.shtml HTTP/1.1" 200 179677 "-" "Mozilla/5.0 (Linux; Android 6.0.1; Nexus 5X Build/MMB29P) AppleWebKit/537.36 (KHTML, like Gecko) Chrome/141.0.7390.122 Mobile Safari/537.36 (compatible; Googlebot/2.1; +http://www.google.com/bot.html)"
66.249.69.229 - - [14/Dec/2025:12:18:45 +0000] "GET /589956758.shtml HTTP/1.1" 200 150680 "-" "Mozilla/5.0 (Linux; Android 6.0.1; Nexus 5X Build/MMB29P) AppleWebKit/537.36 (KHTML, like Gecko) Chrome/141.0.7390.122 Mobile Safari/537.36 (compatible; GoogleOther)"
66.249.69.228 - - [14/Dec/2025:12:18:55 +0000] "GET /152843003.shtml HTTP/1.1" 200 166675 "-" "Mozilla/5.0 (Linux; Android 6.0.1; Nexus 5X Build/MMB29P) AppleWebKit/537.36 (KHTML, like Gecko) Chrome/141.0.7390.122 Mobile Safari/537.36 (compatible; Googlebot/2.1; +http://www.google.com/bot.html)"
66.249.69.229 - - [14/Dec/2025:12:18:56 +0000] "GET /227779748.shtml HTTP/1.1" 200 158069 "-" "Mozilla/5.0 (Linux; Android 6.0.1; Nexus 5X Build/MMB29P) AppleWebKit/537.36 (KHTML, like Gecko) Chrome/141.0.7390.122 Mobile Safari/537.36 (compatible; Googlebot/2.1; +http://www.google.com/bot.html)"
66.249.69.229 - - [14/Dec/2025:12:18:56 +0000] "GET /175754138.shtml HTTP/1.1" 200 150426 "-" "Mozilla/5.0 (Linux; Android 6.0.1; Nexus 5X Build/MMB29P) AppleWebKit/537.36 (KHTML, like Gecko) Chrome/141.0.7390.122 Mobile Safari/537.36 (compatible; GoogleOther)"
66.249.69.230 - - [14/Dec/2025:12:19:06 +0000] "GET /59151158.shtml HTTP/1.1" 200 152643 "-" "Mozilla/5.0 (Linux; Android 6.0.1; Nexus 5X Build/MMB29P) AppleWebKit/537.36 (KHTML, like Gecko) Chrome/141.0.7390.122 Mobile Safari/537.36 (compatible; GoogleOther)"
216.73.216.139 - - [14/Dec/2025:12:19:16 +0000] "GET /434846933.shtml HTTP/1.1" 302 0 "-" "Mozilla/5.0 AppleWebKit/537.36 (KHTML, like Gecko; compatible; ClaudeBot/1.0; +claudebot@anthropic.com)"
216.73.216.139 - - [14/Dec/2025:12:19:16 +0000] "GET /223915823.shtml HTTP/1.1" 302 0 "-" "Mozilla/5.0 AppleWebKit/537.36 (KHTML, like Gecko; compatible; ClaudeBot/1.0; +claudebot@anthropic.com)"
66.249.69.229 - - [14/Dec/2025:12:19:17 +0000] "GET /129472838.shtml HTTP/1.1" 200 179417 "-" "Mozilla/5.0 (Linux; Android 6.0.1; Nexus 5X Build/MMB29P) AppleWebKit/537.36 (KHTML, like Gecko) Chrome/141.0.7390.122 Mobile Safari/537.36 (compatible; GoogleOther)"
66.249.69.228 - - [14/Dec/2025:12:19:21 +0000] "GET /295257938.shtml HTTP/1.1" 200 156308 "-" "Mozilla/5.0 (Linux; Android 6.0.1; Nexus 5X Build/MMB29P) AppleWebKit/537.36 (KHTML, like Gecko) Chrome/141.0.7390.122 Mobile Safari/537.36 (compatible; Googlebot/2.1; +http://www.google.com/bot.html)"
66.249.69.228 - - [14/Dec/2025:12:19:22 +0000] "GET /90599393.shtml HTTP/1.1" 200 155708 "-" "Mozilla/5.0 (Linux; Android 6.0.1; Nexus 5X Build/MMB29P) AppleWebKit/537.36 (KHTML, like Gecko) Chrome/141.0.7390.122 Mobile Safari/537.36 (compatible; Googlebot/2.1; +http://www.google.com/bot.html)"
66.249.69.228 - - [14/Dec/2025:12:19:25 +0000] "GET /364409813.shtml HTTP/1.1" 200 151838 "-" "Mozilla/5.0 (Linux; Android 6.0.1; Nexus 5X Build/MMB29P) AppleWebKit/537.36 (KHTML, like Gecko) Chrome/141.0.7390.122 Mobile Safari/537.36 (compatible; Googlebot/2.1; +http://www.google.com/bot.html)"
66.249.69.228 - - [14/Dec/2025:12:19:27 +0000] "GET /435090878.shtml HTTP/1.1" 200 169761 "-" "Mozilla/5.0 (Linux; Android 6.0.1; Nexus 5X Build/MMB29P) AppleWebKit/537.36 (KHTML, like Gecko) Chrome/141.0.7390.122 Mobile Safari/537.36 (compatible; GoogleOther)"
66.249.69.228 - - [14/Dec/2025:12:19:30 +0000] "GET /276616328.shtml HTTP/1.1" 200 160611 "-" "Mozilla/5.0 (Linux; Android 6.0.1; Nexus 5X Build/MMB29P) AppleWebKit/537.36 (KHTML, like Gecko) Chrome/141.0.7390.122 Mobile Safari/537.36 (compatible; Googlebot/2.1; +http://www.google.com/bot.html)"
216.73.216.139 - - [14/Dec/2025:12:19:37 +0000] "GET /69106688.shtml HTTP/1.1" 302 0 "-" "Mozilla/5.0 AppleWebKit/537.36 (KHTML, like Gecko; compatible; ClaudeBot/1.0; +claudebot@anthropic.com)"
216.73.216.139 - - [14/Dec/2025:12:19:37 +0000] "GET /444427868.shtml HTTP/1.1" 302 0 "-" "Mozilla/5.0 AppleWebKit/537.36 (KHTML, like Gecko; compatible; ClaudeBot/1.0; +claudebot@anthropic.com)"
198.244.226.103 - - [14/Dec/2025:12:19:48 +0000] "GET /index.php/login?path=%2Fhome%2Fkueuepay%2Fpublic_html%2Fstorage&view_file=%2Fhome%2Fkueuepay%2Fpublic_html%2Fstorage%2Fuser HTTP/1.1" 200 62628 "-" "Mozilla/5.0 (compatible; AhrefsBot/7.0; +http://ahrefs.com/robot/)"
66.249.69.228 - - [14/Dec/2025:12:19:48 +0000] "GET /288420458.shtml HTTP/1.1" 200 148575 "-" "Mozilla/5.0 (Linux; Android 6.0.1; Nexus 5X Build/MMB29P) AppleWebKit/537.36 (KHTML, like Gecko) Chrome/141.0.7390.122 Mobile Safari/537.36 (compatible; GoogleOther)"
66.249.69.228 - - [14/Dec/2025:12:19:49 +0000] "GET /405856283.shtml HTTP/1.1" 200 152085 "-" "Mozilla/5.0 (Linux; Android 6.0.1; Nexus 5X Build/MMB29P) AppleWebKit/537.36 (KHTML, like Gecko) Chrome/141.0.7390.122 Mobile Safari/537.36 (compatible; Googlebot/2.1; +http://www.google.com/bot.html)"
66.249.69.228 - - [14/Dec/2025:12:19:59 +0000] "GET /225139253.shtml HTTP/1.1" 200 147400 "-" "Mozilla/5.0 (Linux; Android 6.0.1; Nexus 5X Build/MMB29P) AppleWebKit/537.36 (KHTML, like Gecko) Chrome/141.0.7390.122 Mobile Safari/537.36 (compatible; GoogleOther)"
66.249.69.228 - - [14/Dec/2025:12:20:09 +0000] "GET /530194328.shtml HTTP/1.1" 200 148057 "-" "Mozilla/5.0 (Linux; Android 6.0.1; Nexus 5X Build/MMB29P) AppleWebKit/537.36 (KHTML, like Gecko) Chrome/141.0.7390.122 Mobile Safari/537.36 (compatible; GoogleOther)"
66.249.69.228 - - [14/Dec/2025:12:20:14 +0000] "GET /49865843.shtml HTTP/1.1" 200 151228 "-" "Mozilla/5.0 (Linux; Android 6.0.1; Nexus 5X Build/MMB29P) AppleWebKit/537.36 (KHTML, like Gecko) Chrome/141.0.7390.122 Mobile Safari/537.36 (compatible; Googlebot/2.1; +http://www.google.com/bot.html)"
66.249.69.228 - - [14/Dec/2025:12:20:15 +0000] "GET /333206498.shtml HTTP/1.1" 200 153410 "-" "Mozilla/5.0 (Linux; Android 6.0.1; Nexus 5X Build/MMB29P) AppleWebKit/537.36 (KHTML, like Gecko) Chrome/141.0.7390.122 Mobile Safari/537.36 (compatible; Googlebot/2.1; +http://www.google.com/bot.html)"
66.249.69.228 - - [14/Dec/2025:12:20:15 +0000] "GET /164168213.shtml HTTP/1.1" 200 167557 "-" "Mozilla/5.0 (Linux; Android 6.0.1; Nexus 5X Build/MMB29P) AppleWebKit/537.36 (KHTML, like Gecko) Chrome/141.0.7390.122 Mobile Safari/537.36 (compatible; Googlebot/2.1; +http://www.google.com/bot.html)"
66.249.69.228 - - [14/Dec/2025:12:20:20 +0000] "GET /588388178.shtml HTTP/1.1" 200 155755 "-" "Mozilla/5.0 (Linux; Android 6.0.1; Nexus 5X Build/MMB29P) AppleWebKit/537.36 (KHTML, like Gecko) Chrome/141.0.7390.122 Mobile Safari/537.36 (compatible; GoogleOther)"
66.249.69.228 - - [14/Dec/2025:12:20:28 +0000] "GET /588388178.shtml HTTP/1.1" 200 155755 "-" "Mozilla/5.0 (Linux; Android 6.0.1; Nexus 5X Build/MMB29P) AppleWebKit/537.36 (KHTML, like Gecko) Chrome/141.0.7390.122 Mobile Safari/537.36 (compatible; Googlebot/2.1; +http://www.google.com/bot.html)"
66.249.69.228 - - [14/Dec/2025:12:20:30 +0000] "GET /560480948.shtml HTTP/1.1" 200 156775 "-" "Mozilla/5.0 (Linux; Android 6.0.1; Nexus 5X Build/MMB29P) AppleWebKit/537.36 (KHTML, like Gecko) Chrome/141.0.7390.122 Mobile Safari/537.36 (compatible; GoogleOther)"
66.249.69.229 - - [14/Dec/2025:12:20:42 +0000] "GET /164999888.shtml HTTP/1.1" 200 196734 "-" "Mozilla/5.0 (Linux; Android 6.0.1; Nexus 5X Build/MMB29P) AppleWebKit/537.36 (KHTML, like Gecko) Chrome/141.0.7390.122 Mobile Safari/537.36 (compatible; GoogleOther)"
216.73.216.139 - - [14/Dec/2025:12:20:44 +0000] "GET /298228178.shtml HTTP/1.1" 302 0 "-" "Mozilla/5.0 AppleWebKit/537.36 (KHTML, like Gecko; compatible; ClaudeBot/1.0; +claudebot@anthropic.com)"
216.73.216.139 - - [14/Dec/2025:12:20:44 +0000] "GET /393126293.shtml HTTP/1.1" 302 0 "-" "Mozilla/5.0 AppleWebKit/537.36 (KHTML, like Gecko; compatible; ClaudeBot/1.0; +claudebot@anthropic.com)"
66.249.69.229 - - [14/Dec/2025:12:20:51 +0000] "GET /66401453.shtml HTTP/1.1" 200 182456 "-" "Mozilla/5.0 (Linux; Android 6.0.1; Nexus 5X Build/MMB29P) AppleWebKit/537.36 (KHTML, like Gecko) Chrome/141.0.7390.122 Mobile Safari/537.36 (compatible; GoogleOther)"
66.249.69.228 - - [14/Dec/2025:12:20:53 +0000] "GET /ctg/search/similarImageSearchResultView/?ctgItemCd=51626247 HTTP/1.1" 301 327 "-" "Mozilla/5.0 (Linux; Android 6.0.1; Nexus 5X Build/MMB29P) AppleWebKit/537.36 (KHTML, like Gecko) Chrome/141.0.7390.122 Mobile Safari/537.36 (compatible; Googlebot/2.1; +http://www.google.com/bot.html)"
66.249.69.228 - - [14/Dec/2025:12:20:54 +0000] "GET /166658363.shtml HTTP/1.1" 200 150249 "-" "Mozilla/5.0 (Linux; Android 6.0.1; Nexus 5X Build/MMB29P) AppleWebKit/537.36 (KHTML, like Gecko) Chrome/141.0.7390.122 Mobile Safari/537.36 (compatible; Googlebot/2.1; +http://www.google.com/bot.html)"
66.249.69.228 - - [14/Dec/2025:12:20:54 +0000] "GET /397524323.shtml HTTP/1.1" 200 158727 "-" "Mozilla/5.0 (Linux; Android 6.0.1; Nexus 5X Build/MMB29P) AppleWebKit/537.36 (KHTML, like Gecko) Chrome/141.0.7390.122 Mobile Safari/537.36 (compatible; Googlebot/2.1; +http://www.google.com/bot.html)"
66.249.69.228 - - [14/Dec/2025:12:20:54 +0000] "GET /ctg/search/similarImageSearchResultView?ctgItemCd=51626247 HTTP/1.1" 200 155335 "-" "Mozilla/5.0 (Linux; Android 6.0.1; Nexus 5X Build/MMB29P) AppleWebKit/537.36 (KHTML, like Gecko) Chrome/141.0.7390.122 Mobile Safari/537.36 (compatible; Googlebot/2.1; +http://www.google.com/bot.html)"
66.249.69.229 - - [14/Dec/2025:12:21:02 +0000] "GET /353434433.shtml HTTP/1.1" 200 156630 "-" "Mozilla/5.0 (Linux; Android 6.0.1; Nexus 5X Build/MMB29P) AppleWebKit/537.36 (KHTML, like Gecko) Chrome/141.0.7390.122 Mobile Safari/537.36 (compatible; GoogleOther)"
66.249.69.228 - - [14/Dec/2025:12:21:03 +0000] "GET /577533308.shtml HTTP/1.1" 200 166528 "-" "Mozilla/5.0 (Linux; Android 6.0.1; Nexus 5X Build/MMB29P) AppleWebKit/537.36 (KHTML, like Gecko) Chrome/141.0.7390.122 Mobile Safari/537.36 (compatible; Googlebot/2.1; +http://www.google.com/bot.html)"
66.249.69.228 - - [14/Dec/2025:12:21:12 +0000] "GET /395547413.shtml HTTP/1.1" 200 157326 "-" "Mozilla/5.0 (Linux; Android 6.0.1; Nexus 5X Build/MMB29P) AppleWebKit/537.36 (KHTML, like Gecko) Chrome/141.0.7390.122 Mobile Safari/537.36 (compatible; GoogleOther)"
216.73.216.139 - - [14/Dec/2025:12:21:14 +0000] "GET /237673268.shtml HTTP/1.1" 302 0 "-" "Mozilla/5.0 AppleWebKit/537.36 (KHTML, like Gecko; compatible; ClaudeBot/1.0; +claudebot@anthropic.com)"
216.73.216.139 - - [14/Dec/2025:12:21:14 +0000] "GET /448823558.shtml HTTP/1.1" 302 0 "-" "Mozilla/5.0 AppleWebKit/537.36 (KHTML, like Gecko; compatible; ClaudeBot/1.0; +claudebot@anthropic.com)"
66.249.69.228 - - [14/Dec/2025:12:21:21 +0000] "GET /141483473.shtml HTTP/1.1" 200 154906 "-" "Mozilla/5.0 (Linux; Android 6.0.1; Nexus 5X Build/MMB29P) AppleWebKit/537.36 (KHTML, like Gecko) Chrome/141.0.7390.122 Mobile Safari/537.36 (compatible; Googlebot/2.1; +http://www.google.com/bot.html)"
66.249.69.228 - - [14/Dec/2025:12:21:23 +0000] "GET /517702628.shtml HTTP/1.1" 200 173497 "-" "Mozilla/5.0 (Linux; Android 6.0.1; Nexus 5X Build/MMB29P) AppleWebKit/537.36 (KHTML, like Gecko) Chrome/141.0.7390.122 Mobile Safari/537.36 (compatible; GoogleOther)"
216.73.216.139 - - [14/Dec/2025:12:21:26 +0000] "GET /54188798.shtml HTTP/1.1" 302 0 "-" "Mozilla/5.0 AppleWebKit/537.36 (KHTML, like Gecko; compatible; ClaudeBot/1.0; +claudebot@anthropic.com)"
216.73.216.139 - - [14/Dec/2025:12:21:26 +0000] "GET /458379338.shtml HTTP/1.1" 302 0 "-" "Mozilla/5.0 AppleWebKit/537.36 (KHTML, like Gecko; compatible; ClaudeBot/1.0; +claudebot@anthropic.com)"
66.249.69.228 - - [14/Dec/2025:12:21:34 +0000] "GET /491065043.shtml HTTP/1.1" 200 147651 "-" "Mozilla/5.0 (Linux; Android 6.0.1; Nexus 5X Build/MMB29P) AppleWebKit/537.36 (KHTML, like Gecko) Chrome/141.0.7390.122 Mobile Safari/537.36 (compatible; GoogleOther)"
66.249.69.228 - - [14/Dec/2025:12:21:39 +0000] "GET /325487033.shtml HTTP/1.1" 200 166377 "-" "Mozilla/5.0 (Linux; Android 6.0.1; Nexus 5X Build/MMB29P) AppleWebKit/537.36 (KHTML, like Gecko) Chrome/141.0.7390.122 Mobile Safari/537.36 (compatible; Googlebot/2.1; +http://www.google.com/bot.html)"
66.249.69.228 - - [14/Dec/2025:12:21:44 +0000] "GET /531860798.shtml HTTP/1.1" 200 147591 "-" "Mozilla/5.0 (Linux; Android 6.0.1; Nexus 5X Build/MMB29P) AppleWebKit/537.36 (KHTML, like Gecko) Chrome/141.0.7390.122 Mobile Safari/537.36 (compatible; GoogleOther)"
66.249.69.229 - - [14/Dec/2025:12:21:55 +0000] "GET /78012143.shtml HTTP/1.1" 200 171098 "-" "Mozilla/5.0 (Linux; Android 6.0.1; Nexus 5X Build/MMB29P) AppleWebKit/537.36 (KHTML, like Gecko) Chrome/141.0.7390.122 Mobile Safari/537.36 (compatible; GoogleOther)"
66.249.69.230 - - [14/Dec/2025:12:22:06 +0000] "GET /479124218.shtml HTTP/1.1" 200 154529 "-" "Mozilla/5.0 (Linux; Android 6.0.1; Nexus 5X Build/MMB29P) AppleWebKit/537.36 (KHTML, like Gecko) Chrome/141.0.7390.122 Mobile Safari/537.36 (compatible; GoogleOther)"
66.249.69.228 - - [14/Dec/2025:12:22:07 +0000] "GET /548872208.shtml HTTP/1.1" 200 160868 "-" "Mozilla/5.0 (Linux; Android 6.0.1; Nexus 5X Build/MMB29P) AppleWebKit/537.36 (KHTML, like Gecko) Chrome/141.0.7390.122 Mobile Safari/537.36 (compatible; Googlebot/2.1; +http://www.google.com/bot.html)"
216.73.216.139 - - [14/Dec/2025:12:22:10 +0000] "GET /470301248.shtml HTTP/1.1" 302 0 "-" "Mozilla/5.0 AppleWebKit/537.36 (KHTML, like Gecko; compatible; ClaudeBot/1.0; +claudebot@anthropic.com)"
216.73.216.139 - - [14/Dec/2025:12:22:10 +0000] "GET /198457208.shtml HTTP/1.1" 302 0 "-" "Mozilla/5.0 AppleWebKit/537.36 (KHTML, like Gecko; compatible; ClaudeBot/1.0; +claudebot@anthropic.com)"
66.249.69.228 - - [14/Dec/2025:12:22:16 +0000] "GET /235918463.shtml HTTP/1.1" 200 160139 "-" "Mozilla/5.0 (Linux; Android 6.0.1; Nexus 5X Build/MMB29P) AppleWebKit/537.36 (KHTML, like Gecko) Chrome/141.0.7390.122 Mobile Safari/537.36 (compatible; GoogleOther)"
66.249.69.228 - - [14/Dec/2025:12:22:20 +0000] "GET /14805623.shtml HTTP/1.1" 200 159778 "-" "Mozilla/5.0 (Linux; Android 6.0.1; Nexus 5X Build/MMB29P) AppleWebKit/537.36 (KHTML, like Gecko) Chrome/141.0.7390.122 Mobile Safari/537.36 (compatible; Googlebot/2.1; +http://www.google.com/bot.html)"
66.249.69.228 - - [14/Dec/2025:12:22:26 +0000] "GET /446842163.shtml HTTP/1.1" 200 157135 "-" "Mozilla/5.0 (Linux; Android 6.0.1; Nexus 5X Build/MMB29P) AppleWebKit/537.36 (KHTML, like Gecko) Chrome/141.0.7390.122 Mobile Safari/537.36 (compatible; GoogleOther)"
66.249.69.228 - - [14/Dec/2025:12:22:33 +0000] "GET /ctg/search/similarImageSearchResultView/?ctgItemCd=53638231 HTTP/1.1" 301 327 "-" "Mozilla/5.0 (Linux; Android 6.0.1; Nexus 5X Build/MMB29P) AppleWebKit/537.36 (KHTML, like Gecko) Chrome/141.0.7390.122 Mobile Safari/537.36 (compatible; Googlebot/2.1; +http://www.google.com/bot.html)"
66.249.69.228 - - [14/Dec/2025:12:22:34 +0000] "GET /ctg/search/similarImageSearchResultView?ctgItemCd=53638231 HTTP/1.1" 200 185613 "-" "Mozilla/5.0 (Linux; Android 6.0.1; Nexus 5X Build/MMB29P) AppleWebKit/537.36 (KHTML, like Gecko) Chrome/141.0.7390.122 Mobile Safari/537.36 (compatible; Googlebot/2.1; +http://www.google.com/bot.html)"
66.249.69.228 - - [14/Dec/2025:12:22:35 +0000] "GET /531890828.shtml HTTP/1.1" 200 153673 "-" "Mozilla/5.0 (Linux; Android 6.0.1; Nexus 5X Build/MMB29P) AppleWebKit/537.36 (KHTML, like Gecko) Chrome/141.0.7390.122 Mobile Safari/537.36 (compatible; Googlebot/2.1; +http://www.google.com/bot.html)"
66.249.69.228 - - [14/Dec/2025:12:22:35 +0000] "GET /549521753.shtml HTTP/1.1" 200 154172 "-" "Mozilla/5.0 (Linux; Android 6.0.1; Nexus 5X Build/MMB29P) AppleWebKit/537.36 (KHTML, like Gecko) Chrome/141.0.7390.122 Mobile Safari/537.36 (compatible; Googlebot/2.1; +http://www.google.com/bot.html)"
66.249.69.228 - - [14/Dec/2025:12:22:36 +0000] "GET /317839718.shtml HTTP/1.1" 200 173277 "-" "Mozilla/5.0 (Linux; Android 6.0.1; Nexus 5X Build/MMB29P) AppleWebKit/537.36 (KHTML, like Gecko) Chrome/141.0.7390.122 Mobile Safari/537.36 (compatible; GoogleOther)"
66.249.69.228 - - [14/Dec/2025:12:22:47 +0000] "GET /367300688.shtml HTTP/1.1" 200 154003 "-" "Mozilla/5.0 (Linux; Android 6.0.1; Nexus 5X Build/MMB29P) AppleWebKit/537.36 (KHTML, like Gecko) Chrome/141.0.7390.122 Mobile Safari/537.36 (compatible; GoogleOther)"
216.73.216.139 - - [14/Dec/2025:12:22:52 +0000] "GET /348598238.shtml HTTP/1.1" 302 0 "-" "Mozilla/5.0 AppleWebKit/537.36 (KHTML, like Gecko; compatible; ClaudeBot/1.0; +claudebot@anthropic.com)"
216.73.216.139 - - [14/Dec/2025:12:22:52 +0000] "GET /395118608.shtml HTTP/1.1" 302 0 "-" "Mozilla/5.0 AppleWebKit/537.36 (KHTML, like Gecko; compatible; ClaudeBot/1.0; +claudebot@anthropic.com)"
216.73.216.139 - - [14/Dec/2025:12:22:56 +0000] "GET /sitemap-15.xml HTTP/1.1" 200 342310 "-" "Mozilla/5.0 AppleWebKit/537.36 (KHTML, like Gecko; compatible; ClaudeBot/1.0; +claudebot@anthropic.com)"
66.249.69.228 - - [14/Dec/2025:12:22:58 +0000] "GET /152454953.shtml HTTP/1.1" 200 185415 "-" "Mozilla/5.0 (Linux; Android 6.0.1; Nexus 5X Build/MMB29P) AppleWebKit/537.36 (KHTML, like Gecko) Chrome/141.0.7390.122 Mobile Safari/537.36 (compatible; GoogleOther)"
66.249.69.228 - - [14/Dec/2025:12:23:05 +0000] "GET /463844798.shtml HTTP/1.1" 200 154040 "-" "Mozilla/5.0 (Linux; Android 6.0.1; Nexus 5X Build/MMB29P) AppleWebKit/537.36 (KHTML, like Gecko) Chrome/141.0.7390.122 Mobile Safari/537.36 (compatible; Googlebot/2.1; +http://www.google.com/bot.html)"
66.249.69.228 - - [14/Dec/2025:12:23:06 +0000] "GET /348178403.shtml HTTP/1.1" 200 149838 "-" "Mozilla/5.0 (Linux; Android 6.0.1; Nexus 5X Build/MMB29P) AppleWebKit/537.36 (KHTML, like Gecko) Chrome/141.0.7390.122 Mobile Safari/537.36 (compatible; Googlebot/2.1; +http://www.google.com/bot.html)"
74.7.227.17 - - [14/Dec/2025:12:23:08 +0000] "GET /index.php/www.youtube.com/@TV-kv3bp?path=%2Fhome%2Fkueuepay%2Fwww%2Fvendor%2Fleague%2Furi-interfaces%2Fsrc%2FExceptions&view_file=%2Fhome%2Fkueuepay%2Fwww%2Fvendor%2Fleague%2Furi-interfaces%2Fsrc%2FExceptions%2FIdnSupportMissing.php HTTP/1.1" 200 15113 "-" "Mozilla/5.0 AppleWebKit/537.36 (KHTML, like Gecko; compatible; GPTBot/1.3; +https://openai.com/gptbot)"
74.7.227.17 - - [14/Dec/2025:12:23:13 +0000] "GET /public/index.php/link/refund-policy?path=%2Fhome%2Fkueuepay%2Fwww%2Fstorage%2Fframework%2Fcache%2Fdata%2F52%2F82&view_file=%2Fhome%2Fkueuepay%2Fwww%2Fstorage%2Fframework%2Fcache%2Fdata%2F52%2F82%2F5282e89d72e5aa8fdd439e11f72de00c5d85f6ed HTTP/1.1" 200 39588 "-" "Mozilla/5.0 AppleWebKit/537.36 (KHTML, like Gecko; compatible; GPTBot/1.3; +https://openai.com/gptbot)"
74.7.227.17 - - [14/Dec/2025:12:23:16 +0000] "GET /index.php/www.youtube.com/@TV-kv3bp?path=%2Fhome%2Fkueuepay%2Fwww%2Fresources%2Fviews%2Fadmin%2Fcomponents%2Fmodals%2Fsite-section%2Fpayments-section&view_file=%2Fhome%2Fkueuepay%2Fwww%2Fresources%2Fviews%2Fadmin%2Fcomponents%2Fmodals%2Fsite-section%2Fpayments-section%2Fedit.blade.php HTTP/1.1" 200 17371 "-" "Mozilla/5.0 AppleWebKit/537.36 (KHTML, like Gecko; compatible; GPTBot/1.3; +https://openai.com/gptbot)"
74.7.227.17 - - [14/Dec/2025:12:23:18 +0000] "GET /public/index.php/link/refund-policy?path=%2Fhome%2Fkueuepay%2Fwww%2Fstorage%2Fframework%2Fcache%2Fdata%2F67%2F27&view_file=%2Fhome%2Fkueuepay%2Fwww%2Fstorage%2Fframework%2Fcache%2Fdata%2F67%2F27%2F6727b9d2bdbf3bf64ce6535509169dd005cfd4c8 HTTP/1.1" 200 39592 "-" "Mozilla/5.0 AppleWebKit/537.36 (KHTML, like Gecko; compatible; GPTBot/1.3; +https://openai.com/gptbot)"
66.249.69.228 - - [14/Dec/2025:12:23:20 +0000] "GET /132545258.shtml HTTP/1.1" 200 151592 "-" "Mozilla/5.0 (Linux; Android 6.0.1; Nexus 5X Build/MMB29P) AppleWebKit/537.36 (KHTML, like Gecko) Chrome/141.0.7390.122 Mobile Safari/537.36 (compatible; Googlebot/2.1; +http://www.google.com/bot.html)"
74.7.227.17 - - [14/Dec/2025:12:23:21 +0000] "GET /public/index.php/fileholder-remove?path=%2Fhome%2Fkueuepay%2Fwww%2Fvendor%2Flaravel%2Fframework%2Fsrc%2FIlluminate%2FConsole%2Fresources%2Fviews%2Fcomponents&view_file=%2Fhome%2Fkueuepay%2Fwww%2Fvendor%2Flaravel%2Fframework%2Fsrc%2FIlluminate%2FConsole%2Fresources%2Fviews%2Fcomponents%2Fline.php HTTP/1.1" 200 9243 "-" "Mozilla/5.0 AppleWebKit/537.36 (KHTML, like Gecko; compatible; GPTBot/1.3; +https://openai.com/gptbot)"
74.7.227.17 - - [14/Dec/2025:12:23:25 +0000] "GET /index.php/www.youtube.com/@TV-kv3bp?path=%2Fhome%2Fkueuepay%2Fwww%2Fvendor%2Fnikic%2Fphp-parser%2Flib%2FPhpParser%2FBuilder&view_file=%2Fhome%2Fkueuepay%2Fwww%2Fvendor%2Fnikic%2Fphp-parser%2Flib%2FPhpParser%2FBuilder%2FProperty.php HTTP/1.1" 200 26937 "-" "Mozilla/5.0 AppleWebKit/537.36 (KHTML, like Gecko; compatible; GPTBot/1.3; +https://openai.com/gptbot)"
74.7.227.17 - - [14/Dec/2025:12:23:33 +0000] "GET /public/index.php/fileholder-remove?path=%2Fhome%2Fkueuepay%2Fwww%2Fdatabase&view_file=%2Fhome%2Fkueuepay%2Fwww%2Fdatabase%2F.gitignore HTTP/1.1" 200 5846 "-" "Mozilla/5.0 AppleWebKit/537.36 (KHTML, like Gecko; compatible; GPTBot/1.3; +https://openai.com/gptbot)"
66.249.69.228 - - [14/Dec/2025:12:23:33 +0000] "GET /585638873.shtml HTTP/1.1" 200 152828 "-" "Mozilla/5.0 (Linux; Android 6.0.1; Nexus 5X Build/MMB29P) AppleWebKit/537.36 (KHTML, like Gecko) Chrome/141.0.7390.122 Mobile Safari/537.36 (compatible; Googlebot/2.1; +http://www.google.com/bot.html)"
66.249.69.228 - - [14/Dec/2025:12:23:46 +0000] "GET /31673903.shtml HTTP/1.1" 200 179007 "-" "Mozilla/5.0 (Linux; Android 6.0.1; Nexus 5X Build/MMB29P) AppleWebKit/537.36 (KHTML, like Gecko) Chrome/141.0.7390.122 Mobile Safari/537.36 (compatible; GoogleOther)"
74.7.227.17 - - [14/Dec/2025:12:23:48 +0000] "GET /public/index.php/fileholder-remove?path=%2Fhome%2Fkueuepay%2Fwww%2Fvendor%2Flaravel%2Fframework%2Fsrc%2FIlluminate%2FPagination&view_file=%2Fhome%2Fkueuepay%2Fwww%2Fvendor%2Flaravel%2Fframework%2Fsrc%2FIlluminate%2FPagination%2Fcomposer.json HTTP/1.1" 200 14603 "-" "Mozilla/5.0 AppleWebKit/537.36 (KHTML, like Gecko; compatible; GPTBot/1.3; +https://openai.com/gptbot)"
66.249.69.228 - - [14/Dec/2025:12:23:52 +0000] "GET /448704413.shtml HTTP/1.1" 200 149321 "-" "Mozilla/5.0 (Linux; Android 6.0.1; Nexus 5X Build/MMB29P) AppleWebKit/537.36 (KHTML, like Gecko) Chrome/141.0.7390.122 Mobile Safari/537.36 (compatible; GoogleOther)"
74.7.227.17 - - [14/Dec/2025:12:23:58 +0000] "GET /public/index.php/accept-payment?path=%2Fhome%2Fkueuepay%2Fssl%2Fcerts&view_file=%2Fhome%2Fkueuepay%2Fssl%2Fcerts%2Fkueuepay_com_bd02b_183c3_1765835676_73c1afc7ff942f17d32de2695e2030ba.crt.cache HTTP/1.1" 200 44523 "-" "Mozilla/5.0 AppleWebKit/537.36 (KHTML, like Gecko; compatible; GPTBot/1.3; +https://openai.com/gptbot)"
66.249.69.228 - - [14/Dec/2025:12:23:59 +0000] "GET /210679028.shtml HTTP/1.1" 200 167241 "-" "Mozilla/5.0 (Linux; Android 6.0.1; Nexus 5X Build/MMB29P) AppleWebKit/537.36 (KHTML, like Gecko) Chrome/141.0.7390.122 Mobile Safari/537.36 (compatible; Googlebot/2.1; +http://www.google.com/bot.html)"
66.249.69.229 - - [14/Dec/2025:12:24:00 +0000] "GET /151991048.shtml HTTP/1.1" 200 158082 "-" "Mozilla/5.0 (Linux; Android 6.0.1; Nexus 5X Build/MMB29P) AppleWebKit/537.36 (KHTML, like Gecko) Chrome/141.0.7390.122 Mobile Safari/537.36 (compatible; Googlebot/2.1; +http://www.google.com/bot.html)"
74.7.227.17 - - [14/Dec/2025:12:24:06 +0000] "GET /index.php/www.youtube.com/@TV-kv3bp?path=%2Fhome%2Fkueuepay%2Fwww%2Fvendor%2Flaravel%2Fpassport%2Fsrc%2FEvents&view_file=%2Fhome%2Fkueuepay%2Fwww%2Fvendor%2Flaravel%2Fpassport%2Fsrc%2FEvents%2FRefreshTokenCreated.php HTTP/1.1" 200 13817 "-" "Mozilla/5.0 AppleWebKit/537.36 (KHTML, like Gecko; compatible; GPTBot/1.3; +https://openai.com/gptbot)"
66.249.69.228 - - [14/Dec/2025:12:24:10 +0000] "GET /31673903.shtml HTTP/1.1" 200 179007 "-" "Mozilla/5.0 (Linux; Android 6.0.1; Nexus 5X Build/MMB29P) AppleWebKit/537.36 (KHTML, like Gecko) Chrome/141.0.7390.122 Mobile Safari/537.36 (compatible; Googlebot/2.1; +http://www.google.com/bot.html)"
66.249.69.228 - - [14/Dec/2025:12:24:15 +0000] "GET /268890038.shtml HTTP/1.1" 200 148887 "-" "Mozilla/5.0 (Linux; Android 6.0.1; Nexus 5X Build/MMB29P) AppleWebKit/537.36 (KHTML, like Gecko) Chrome/141.0.7390.122 Mobile Safari/537.36 (compatible; Googlebot/2.1; +http://www.google.com/bot.html)"
66.249.69.228 - - [14/Dec/2025:12:24:16 +0000] "GET /575034188.shtml HTTP/1.1" 200 179523 "-" "Mozilla/5.0 (Linux; Android 6.0.1; Nexus 5X Build/MMB29P) AppleWebKit/537.36 (KHTML, like Gecko) Chrome/141.0.7390.122 Mobile Safari/537.36 (compatible; Googlebot/2.1; +http://www.google.com/bot.html)"
74.7.227.17 - - [14/Dec/2025:12:24:25 +0000] "GET /index.php/www.youtube.com/@TV-kv3bp?path=%2Fhome%2Fkueuepay%2Fwww%2Fresources%2Fviews%2Ffrontend%2Fpages&view_file=%2Fhome%2Fkueuepay%2Fwww%2Fresources%2Fviews%2Ffrontend%2Fpages%2Fjournal.blade.php HTTP/1.1" 200 22794 "-" "Mozilla/5.0 AppleWebKit/537.36 (KHTML, like Gecko; compatible; GPTBot/1.3; +https://openai.com/gptbot)"
66.249.69.228 - - [14/Dec/2025:12:24:29 +0000] "GET /448704413.shtml HTTP/1.1" 200 149321 "-" "Mozilla/5.0 (Linux; Android 6.0.1; Nexus 5X Build/MMB29P) AppleWebKit/537.36 (KHTML, like Gecko) Chrome/141.0.7390.122 Mobile Safari/537.36 (compatible; Googlebot/2.1; +http://www.google.com/bot.html)"
66.249.69.228 - - [14/Dec/2025:12:24:30 +0000] "GET /546704978.shtml HTTP/1.1" 200 159604 "-" "Mozilla/5.0 (Linux; Android 6.0.1; Nexus 5X Build/MMB29P) AppleWebKit/537.36 (KHTML, like Gecko) Chrome/141.0.7390.122 Mobile Safari/537.36 (compatible; Googlebot/2.1; +http://www.google.com/bot.html)"
74.7.227.17 - - [14/Dec/2025:12:24:34 +0000] "GET /index.php/www.youtube.com/@TV-kv3bp?path=%2Fhome%2Fkueuepay%2Fwww%2Fvendor%2Fmaatwebsite%2Fexcel%2Fsrc%2FConcerns&view_file=%2Fhome%2Fkueuepay%2Fwww%2Fvendor%2Fmaatwebsite%2Fexcel%2Fsrc%2FConcerns%2FFromIterator.php HTTP/1.1" 200 53400 "-" "Mozilla/5.0 AppleWebKit/537.36 (KHTML, like Gecko; compatible; GPTBot/1.3; +https://openai.com/gptbot)"
66.249.69.228 - - [14/Dec/2025:12:24:44 +0000] "GET /333405593.shtml HTTP/1.1" 200 156782 "-" "Mozilla/5.0 (Linux; Android 6.0.1; Nexus 5X Build/MMB29P) AppleWebKit/537.36 (KHTML, like Gecko) Chrome/141.0.7390.122 Mobile Safari/537.36 (compatible; Googlebot/2.1; +http://www.google.com/bot.html)"
74.7.227.17 - - [14/Dec/2025:12:24:44 +0000] "GET /index.php/www.youtube.com/@TV-kv3bp?path=%2Fhome%2Fkueuepay%2Fwww%2Fvendor%2Fbin&view_file=%2Fhome%2Fkueuepay%2Fwww%2Fvendor%2Fbin%2Fphp-parse.bat HTTP/1.1" 200 22713 "-" "Mozilla/5.0 AppleWebKit/537.36 (KHTML, like Gecko; compatible; GPTBot/1.3; +https://openai.com/gptbot)"
51.195.215.108 - - [14/Dec/2025:12:24:51 +0000] "GET /index.php/login?path=%2Fhome%2Fkueuepay%2Fpublic_html%2Fstorage&view_file=%2Fhome%2Fkueuepay%2Fpublic_html%2Fstorage%2Foauth-public.key HTTP/1.1" 200 40576 "-" "Mozilla/5.0 (compatible; AhrefsBot/7.0; +http://ahrefs.com/robot/)"
74.7.227.17 - - [14/Dec/2025:12:25:06 +0000] "GET /public/index.php/payment-system?path=%2Fhome%2Fkueuepay%2Fwww%2Fvendor%2Fdefuse%2Fphp-encryption%2Fdist&view_file=%2Fhome%2Fkueuepay%2Fwww%2Fvendor%2Fdefuse%2Fphp-encryption%2Fdist%2Fsigningkey.asc HTTP/1.1" 200 43914 "-" "Mozilla/5.0 AppleWebKit/537.36 (KHTML, like Gecko; compatible; GPTBot/1.3; +https://openai.com/gptbot)"
66.249.69.228 - - [14/Dec/2025:12:25:09 +0000] "GET /282015878.shtml HTTP/1.1" 200 155869 "-" "Mozilla/5.0 (Linux; Android 6.0.1; Nexus 5X Build/MMB29P) AppleWebKit/537.36 (KHTML, like Gecko) Chrome/141.0.7390.122 Mobile Safari/537.36 (compatible; Googlebot/2.1; +http://www.google.com/bot.html)"
74.7.227.17 - - [14/Dec/2025:12:25:11 +0000] "GET /public/index.php/payment-system?path=%2Fhome%2Fkueuepay%2Fwww%2Fvendor%2Fsrmklive%2Fpaypal%2Fsrc%2FTraits%2FPayPalAPI&view_file=%2Fhome%2Fkueuepay%2Fwww%2Fvendor%2Fsrmklive%2Fpaypal%2Fsrc%2FTraits%2FPayPalAPI%2FPayouts.php HTTP/1.1" 200 56546 "-" "Mozilla/5.0 AppleWebKit/537.36 (KHTML, like Gecko; compatible; GPTBot/1.3; +https://openai.com/gptbot)"
74.7.227.17 - - [14/Dec/2025:12:25:13 +0000] "GET /index.php/en/privacy-statement?path=%2Fhome%2Fkueuepay%2Fwww%2Fvendor%2Flcobucci%2Fjwt%2Fsrc%2FValidation&view_file=%2Fhome%2Fkueuepay%2Fwww%2Fvendor%2Flcobucci%2Fjwt%2Fsrc%2FValidation%2FRequiredConstraintsViolated.php HTTP/1.1" 200 16668 "-" "Mozilla/5.0 AppleWebKit/537.36 (KHTML, like Gecko; compatible; GPTBot/1.3; +https://openai.com/gptbot)"
74.7.227.17 - - [14/Dec/2025:12:25:21 +0000] "GET /index.php/www.youtube.com/@TV-kv3bp?path=%2Fhome%2Fkueuepay%2Fwww%2Fvendor%2Fphpunit%2Fphpunit%2Fschema&view_file=%2Fhome%2Fkueuepay%2Fwww%2Fvendor%2Fphpunit%2Fphpunit%2Fschema%2F9.2.xsd HTTP/1.1" 200 39629 "-" "Mozilla/5.0 AppleWebKit/537.36 (KHTML, like Gecko; compatible; GPTBot/1.3; +https://openai.com/gptbot)"
66.249.69.228 - - [14/Dec/2025:12:25:23 +0000] "GET /53475878.shtml HTTP/1.1" 200 169567 "-" "Mozilla/5.0 (Linux; Android 6.0.1; Nexus 5X Build/MMB29P) AppleWebKit/537.36 (KHTML, like Gecko) Chrome/141.0.7390.122 Mobile Safari/537.36 (compatible; Googlebot/2.1; +http://www.google.com/bot.html)"
66.249.69.228 - - [14/Dec/2025:12:25:24 +0000] "GET /57486053.shtml HTTP/1.1" 200 182480 "-" "Mozilla/5.0 (Linux; Android 6.0.1; Nexus 5X Build/MMB29P) AppleWebKit/537.36 (KHTML, like Gecko) Chrome/141.0.7390.122 Mobile Safari/537.36 (compatible; Googlebot/2.1; +http://www.google.com/bot.html)"
66.249.69.228 - - [14/Dec/2025:12:25:24 +0000] "GET /9414068.shtml HTTP/1.1" 200 155441 "-" "Mozilla/5.0 (Linux; Android 6.0.1; Nexus 5X Build/MMB29P) AppleWebKit/537.36 (KHTML, like Gecko) Chrome/141.0.7390.122 Mobile Safari/537.36 (compatible; Googlebot/2.1; +http://www.google.com/bot.html)"
66.249.69.228 - - [14/Dec/2025:12:25:25 +0000] "GET /147426098.shtml HTTP/1.1" 200 152835 "-" "Mozilla/5.0 (Linux; Android 6.0.1; Nexus 5X Build/MMB29P) AppleWebKit/537.36 (KHTML, like Gecko) Chrome/141.0.7390.122 Mobile Safari/537.36 (compatible; GoogleOther)"
74.7.227.17 - - [14/Dec/2025:12:25:46 +0000] "GET /sys/images/user/65175.jpg?path=%2Fhome%2Fkueuepay%2Fpublic_html%2Fvendor%2Fmaximebf%2Fdebugbar%2Fsrc%2FDebugBar&view_file=%2Fhome%2Fkueuepay%2Fpublic_html%2Fvendor%2Fmaximebf%2Fdebugbar%2Fsrc%2FDebugBar%2FStandardDebugBar.php HTTP/1.1" 200 20530 "-" "Mozilla/5.0 AppleWebKit/537.36 (KHTML, like Gecko; compatible; GPTBot/1.3; +https://openai.com/gptbot)"
74.7.227.17 - - [14/Dec/2025:12:25:48 +0000] "GET /sys/images/user/65175.jpg?path=%2Fhome%2Fkueuepay%2Fpublic_html%2Fvendor%2Fsymfony%2Frouting%2FLoader%2FConfigurator%2FTraits&view_file=%2Fhome%2Fkueuepay%2Fpublic_html%2Fvendor%2Fsymfony%2Frouting%2FLoader%2FConfigurator%2FTraits%2FPrefixTrait.php HTTP/1.1" 200 18372 "-" "Mozilla/5.0 AppleWebKit/537.36 (KHTML, like Gecko; compatible; GPTBot/1.3; +https://openai.com/gptbot)"
66.249.69.228 - - [14/Dec/2025:12:25:49 +0000] "GET /70692818.shtml HTTP/1.1" 200 174143 "-" "Mozilla/5.0 (Linux; Android 6.0.1; Nexus 5X Build/MMB29P) AppleWebKit/537.36 (KHTML, like Gecko) Chrome/141.0.7390.122 Mobile Safari/537.36 (compatible; Googlebot/2.1; +http://www.google.com/bot.html)"
66.249.69.228 - - [14/Dec/2025:12:25:50 +0000] "GET /10780043.shtml HTTP/1.1" 200 159097 "-" "Mozilla/5.0 (Linux; Android 6.0.1; Nexus 5X Build/MMB29P) AppleWebKit/537.36 (KHTML, like Gecko) Chrome/141.0.7390.122 Mobile Safari/537.36 (compatible; Googlebot/2.1; +http://www.google.com/bot.html)"
74.7.227.17 - - [14/Dec/2025:12:25:50 +0000] "GET /sys/images/user/65175.jpg?path=%2Fhome%2Fkueuepay%2Fpublic_html%2Fvendor%2Fsymfony%2Fhttp-foundation%2FTest%2FConstraint&view_file=%2Fhome%2Fkueuepay%2Fpublic_html%2Fvendor%2Fsymfony%2Fhttp-foundation%2FTest%2FConstraint%2FResponseFormatSame.php HTTP/1.1" 200 21003 "-" "Mozilla/5.0 AppleWebKit/537.36 (KHTML, like Gecko; compatible; GPTBot/1.3; +https://openai.com/gptbot)"
74.7.227.17 - - [14/Dec/2025:12:25:51 +0000] "GET /sys/images/user/65175.jpg?path=%2Fhome%2Fkueuepay%2Fpublic_html%2Fvendor%2Fsymfony%2Fhttp-foundation%2FSession%2FStorage%2FHandler&view_file=%2Fhome%2Fkueuepay%2Fpublic_html%2Fvendor%2Fsymfony%2Fhttp-foundation%2FSession%2FStorage%2FHandler%2FPdoSessionHandler.php HTTP/1.1" 200 60483 "-" "Mozilla/5.0 AppleWebKit/537.36 (KHTML, like Gecko; compatible; GPTBot/1.3; +https://openai.com/gptbot)"
74.7.227.17 - - [14/Dec/2025:12:25:53 +0000] "GET /sys/images/user/65175.jpg?path=%2Fhome%2Fkueuepay%2Fpublic_html%2Fvendor%2Fphar-io%2Fmanifest%2Fsrc%2Fexceptions&view_file=%2Fhome%2Fkueuepay%2Fpublic_html%2Fvendor%2Fphar-io%2Fmanifest%2Fsrc%2Fexceptions%2FInvalidApplicationNameException.php HTTP/1.1" 200 20472 "-" "Mozilla/5.0 AppleWebKit/537.36 (KHTML, like Gecko; compatible; GPTBot/1.3; +https://openai.com/gptbot)"
74.7.227.17 - - [14/Dec/2025:12:25:54 +0000] "GET /sys/images/user/65175.jpg?path=%2Fhome%2Fkueuepay%2Fpublic_html%2Fvendor%2Fsymfony%2Fhttp-foundation%2FSession%2FStorage%2FHandler&view_file=%2Fhome%2Fkueuepay%2Fpublic_html%2Fvendor%2Fsymfony%2Fhttp-foundation%2FSession%2FStorage%2FHandler%2FAbstractSessionHandler.php HTTP/1.1" 200 25563 "-" "Mozilla/5.0 AppleWebKit/537.36 (KHTML, like Gecko; compatible; GPTBot/1.3; +https://openai.com/gptbot)"
74.7.227.17 - - [14/Dec/2025:12:25:55 +0000] "GET /sys/images/user/65175.jpg?path=%2Fhome%2Fkueuepay%2Fpublic_html%2Fvendor%2Flaravel%2Fframework%2Fsrc%2FIlluminate%2FDatabase&view_file=%2Fhome%2Fkueuepay%2Fpublic_html%2Fvendor%2Flaravel%2Fframework%2Fsrc%2FIlluminate%2FDatabase%2FMySqlConnection.php HTTP/1.1" 200 39736 "-" "Mozilla/5.0 AppleWebKit/537.36 (KHTML, like Gecko; compatible; GPTBot/1.3; +https://openai.com/gptbot)"
74.7.227.17 - - [14/Dec/2025:12:25:57 +0000] "GET /sys/images/user/65175.jpg?path=%2Fhome%2Fkueuepay%2Fpublic_html%2Fvendor%2Flaravel%2Fframework%2Fsrc%2FIlluminate%2FRedis&view_file=%2Fhome%2Fkueuepay%2Fpublic_html%2Fvendor%2Flaravel%2Fframework%2Fsrc%2FIlluminate%2FRedis%2FRedisServiceProvider.php HTTP/1.1" 200 17025 "-" "Mozilla/5.0 AppleWebKit/537.36 (KHTML, like Gecko; compatible; GPTBot/1.3; +https://openai.com/gptbot)"
74.7.227.17 - - [14/Dec/2025:12:25:58 +0000] "GET /sys/images/user/65175.jpg?path=%2Fhome%2Fkueuepay%2Fpublic_html%2Fvendor%2Flaravel%2Fframework%2Fsrc%2FIlluminate%2FSupport&view_file=%2Fhome%2Fkueuepay%2Fpublic_html%2Fvendor%2Flaravel%2Fframework%2Fsrc%2FIlluminate%2FSupport%2FProcessUtils.php HTTP/1.1" 200 36888 "-" "Mozilla/5.0 AppleWebKit/537.36 (KHTML, like Gecko; compatible; GPTBot/1.3; +https://openai.com/gptbot)"
74.7.227.17 - - [14/Dec/2025:12:25:59 +0000] "GET /sys/images/user/65175.jpg?path=%2Fhome%2Fkueuepay%2Fpublic_html%2Fvendor%2Fsrmklive%2Fpaypal%2Ftests%2FMocks%2FRequests&view_file=%2Fhome%2Fkueuepay%2Fpublic_html%2Fvendor%2Fsrmklive%2Fpaypal%2Ftests%2FMocks%2FRequests%2FReferencedPayouts.php HTTP/1.1" 200 26418 "-" "Mozilla/5.0 AppleWebKit/537.36 (KHTML, like Gecko; compatible; GPTBot/1.3; +https://openai.com/gptbot)"
66.249.69.229 - - [14/Dec/2025:12:25:59 +0000] "GET /422719103.shtml HTTP/1.1" 200 146545 "-" "Mozilla/5.0 (Linux; Android 6.0.1; Nexus 5X Build/MMB29P) AppleWebKit/537.36 (KHTML, like Gecko) Chrome/141.0.7390.122 Mobile Safari/537.36 (compatible; Googlebot/2.1; +http://www.google.com/bot.html)"
74.7.227.17 - - [14/Dec/2025:12:26:00 +0000] "GET /sys/images/user/65175.jpg?path=%2Fhome%2Fkueuepay%2Fpublic_html%2Fvendor%2Flaravel%2Fframework%2Fsrc%2FIlluminate%2FFoundation&view_file=%2Fhome%2Fkueuepay%2Fpublic_html%2Fvendor%2Flaravel%2Fframework%2Fsrc%2FIlluminate%2FFoundation%2FComposerScripts.php HTTP/1.1" 200 28135 "-" "Mozilla/5.0 AppleWebKit/537.36 (KHTML, like Gecko; compatible; GPTBot/1.3; +https://openai.com/gptbot)"
74.7.227.17 - - [14/Dec/2025:12:26:02 +0000] "GET /sys/images/user/65175.jpg?path=%2Fhome%2Fkueuepay%2Fpublic_html%2Fvendor%2Fmaatwebsite%2Fexcel%2Fsrc%2FConcerns&view_file=%2Fhome%2Fkueuepay%2Fpublic_html%2Fvendor%2Fmaatwebsite%2Fexcel%2Fsrc%2FConcerns%2FWithDefaultStyles.php HTTP/1.1" 200 55012 "-" "Mozilla/5.0 AppleWebKit/537.36 (KHTML, like Gecko; compatible; GPTBot/1.3; +https://openai.com/gptbot)"
66.249.69.228 - - [14/Dec/2025:12:26:16 +0000] "GET /23902958.shtml HTTP/1.1" 200 155444 "-" "Mozilla/5.0 (Linux; Android 6.0.1; Nexus 5X Build/MMB29P) AppleWebKit/537.36 (KHTML, like Gecko) Chrome/141.0.7390.122 Mobile Safari/537.36 (compatible; Googlebot/2.1; +http://www.google.com/bot.html)"
74.7.227.17 - - [14/Dec/2025:12:26:18 +0000] "GET /sys/images/user/65175.jpg?path=%2Fhome%2Fkueuepay%2Fpublic_html%2Fvendor%2Fleague%2Fconfig%2Fsrc%2FException&view_file=%2Fhome%2Fkueuepay%2Fpublic_html%2Fvendor%2Fleague%2Fconfig%2Fsrc%2FException%2FConfigurationExceptionInterface.php HTTP/1.1" 200 15240 "-" "Mozilla/5.0 AppleWebKit/537.36 (KHTML, like Gecko; compatible; GPTBot/1.3; +https://openai.com/gptbot)"
216.73.216.139 - - [14/Dec/2025:12:26:27 +0000] "GET /sitemap-7.xml HTTP/1.1" 200 298955 "-" "Mozilla/5.0 AppleWebKit/537.36 (KHTML, like Gecko; compatible; ClaudeBot/1.0; +claudebot@anthropic.com)"
66.249.69.228 - - [14/Dec/2025:12:26:40 +0000] "GET /421166123.shtml HTTP/1.1" 200 153960 "-" "Mozilla/5.0 (Linux; Android 6.0.1; Nexus 5X Build/MMB29P) AppleWebKit/537.36 (KHTML, like Gecko) Chrome/141.0.7390.122 Mobile Safari/537.36 (compatible; Googlebot/2.1; +http://www.google.com/bot.html)"
66.249.69.228 - - [14/Dec/2025:12:26:57 +0000] "GET /222675233.shtml HTTP/1.1" 200 156560 "-" "Mozilla/5.0 (Linux; Android 6.0.1; Nexus 5X Build/MMB29P) AppleWebKit/537.36 (KHTML, like Gecko) Chrome/141.0.7390.122 Mobile Safari/537.36 (compatible; Googlebot/2.1; +http://www.google.com/bot.html)"
66.249.69.229 - - [14/Dec/2025:12:27:12 +0000] "GET /463305233.shtml HTTP/1.1" 200 147540 "-" "Mozilla/5.0 (Linux; Android 6.0.1; Nexus 5X Build/MMB29P) AppleWebKit/537.36 (KHTML, like Gecko) Chrome/141.0.7390.122 Mobile Safari/537.36 (compatible; Googlebot/2.1; +http://www.google.com/bot.html)"
66.249.69.228 - - [14/Dec/2025:12:27:29 +0000] "GET /429779273.shtml HTTP/1.1" 200 160684 "-" "Mozilla/5.0 (Linux; Android 6.0.1; Nexus 5X Build/MMB29P) AppleWebKit/537.36 (KHTML, like Gecko) Chrome/141.0.7390.122 Mobile Safari/537.36 (compatible; Googlebot/2.1; +http://www.google.com/bot.html)"
66.249.69.228 - - [14/Dec/2025:12:28:03 +0000] "GET /329487263.shtml HTTP/1.1" 200 154872 "-" "Mozilla/5.0 (Linux; Android 6.0.1; Nexus 5X Build/MMB29P) AppleWebKit/537.36 (KHTML, like Gecko) Chrome/141.0.7390.122 Mobile Safari/537.36 (compatible; Googlebot/2.1; +http://www.google.com/bot.html)"
66.249.69.229 - - [14/Dec/2025:12:28:03 +0000] "GET /274191698.shtml HTTP/1.1" 200 158217 "-" "Mozilla/5.0 (Linux; Android 6.0.1; Nexus 5X Build/MMB29P) AppleWebKit/537.36 (KHTML, like Gecko) Chrome/141.0.7390.122 Mobile Safari/537.36 (compatible; Googlebot/2.1; +http://www.google.com/bot.html)"
66.249.69.230 - - [14/Dec/2025:12:28:10 +0000] "GET /437306273.shtml HTTP/1.1" 200 157486 "-" "Mozilla/5.0 (Linux; Android 6.0.1; Nexus 5X Build/MMB29P) AppleWebKit/537.36 (KHTML, like Gecko) Chrome/141.0.7390.122 Mobile Safari/537.36 (compatible; Googlebot/2.1; +http://www.google.com/bot.html)"
216.73.216.139 - - [14/Dec/2025:12:28:13 +0000] "GET /206733983.shtml HTTP/1.1" 302 0 "-" "Mozilla/5.0 AppleWebKit/537.36 (KHTML, like Gecko; compatible; ClaudeBot/1.0; +claudebot@anthropic.com)"
216.73.216.139 - - [14/Dec/2025:12:28:14 +0000] "GET /185731703.shtml HTTP/1.1" 302 0 "-" "Mozilla/5.0 AppleWebKit/537.36 (KHTML, like Gecko; compatible; ClaudeBot/1.0; +claudebot@anthropic.com)"
216.73.216.139 - - [14/Dec/2025:12:28:14 +0000] "GET /17367143.shtml HTTP/1.1" 302 0 "-" "Mozilla/5.0 AppleWebKit/537.36 (KHTML, like Gecko; compatible; ClaudeBot/1.0; +claudebot@anthropic.com)"
216.73.216.139 - - [14/Dec/2025:12:28:14 +0000] "GET /266024903.shtml HTTP/1.1" 302 0 "-" "Mozilla/5.0 AppleWebKit/537.36 (KHTML, like Gecko; compatible; ClaudeBot/1.0; +claudebot@anthropic.com)"
216.73.216.139 - - [14/Dec/2025:12:28:15 +0000] "GET /547079768.shtml HTTP/1.1" 302 0 "-" "Mozilla/5.0 AppleWebKit/537.36 (KHTML, like Gecko; compatible; ClaudeBot/1.0; +claudebot@anthropic.com)"
216.73.216.139 - - [14/Dec/2025:12:28:15 +0000] "GET /155513528.shtml HTTP/1.1" 302 0 "-" "Mozilla/5.0 AppleWebKit/537.36 (KHTML, like Gecko; compatible; ClaudeBot/1.0; +claudebot@anthropic.com)"
216.73.216.139 - - [14/Dec/2025:12:28:15 +0000] "GET /403201748.shtml HTTP/1.1" 302 0 "-" "Mozilla/5.0 AppleWebKit/537.36 (KHTML, like Gecko; compatible; ClaudeBot/1.0; +claudebot@anthropic.com)"
216.73.216.139 - - [14/Dec/2025:12:28:15 +0000] "GET /336817703.shtml HTTP/1.1" 302 0 "-" "Mozilla/5.0 AppleWebKit/537.36 (KHTML, like Gecko; compatible; ClaudeBot/1.0; +claudebot@anthropic.com)"
216.73.216.139 - - [14/Dec/2025:12:28:15 +0000] "GET /248864903.shtml HTTP/1.1" 302 0 "-" "Mozilla/5.0 AppleWebKit/537.36 (KHTML, like Gecko; compatible; ClaudeBot/1.0; +claudebot@anthropic.com)"
216.73.216.139 - - [14/Dec/2025:12:28:15 +0000] "GET /17497598.shtml HTTP/1.1" 302 0 "-" "Mozilla/5.0 AppleWebKit/537.36 (KHTML, like Gecko; compatible; ClaudeBot/1.0; +claudebot@anthropic.com)"
216.73.216.139 - - [14/Dec/2025:12:28:15 +0000] "GET /174249908.shtml HTTP/1.1" 302 0 "-" "Mozilla/5.0 AppleWebKit/537.36 (KHTML, like Gecko; compatible; ClaudeBot/1.0; +claudebot@anthropic.com)"
216.73.216.139 - - [14/Dec/2025:12:28:15 +0000] "GET /37314863.shtml HTTP/1.1" 302 0 "-" "Mozilla/5.0 AppleWebKit/537.36 (KHTML, like Gecko; compatible; ClaudeBot/1.0; +claudebot@anthropic.com)"
216.73.216.139 - - [14/Dec/2025:12:28:16 +0000] "GET /174916808.shtml HTTP/1.1" 302 0 "-" "Mozilla/5.0 AppleWebKit/537.36 (KHTML, like Gecko; compatible; ClaudeBot/1.0; +claudebot@anthropic.com)"
216.73.216.139 - - [14/Dec/2025:12:28:16 +0000] "GET /83140643.shtml HTTP/1.1" 302 0 "-" "Mozilla/5.0 AppleWebKit/537.36 (KHTML, like Gecko; compatible; ClaudeBot/1.0; +claudebot@anthropic.com)"
216.73.216.139 - - [14/Dec/2025:12:28:16 +0000] "GET /389633063.shtml HTTP/1.1" 302 0 "-" "Mozilla/5.0 AppleWebKit/537.36 (KHTML, like Gecko; compatible; ClaudeBot/1.0; +claudebot@anthropic.com)"
216.73.216.139 - - [14/Dec/2025:12:28:16 +0000] "GET /492000653.shtml HTTP/1.1" 302 0 "-" "Mozilla/5.0 AppleWebKit/537.36 (KHTML, like Gecko; compatible; ClaudeBot/1.0; +claudebot@anthropic.com)"
216.73.216.139 - - [14/Dec/2025:12:28:16 +0000] "GET /496990118.shtml HTTP/1.1" 302 0 "-" "Mozilla/5.0 AppleWebKit/537.36 (KHTML, like Gecko; compatible; ClaudeBot/1.0; +claudebot@anthropic.com)"
216.73.216.139 - - [14/Dec/2025:12:28:16 +0000] "GET /431055938.shtml HTTP/1.1" 302 0 "-" "Mozilla/5.0 AppleWebKit/537.36 (KHTML, like Gecko; compatible; ClaudeBot/1.0; +claudebot@anthropic.com)"
216.73.216.139 - - [14/Dec/2025:12:28:16 +0000] "GET /411438548.shtml HTTP/1.1" 302 0 "-" "Mozilla/5.0 AppleWebKit/537.36 (KHTML, like Gecko; compatible; ClaudeBot/1.0; +claudebot@anthropic.com)"
216.73.216.139 - - [14/Dec/2025:12:28:16 +0000] "GET /303970928.shtml HTTP/1.1" 302 0 "-" "Mozilla/5.0 AppleWebKit/537.36 (KHTML, like Gecko; compatible; ClaudeBot/1.0; +claudebot@anthropic.com)"
216.73.216.139 - - [14/Dec/2025:12:28:16 +0000] "GET /202942403.shtml HTTP/1.1" 302 0 "-" "Mozilla/5.0 AppleWebKit/537.36 (KHTML, like Gecko; compatible; ClaudeBot/1.0; +claudebot@anthropic.com)"
216.73.216.139 - - [14/Dec/2025:12:28:17 +0000] "GET /444906203.shtml HTTP/1.1" 302 0 "-" "Mozilla/5.0 AppleWebKit/537.36 (KHTML, like Gecko; compatible; ClaudeBot/1.0; +claudebot@anthropic.com)"
216.73.216.139 - - [14/Dec/2025:12:28:17 +0000] "GET /333430358.shtml HTTP/1.1" 302 0 "-" "Mozilla/5.0 AppleWebKit/537.36 (KHTML, like Gecko; compatible; ClaudeBot/1.0; +claudebot@anthropic.com)"
216.73.216.139 - - [14/Dec/2025:12:28:17 +0000] "GET /421214483.shtml HTTP/1.1" 302 0 "-" "Mozilla/5.0 AppleWebKit/537.36 (KHTML, like Gecko; compatible; ClaudeBot/1.0; +claudebot@anthropic.com)"
216.73.216.139 - - [14/Dec/2025:12:28:17 +0000] "GET /587133743.shtml HTTP/1.1" 302 0 "-" "Mozilla/5.0 AppleWebKit/537.36 (KHTML, like Gecko; compatible; ClaudeBot/1.0; +claudebot@anthropic.com)"
216.73.216.139 - - [14/Dec/2025:12:28:17 +0000] "GET /174896138.shtml HTTP/1.1" 302 0 "-" "Mozilla/5.0 AppleWebKit/537.36 (KHTML, like Gecko; compatible; ClaudeBot/1.0; +claudebot@anthropic.com)"
216.73.216.139 - - [14/Dec/2025:12:28:17 +0000] "GET /11346518.shtml HTTP/1.1" 302 0 "-" "Mozilla/5.0 AppleWebKit/537.36 (KHTML, like Gecko; compatible; ClaudeBot/1.0; +claudebot@anthropic.com)"
216.73.216.139 - - [14/Dec/2025:12:28:17 +0000] "GET /113460803.shtml HTTP/1.1" 302 0 "-" "Mozilla/5.0 AppleWebKit/537.36 (KHTML, like Gecko; compatible; ClaudeBot/1.0; +claudebot@anthropic.com)"
216.73.216.139 - - [14/Dec/2025:12:28:17 +0000] "GET /293864273.shtml HTTP/1.1" 302 0 "-" "Mozilla/5.0 AppleWebKit/537.36 (KHTML, like Gecko; compatible; ClaudeBot/1.0; +claudebot@anthropic.com)"
216.73.216.139 - - [14/Dec/2025:12:28:17 +0000] "GET /369675593.shtml HTTP/1.1" 302 0 "-" "Mozilla/5.0 AppleWebKit/537.36 (KHTML, like Gecko; compatible; ClaudeBot/1.0; +claudebot@anthropic.com)"
216.73.216.139 - - [14/Dec/2025:12:28:18 +0000] "GET /44959643.shtml HTTP/1.1" 302 0 "-" "Mozilla/5.0 AppleWebKit/537.36 (KHTML, like Gecko; compatible; ClaudeBot/1.0; +claudebot@anthropic.com)"
216.73.216.139 - - [14/Dec/2025:12:28:18 +0000] "GET /481796303.shtml HTTP/1.1" 302 0 "-" "Mozilla/5.0 AppleWebKit/537.36 (KHTML, like Gecko; compatible; ClaudeBot/1.0; +claudebot@anthropic.com)"
216.73.216.139 - - [14/Dec/2025:12:28:18 +0000] "GET /80657708.shtml HTTP/1.1" 302 0 "-" "Mozilla/5.0 AppleWebKit/537.36 (KHTML, like Gecko; compatible; ClaudeBot/1.0; +claudebot@anthropic.com)"
216.73.216.139 - - [14/Dec/2025:12:28:18 +0000] "GET /124614023.shtml HTTP/1.1" 302 0 "-" "Mozilla/5.0 AppleWebKit/537.36 (KHTML, like Gecko; compatible; ClaudeBot/1.0; +claudebot@anthropic.com)"
216.73.216.139 - - [14/Dec/2025:12:28:18 +0000] "GET /261019643.shtml HTTP/1.1" 302 0 "-" "Mozilla/5.0 AppleWebKit/537.36 (KHTML, like Gecko; compatible; ClaudeBot/1.0; +claudebot@anthropic.com)"
216.73.216.139 - - [14/Dec/2025:12:28:18 +0000] "GET /121276403.shtml HTTP/1.1" 302 0 "-" "Mozilla/5.0 AppleWebKit/537.36 (KHTML, like Gecko; compatible; ClaudeBot/1.0; +claudebot@anthropic.com)"
216.73.216.139 - - [14/Dec/2025:12:28:18 +0000] "GET /569480003.shtml HTTP/1.1" 302 0 "-" "Mozilla/5.0 AppleWebKit/537.36 (KHTML, like Gecko; compatible; ClaudeBot/1.0; +claudebot@anthropic.com)"
216.73.216.139 - - [14/Dec/2025:12:28:18 +0000] "GET /383910203.shtml HTTP/1.1" 302 0 "-" "Mozilla/5.0 AppleWebKit/537.36 (KHTML, like Gecko; compatible; ClaudeBot/1.0; +claudebot@anthropic.com)"
216.73.216.139 - - [14/Dec/2025:12:28:18 +0000] "GET /114882743.shtml HTTP/1.1" 302 0 "-" "Mozilla/5.0 AppleWebKit/537.36 (KHTML, like Gecko; compatible; ClaudeBot/1.0; +claudebot@anthropic.com)"
216.73.216.139 - - [14/Dec/2025:12:28:18 +0000] "GET /152038823.shtml HTTP/1.1" 302 0 "-" "Mozilla/5.0 AppleWebKit/537.36 (KHTML, like Gecko; compatible; ClaudeBot/1.0; +claudebot@anthropic.com)"
216.73.216.139 - - [14/Dec/2025:12:28:19 +0000] "GET /189746363.shtml HTTP/1.1" 302 0 "-" "Mozilla/5.0 AppleWebKit/537.36 (KHTML, like Gecko; compatible; ClaudeBot/1.0; +claudebot@anthropic.com)"
216.73.216.139 - - [14/Dec/2025:12:28:19 +0000] "GET /70470908.shtml HTTP/1.1" 302 0 "-" "Mozilla/5.0 AppleWebKit/537.36 (KHTML, like Gecko; compatible; ClaudeBot/1.0; +claudebot@anthropic.com)"
216.73.216.139 - - [14/Dec/2025:12:28:19 +0000] "GET /80289743.shtml HTTP/1.1" 302 0 "-" "Mozilla/5.0 AppleWebKit/537.36 (KHTML, like Gecko; compatible; ClaudeBot/1.0; +claudebot@anthropic.com)"
216.73.216.139 - - [14/Dec/2025:12:28:19 +0000] "GET /472260998.shtml HTTP/1.1" 302 0 "-" "Mozilla/5.0 AppleWebKit/537.36 (KHTML, like Gecko; compatible; ClaudeBot/1.0; +claudebot@anthropic.com)"
216.73.216.139 - - [14/Dec/2025:12:28:19 +0000] "GET /163625138.shtml HTTP/1.1" 302 0 "-" "Mozilla/5.0 AppleWebKit/537.36 (KHTML, like Gecko; compatible; ClaudeBot/1.0; +claudebot@anthropic.com)"
216.73.216.139 - - [14/Dec/2025:12:28:19 +0000] "GET /208025078.shtml HTTP/1.1" 302 0 "-" "Mozilla/5.0 AppleWebKit/537.36 (KHTML, like Gecko; compatible; ClaudeBot/1.0; +claudebot@anthropic.com)"
